{"id":1144,"date":"2025-08-22T12:59:14","date_gmt":"2025-08-22T10:59:14","guid":{"rendered":"https:\/\/shop24.dietz-ih.de\/?post_type=product&#038;p=1144"},"modified":"2026-01-19T12:56:45","modified_gmt":"2026-01-19T11:56:45","slug":"lego-one-piece-75639-das-piratenschiff-flying-lamb","status":"publish","type":"product","link":"https:\/\/shop24.dietz-ih.de\/?product=lego-one-piece-75639-das-piratenschiff-flying-lamb","title":{"rendered":"LEGO\u00ae One Piece 75639 Das Piratenschiff Flying Lamb"},"content":{"rendered":"<h3 data-start=\"216\" data-end=\"275\">LEGO\u00ae ONE PIECE 75639 Das Piratenschiff Flying Lamb<\/h3>\n<p data-start=\"277\" data-end=\"637\">Setze die Segel mit dem <strong data-start=\"301\" data-end=\"352\">LEGO\u00ae ONE PIECE 75639 Piratenschiff Flying Lamb<\/strong> \u2013 dem legend\u00e4ren Schiff der Strohhutpiraten! Dieses detailreiche <strong data-start=\"418\" data-end=\"442\">1.376-teilige Bauset<\/strong> ist ein absolutes Highlight f\u00fcr Fans der beliebten Netflix-Anime-Serie <strong data-start=\"514\" data-end=\"527\">ONE PIECE<\/strong> und bietet Kindern ab 10 Jahren sowie Sammlern jede Menge Bauspa\u00df, Spielm\u00f6glichkeiten und Ausstellungswert.<\/p>\n<p data-start=\"639\" data-end=\"1056\">Das liebevoll gestaltete Modell ist <strong data-start=\"675\" data-end=\"717\">34 cm hoch, 39 cm lang und 20 cm breit<\/strong> und begeistert mit realistischen Elementen wie Masten, Segeln, Ruder und der ikonischen <strong data-start=\"806\" data-end=\"828\">Schaf-Galionsfigur<\/strong> am Bug. Unter Deck verbergen sich verschiedene R\u00e4ume: die <strong data-start=\"887\" data-end=\"906\">Kabine der Crew<\/strong>, eine <strong data-start=\"913\" data-end=\"924\">Komb\u00fcse<\/strong>, ein <strong data-start=\"930\" data-end=\"943\">Lagerraum<\/strong> und eine <strong data-start=\"953\" data-end=\"966\">Werkstatt<\/strong>. So l\u00e4dt die Flying Lamb zu fantasievollen Rollenspielen und spannenden Abenteuern ein.<\/p>\n<p data-start=\"1058\" data-end=\"1142\">Besonders eindrucksvoll sind die <strong data-start=\"1091\" data-end=\"1139\">5 detailgetreuen LEGO\u00ae ONE PIECE Minifiguren<\/strong>:<\/p>\n<ul data-start=\"1143\" data-end=\"1477\">\n<li data-start=\"1143\" data-end=\"1219\">\n<p data-start=\"1145\" data-end=\"1219\"><strong data-start=\"1145\" data-end=\"1164\">Monkey D. Ruffy<\/strong> sitzt \u00fcber einer Kanone direkt auf der Galionsfigur.<\/p>\n<\/li>\n<li data-start=\"1220\" data-end=\"1266\">\n<p data-start=\"1222\" data-end=\"1266\"><strong data-start=\"1222\" data-end=\"1231\">Zorro<\/strong> entspannt und trainiert an Deck.<\/p>\n<\/li>\n<li data-start=\"1267\" data-end=\"1340\">\n<p data-start=\"1269\" data-end=\"1340\"><strong data-start=\"1269\" data-end=\"1277\">Nami<\/strong> steuert das Schiff und k\u00fcmmert sich um ihre Mandarinenb\u00e4ume.<\/p>\n<\/li>\n<li data-start=\"1341\" data-end=\"1420\">\n<p data-start=\"1343\" data-end=\"1420\"><strong data-start=\"1343\" data-end=\"1352\">Lysop<\/strong> klettert die Masten hinauf, um den Horizont im Blick zu behalten.<\/p>\n<\/li>\n<li data-start=\"1421\" data-end=\"1477\">\n<p data-start=\"1423\" data-end=\"1477\"><strong data-start=\"1423\" data-end=\"1432\">Sanji<\/strong> tr\u00e4gt T\u00f6pfe voller Speisen in die Komb\u00fcse.<\/p>\n<\/li>\n<\/ul>\n<p data-start=\"1479\" data-end=\"1741\">Zus\u00e4tzliche <strong data-start=\"1491\" data-end=\"1506\">Steckbriefe<\/strong> und kleine Extras runden das Set ab und machen es zum echten Sammlerst\u00fcck. Dank der <strong data-start=\"1591\" data-end=\"1612\">LEGO\u00ae Builder App<\/strong> k\u00f6nnen Kinder die Flying Lamb au\u00dferdem digital erleben \u2013 mit <strong data-start=\"1674\" data-end=\"1738\">3D-Ansichten, Zoomfunktionen und Baufortschritts-Speicherung<\/strong>.<\/p>\n<p data-start=\"1743\" data-end=\"1974\">Ob als <strong data-start=\"1750\" data-end=\"1770\">Anime-Fanartikel<\/strong>, als <strong data-start=\"1776\" data-end=\"1792\">Fantasy-Deko<\/strong> oder als kreatives Geschenk f\u00fcr Kinder und Jugendliche \u2013 die Flying Lamb ist das perfekte Set f\u00fcr alle, die die Welt von ONE PIECE lieben und mit LEGO\u00ae zum Leben erwecken m\u00f6chten.<\/p>\n<h4 data-start=\"1981\" data-end=\"1999\">Highlights:<\/h4>\n<ul data-start=\"2000\" data-end=\"2550\">\n<li data-start=\"2000\" data-end=\"2081\">\n<p data-start=\"2002\" data-end=\"2081\"><strong data-start=\"2002\" data-end=\"2017\">1.376 Teile<\/strong> \u2013 detailreiches Piratenschiff zum Bauen, Spielen &amp; Ausstellen<\/p>\n<\/li>\n<li data-start=\"2082\" data-end=\"2158\">\n<p data-start=\"2084\" data-end=\"2158\">Mit <strong data-start=\"2088\" data-end=\"2121\">5 LEGO\u00ae ONE PIECE Minifiguren<\/strong>: Ruffy, Zorro, Nami, Lysop &amp; Sanji<\/p>\n<\/li>\n<li data-start=\"2159\" data-end=\"2230\">\n<p data-start=\"2161\" data-end=\"2230\">Realistische Ausstattung: Masten, Segel, Schaf-Galionsfigur &amp; Ruder<\/p>\n<\/li>\n<li data-start=\"2231\" data-end=\"2289\">\n<p data-start=\"2233\" data-end=\"2289\">Innenr\u00e4ume: Crewkabine, Komb\u00fcse, Lagerraum &amp; Werkstatt<\/p>\n<\/li>\n<li data-start=\"2290\" data-end=\"2353\">\n<p data-start=\"2292\" data-end=\"2353\">Enth\u00e4lt <strong data-start=\"2300\" data-end=\"2315\">Steckbriefe<\/strong> und liebevolle Extras aus der Serie<\/p>\n<\/li>\n<li data-start=\"2354\" data-end=\"2403\">\n<p data-start=\"2356\" data-end=\"2403\">Ma\u00dfe: <strong data-start=\"2362\" data-end=\"2401\">34 cm hoch, 39 cm lang, 20 cm breit<\/strong><\/p>\n<\/li>\n<li data-start=\"2404\" data-end=\"2473\">\n<p data-start=\"2406\" data-end=\"2473\">Unterst\u00fctzt durch die <strong data-start=\"2428\" data-end=\"2449\">LEGO\u00ae Builder App<\/strong> mit 3D-Bauanleitungen<\/p>\n<\/li>\n<li data-start=\"2474\" data-end=\"2550\">\n<p data-start=\"2476\" data-end=\"2550\">Offizielles <strong data-start=\"2488\" data-end=\"2520\">LEGO\u00ae ONE PIECE Sammlerst\u00fcck<\/strong> f\u00fcr Anime-Fans ab 10 Jahren<\/p>\n<\/li>\n<\/ul>\n","protected":false},"excerpt":{"rendered":"<p>Segle mit der legend\u00e4ren <strong data-start=\"183\" data-end=\"198\">Flying Lamb<\/strong> in die Welt von <strong data-start=\"215\" data-end=\"228\">ONE PIECE<\/strong>! Mit diesem detailreichen <strong data-start=\"255\" data-end=\"282\">LEGO\u00ae Set (1.376 Teile)<\/strong> erweckst du das erste Schiff der Strohhutpiraten zum Leben. Entdecke liebevoll gestaltete R\u00e4ume wie die Crewkabine, Komb\u00fcse und Werkstatt und begleite <strong data-start=\"434\" data-end=\"473\">Ruffy, Zorro, Nami, Lysop und Sanji<\/strong> auf ihren Abenteuern. Authentische Details wie die Schaf-Galionsfigur, Masten und Segel machen die Flying Lamb zu einem echten Highlight f\u00fcr <strong data-start=\"615\" data-end=\"675\">Anime-Fans, Sammler und kreative Baumeister ab 10 Jahren<\/strong>. Ein unvergessliches Geschenk, das <strong data-start=\"711\" data-end=\"759\">Freude, Fantasie und die Magie von ONE PIECE<\/strong> vereint.<\/p>\n","protected":false},"featured_media":1145,"comment_status":"open","ping_status":"closed","template":"","meta":{"_coblocks_attr":"","_coblocks_dimensions":"","_coblocks_responsive_height":"","_coblocks_accordion_ie_support":"","_eb_attr":"","_uag_custom_page_level_css":""},"product_brand":[158],"product_cat":[15,416],"product_tag":[497,495,163,493,494,496],"class_list":{"0":"post-1144","1":"product","2":"type-product","3":"status-publish","4":"has-post-thumbnail","6":"product_brand-lego","7":"product_cat-lego","8":"product_cat-sale","9":"product_tag-497","10":"product_tag-flying-lamb","11":"product_tag-lego","12":"product_tag-legoonepiece","13":"product_tag-one-piece","14":"product_tag-piratenschiff","16":"first","17":"outofstock","18":"taxable","19":"shipping-taxable","20":"purchasable","21":"product-type-simple"},"yoast_head":"<!-- This site is optimized with the Yoast SEO plugin v27.4 - https:\/\/yoast.com\/product\/yoast-seo-wordpress\/ -->\n<title>LEGO\u00ae One Piece 75639 Das Piratenschiff Flying Lamb - Dietz-Internethandel<\/title>\n<meta name=\"description\" content=\"Entdecke das LEGO\u00ae One Piece 75639 Piratenschiff Flying Lamb! Detailreiches Set mit 5 Minifiguren. Perfekt als Geschenk &amp; Sammlerst\u00fcck ab 10 Jahren.\" \/>\n<meta name=\"robots\" content=\"index, follow, max-snippet:-1, max-image-preview:large, max-video-preview:-1\" \/>\n<link rel=\"canonical\" href=\"https:\/\/shop24.dietz-ih.de\/?product=lego-one-piece-75639-das-piratenschiff-flying-lamb\" \/>\n<meta property=\"og:locale\" content=\"de_DE\" \/>\n<meta property=\"og:type\" content=\"article\" \/>\n<meta property=\"og:title\" content=\"LEGO\u00ae One Piece 75639 Das Piratenschiff Flying Lamb - Dietz-Internethandel\" \/>\n<meta property=\"og:description\" content=\"Entdecke das LEGO\u00ae One Piece 75639 Piratenschiff Flying Lamb! Detailreiches Set mit 5 Minifiguren. Perfekt als Geschenk &amp; Sammlerst\u00fcck ab 10 Jahren.\" \/>\n<meta property=\"og:url\" content=\"https:\/\/shop24.dietz-ih.de\/?product=lego-one-piece-75639-das-piratenschiff-flying-lamb\" \/>\n<meta property=\"og:site_name\" content=\"Dietz-Internethandel\" \/>\n<meta property=\"article:publisher\" content=\"https:\/\/www.facebook.com\/profile.php?id=100081292915783\" \/>\n<meta property=\"article:modified_time\" content=\"2026-01-19T11:56:45+00:00\" \/>\n<meta property=\"og:image\" content=\"https:\/\/shop24.dietz-ih.de\/wp-content\/uploads\/2025\/08\/LEGO_75639_1_ergebnis.jpg\" \/>\n\t<meta property=\"og:image:width\" content=\"600\" \/>\n\t<meta property=\"og:image:height\" content=\"600\" \/>\n\t<meta property=\"og:image:type\" content=\"image\/jpeg\" \/>\n<meta name=\"twitter:card\" content=\"summary_large_image\" \/>\n<meta name=\"twitter:label1\" content=\"Gesch\u00e4tzte Lesezeit\" \/>\n\t<meta name=\"twitter:data1\" content=\"2\u00a0Minuten\" \/>\n<script type=\"application\/ld+json\" class=\"yoast-schema-graph\">{\"@context\":\"https:\\\/\\\/schema.org\",\"@graph\":[{\"@type\":\"WebPage\",\"@id\":\"https:\\\/\\\/shop24.dietz-ih.de\\\/?product=lego-one-piece-75639-das-piratenschiff-flying-lamb\",\"url\":\"https:\\\/\\\/shop24.dietz-ih.de\\\/?product=lego-one-piece-75639-das-piratenschiff-flying-lamb\",\"name\":\"LEGO\u00ae One Piece 75639 Das Piratenschiff Flying Lamb - Dietz-Internethandel\",\"isPartOf\":{\"@id\":\"https:\\\/\\\/shop24.dietz-ih.de\\\/#website\"},\"primaryImageOfPage\":{\"@id\":\"https:\\\/\\\/shop24.dietz-ih.de\\\/?product=lego-one-piece-75639-das-piratenschiff-flying-lamb#primaryimage\"},\"image\":{\"@id\":\"https:\\\/\\\/shop24.dietz-ih.de\\\/?product=lego-one-piece-75639-das-piratenschiff-flying-lamb#primaryimage\"},\"thumbnailUrl\":\"https:\\\/\\\/i0.wp.com\\\/shop24.dietz-ih.de\\\/wp-content\\\/uploads\\\/2025\\\/08\\\/LEGO_75639_1_ergebnis.jpg?fit=600%2C600&ssl=1\",\"datePublished\":\"2025-08-22T10:59:14+00:00\",\"dateModified\":\"2026-01-19T11:56:45+00:00\",\"description\":\"Entdecke das LEGO\u00ae One Piece 75639 Piratenschiff Flying Lamb! Detailreiches Set mit 5 Minifiguren. Perfekt als Geschenk & Sammlerst\u00fcck ab 10 Jahren.\",\"breadcrumb\":{\"@id\":\"https:\\\/\\\/shop24.dietz-ih.de\\\/?product=lego-one-piece-75639-das-piratenschiff-flying-lamb#breadcrumb\"},\"inLanguage\":\"de\",\"potentialAction\":[{\"@type\":\"ReadAction\",\"target\":[\"https:\\\/\\\/shop24.dietz-ih.de\\\/?product=lego-one-piece-75639-das-piratenschiff-flying-lamb\"]}]},{\"@type\":\"ImageObject\",\"inLanguage\":\"de\",\"@id\":\"https:\\\/\\\/shop24.dietz-ih.de\\\/?product=lego-one-piece-75639-das-piratenschiff-flying-lamb#primaryimage\",\"url\":\"https:\\\/\\\/i0.wp.com\\\/shop24.dietz-ih.de\\\/wp-content\\\/uploads\\\/2025\\\/08\\\/LEGO_75639_1_ergebnis.jpg?fit=600%2C600&ssl=1\",\"contentUrl\":\"https:\\\/\\\/i0.wp.com\\\/shop24.dietz-ih.de\\\/wp-content\\\/uploads\\\/2025\\\/08\\\/LEGO_75639_1_ergebnis.jpg?fit=600%2C600&ssl=1\",\"width\":600,\"height\":600},{\"@type\":\"BreadcrumbList\",\"@id\":\"https:\\\/\\\/shop24.dietz-ih.de\\\/?product=lego-one-piece-75639-das-piratenschiff-flying-lamb#breadcrumb\",\"itemListElement\":[{\"@type\":\"ListItem\",\"position\":1,\"name\":\"Startseite\",\"item\":\"https:\\\/\\\/shop24.dietz-ih.de\\\/\"},{\"@type\":\"ListItem\",\"position\":2,\"name\":\"Shop\",\"item\":\"https:\\\/\\\/shop24.dietz-ih.de\\\/?page_id=7\"},{\"@type\":\"ListItem\",\"position\":3,\"name\":\"LEGO\u00ae One Piece 75639 Das Piratenschiff Flying Lamb\"}]},{\"@type\":\"WebSite\",\"@id\":\"https:\\\/\\\/shop24.dietz-ih.de\\\/#website\",\"url\":\"https:\\\/\\\/shop24.dietz-ih.de\\\/\",\"name\":\"Dietz-Internethandel\",\"description\":\"\",\"publisher\":{\"@id\":\"https:\\\/\\\/shop24.dietz-ih.de\\\/#organization\"},\"potentialAction\":[{\"@type\":\"SearchAction\",\"target\":{\"@type\":\"EntryPoint\",\"urlTemplate\":\"https:\\\/\\\/shop24.dietz-ih.de\\\/?s={search_term_string}\"},\"query-input\":{\"@type\":\"PropertyValueSpecification\",\"valueRequired\":true,\"valueName\":\"search_term_string\"}}],\"inLanguage\":\"de\"},{\"@type\":\"Organization\",\"@id\":\"https:\\\/\\\/shop24.dietz-ih.de\\\/#organization\",\"name\":\"Dietz-Internethandel\",\"url\":\"https:\\\/\\\/shop24.dietz-ih.de\\\/\",\"logo\":{\"@type\":\"ImageObject\",\"inLanguage\":\"de\",\"@id\":\"https:\\\/\\\/shop24.dietz-ih.de\\\/#\\\/schema\\\/logo\\\/image\\\/\",\"url\":\"https:\\\/\\\/i0.wp.com\\\/shop24.dietz-ih.de\\\/wp-content\\\/uploads\\\/2025\\\/06\\\/Ein-Logo-fuer-einen-Onlineshop-mit-Spielzeug.-Der-Buchstabe-D-soll-drauf-sein.-Farblich_-Gruen-Warmgelb-und-Lachs.-Und-bitte-als-ausgeschnittene-Datei-Photoroom-2.png?fit=1120%2C1120&ssl=1\",\"contentUrl\":\"https:\\\/\\\/i0.wp.com\\\/shop24.dietz-ih.de\\\/wp-content\\\/uploads\\\/2025\\\/06\\\/Ein-Logo-fuer-einen-Onlineshop-mit-Spielzeug.-Der-Buchstabe-D-soll-drauf-sein.-Farblich_-Gruen-Warmgelb-und-Lachs.-Und-bitte-als-ausgeschnittene-Datei-Photoroom-2.png?fit=1120%2C1120&ssl=1\",\"width\":1120,\"height\":1120,\"caption\":\"Dietz-Internethandel\"},\"image\":{\"@id\":\"https:\\\/\\\/shop24.dietz-ih.de\\\/#\\\/schema\\\/logo\\\/image\\\/\"},\"sameAs\":[\"https:\\\/\\\/www.facebook.com\\\/profile.php?id=100081292915783\",\"https:\\\/\\\/www.instagram.com\\\/dietz_internethandel\\\/\"]}]}<\/script>\n<!-- \/ Yoast SEO plugin. -->","yoast_head_json":{"title":"LEGO\u00ae One Piece 75639 Das Piratenschiff Flying Lamb - Dietz-Internethandel","description":"Entdecke das LEGO\u00ae One Piece 75639 Piratenschiff Flying Lamb! Detailreiches Set mit 5 Minifiguren. Perfekt als Geschenk & Sammlerst\u00fcck ab 10 Jahren.","robots":{"index":"index","follow":"follow","max-snippet":"max-snippet:-1","max-image-preview":"max-image-preview:large","max-video-preview":"max-video-preview:-1"},"canonical":"https:\/\/shop24.dietz-ih.de\/?product=lego-one-piece-75639-das-piratenschiff-flying-lamb","og_locale":"de_DE","og_type":"article","og_title":"LEGO\u00ae One Piece 75639 Das Piratenschiff Flying Lamb - Dietz-Internethandel","og_description":"Entdecke das LEGO\u00ae One Piece 75639 Piratenschiff Flying Lamb! Detailreiches Set mit 5 Minifiguren. Perfekt als Geschenk & Sammlerst\u00fcck ab 10 Jahren.","og_url":"https:\/\/shop24.dietz-ih.de\/?product=lego-one-piece-75639-das-piratenschiff-flying-lamb","og_site_name":"Dietz-Internethandel","article_publisher":"https:\/\/www.facebook.com\/profile.php?id=100081292915783","article_modified_time":"2026-01-19T11:56:45+00:00","og_image":[{"width":600,"height":600,"url":"https:\/\/shop24.dietz-ih.de\/wp-content\/uploads\/2025\/08\/LEGO_75639_1_ergebnis.jpg","type":"image\/jpeg"}],"twitter_card":"summary_large_image","twitter_misc":{"Gesch\u00e4tzte Lesezeit":"2\u00a0Minuten"},"schema":{"@context":"https:\/\/schema.org","@graph":[{"@type":"WebPage","@id":"https:\/\/shop24.dietz-ih.de\/?product=lego-one-piece-75639-das-piratenschiff-flying-lamb","url":"https:\/\/shop24.dietz-ih.de\/?product=lego-one-piece-75639-das-piratenschiff-flying-lamb","name":"LEGO\u00ae One Piece 75639 Das Piratenschiff Flying Lamb - Dietz-Internethandel","isPartOf":{"@id":"https:\/\/shop24.dietz-ih.de\/#website"},"primaryImageOfPage":{"@id":"https:\/\/shop24.dietz-ih.de\/?product=lego-one-piece-75639-das-piratenschiff-flying-lamb#primaryimage"},"image":{"@id":"https:\/\/shop24.dietz-ih.de\/?product=lego-one-piece-75639-das-piratenschiff-flying-lamb#primaryimage"},"thumbnailUrl":"https:\/\/i0.wp.com\/shop24.dietz-ih.de\/wp-content\/uploads\/2025\/08\/LEGO_75639_1_ergebnis.jpg?fit=600%2C600&ssl=1","datePublished":"2025-08-22T10:59:14+00:00","dateModified":"2026-01-19T11:56:45+00:00","description":"Entdecke das LEGO\u00ae One Piece 75639 Piratenschiff Flying Lamb! Detailreiches Set mit 5 Minifiguren. Perfekt als Geschenk & Sammlerst\u00fcck ab 10 Jahren.","breadcrumb":{"@id":"https:\/\/shop24.dietz-ih.de\/?product=lego-one-piece-75639-das-piratenschiff-flying-lamb#breadcrumb"},"inLanguage":"de","potentialAction":[{"@type":"ReadAction","target":["https:\/\/shop24.dietz-ih.de\/?product=lego-one-piece-75639-das-piratenschiff-flying-lamb"]}]},{"@type":"ImageObject","inLanguage":"de","@id":"https:\/\/shop24.dietz-ih.de\/?product=lego-one-piece-75639-das-piratenschiff-flying-lamb#primaryimage","url":"https:\/\/i0.wp.com\/shop24.dietz-ih.de\/wp-content\/uploads\/2025\/08\/LEGO_75639_1_ergebnis.jpg?fit=600%2C600&ssl=1","contentUrl":"https:\/\/i0.wp.com\/shop24.dietz-ih.de\/wp-content\/uploads\/2025\/08\/LEGO_75639_1_ergebnis.jpg?fit=600%2C600&ssl=1","width":600,"height":600},{"@type":"BreadcrumbList","@id":"https:\/\/shop24.dietz-ih.de\/?product=lego-one-piece-75639-das-piratenschiff-flying-lamb#breadcrumb","itemListElement":[{"@type":"ListItem","position":1,"name":"Startseite","item":"https:\/\/shop24.dietz-ih.de\/"},{"@type":"ListItem","position":2,"name":"Shop","item":"https:\/\/shop24.dietz-ih.de\/?page_id=7"},{"@type":"ListItem","position":3,"name":"LEGO\u00ae One Piece 75639 Das Piratenschiff Flying Lamb"}]},{"@type":"WebSite","@id":"https:\/\/shop24.dietz-ih.de\/#website","url":"https:\/\/shop24.dietz-ih.de\/","name":"Dietz-Internethandel","description":"","publisher":{"@id":"https:\/\/shop24.dietz-ih.de\/#organization"},"potentialAction":[{"@type":"SearchAction","target":{"@type":"EntryPoint","urlTemplate":"https:\/\/shop24.dietz-ih.de\/?s={search_term_string}"},"query-input":{"@type":"PropertyValueSpecification","valueRequired":true,"valueName":"search_term_string"}}],"inLanguage":"de"},{"@type":"Organization","@id":"https:\/\/shop24.dietz-ih.de\/#organization","name":"Dietz-Internethandel","url":"https:\/\/shop24.dietz-ih.de\/","logo":{"@type":"ImageObject","inLanguage":"de","@id":"https:\/\/shop24.dietz-ih.de\/#\/schema\/logo\/image\/","url":"https:\/\/i0.wp.com\/shop24.dietz-ih.de\/wp-content\/uploads\/2025\/06\/Ein-Logo-fuer-einen-Onlineshop-mit-Spielzeug.-Der-Buchstabe-D-soll-drauf-sein.-Farblich_-Gruen-Warmgelb-und-Lachs.-Und-bitte-als-ausgeschnittene-Datei-Photoroom-2.png?fit=1120%2C1120&ssl=1","contentUrl":"https:\/\/i0.wp.com\/shop24.dietz-ih.de\/wp-content\/uploads\/2025\/06\/Ein-Logo-fuer-einen-Onlineshop-mit-Spielzeug.-Der-Buchstabe-D-soll-drauf-sein.-Farblich_-Gruen-Warmgelb-und-Lachs.-Und-bitte-als-ausgeschnittene-Datei-Photoroom-2.png?fit=1120%2C1120&ssl=1","width":1120,"height":1120,"caption":"Dietz-Internethandel"},"image":{"@id":"https:\/\/shop24.dietz-ih.de\/#\/schema\/logo\/image\/"},"sameAs":["https:\/\/www.facebook.com\/profile.php?id=100081292915783","https:\/\/www.instagram.com\/dietz_internethandel\/"]}]}},"uagb_featured_image_src":{"full":["https:\/\/i0.wp.com\/shop24.dietz-ih.de\/wp-content\/uploads\/2025\/08\/LEGO_75639_1_ergebnis.jpg?fit=600%2C600&ssl=1",600,600,false],"thumbnail":["https:\/\/i0.wp.com\/shop24.dietz-ih.de\/wp-content\/uploads\/2025\/08\/LEGO_75639_1_ergebnis.jpg?resize=150%2C150&ssl=1",150,150,true],"medium":["https:\/\/i0.wp.com\/shop24.dietz-ih.de\/wp-content\/uploads\/2025\/08\/LEGO_75639_1_ergebnis.jpg?fit=300%2C300&ssl=1",300,300,true],"medium_large":["https:\/\/i0.wp.com\/shop24.dietz-ih.de\/wp-content\/uploads\/2025\/08\/LEGO_75639_1_ergebnis.jpg?fit=600%2C600&ssl=1",600,600,true],"large":["https:\/\/i0.wp.com\/shop24.dietz-ih.de\/wp-content\/uploads\/2025\/08\/LEGO_75639_1_ergebnis.jpg?fit=600%2C600&ssl=1",600,600,true],"gs-tiny":["https:\/\/i0.wp.com\/shop24.dietz-ih.de\/wp-content\/uploads\/2025\/08\/LEGO_75639_1_ergebnis.jpg?fit=50%2C50&ssl=1",50,50,true],"xl":["https:\/\/i0.wp.com\/shop24.dietz-ih.de\/wp-content\/uploads\/2025\/08\/LEGO_75639_1_ergebnis.jpg?fit=600%2C600&ssl=1",600,600,true],"xxl":["https:\/\/i0.wp.com\/shop24.dietz-ih.de\/wp-content\/uploads\/2025\/08\/LEGO_75639_1_ergebnis.jpg?fit=600%2C600&ssl=1",600,600,true],"xxxl":["https:\/\/i0.wp.com\/shop24.dietz-ih.de\/wp-content\/uploads\/2025\/08\/LEGO_75639_1_ergebnis.jpg?fit=600%2C600&ssl=1",600,600,true],"xxxxl":["https:\/\/i0.wp.com\/shop24.dietz-ih.de\/wp-content\/uploads\/2025\/08\/LEGO_75639_1_ergebnis.jpg?fit=600%2C600&ssl=1",600,600,true],"xxxxxl":["https:\/\/i0.wp.com\/shop24.dietz-ih.de\/wp-content\/uploads\/2025\/08\/LEGO_75639_1_ergebnis.jpg?fit=600%2C600&ssl=1",600,600,true],"1536x1536":["https:\/\/i0.wp.com\/shop24.dietz-ih.de\/wp-content\/uploads\/2025\/08\/LEGO_75639_1_ergebnis.jpg?fit=600%2C600&ssl=1",600,600,true],"2048x2048":["https:\/\/i0.wp.com\/shop24.dietz-ih.de\/wp-content\/uploads\/2025\/08\/LEGO_75639_1_ergebnis.jpg?fit=600%2C600&ssl=1",600,600,true],"woocommerce_thumbnail":["https:\/\/i0.wp.com\/shop24.dietz-ih.de\/wp-content\/uploads\/2025\/08\/LEGO_75639_1_ergebnis.jpg?resize=600%2C600&ssl=1",600,600,true],"woocommerce_single":["https:\/\/i0.wp.com\/shop24.dietz-ih.de\/wp-content\/uploads\/2025\/08\/LEGO_75639_1_ergebnis.jpg?fit=600%2C600&ssl=1",600,600,true],"woocommerce_gallery_thumbnail":["https:\/\/i0.wp.com\/shop24.dietz-ih.de\/wp-content\/uploads\/2025\/08\/LEGO_75639_1_ergebnis.jpg?resize=100%2C100&ssl=1",100,100,true]},"uagb_author_info":{"display_name":"admin","author_link":"https:\/\/shop24.dietz-ih.de\/?author=0"},"uagb_comment_info":0,"uagb_excerpt":"Segle mit der legend\u00e4ren Flying Lamb in die Welt von ONE PIECE! Mit diesem detailreichen LEGO\u00ae Set (1.376 Teile) erweckst du das erste Schiff der Strohhutpiraten zum Leben. Entdecke liebevoll gestaltete R\u00e4ume wie die Crewkabine, Komb\u00fcse und Werkstatt und begleite Ruffy, Zorro, Nami, Lysop und Sanji auf ihren Abenteuern. Authentische Details wie die Schaf-Galionsfigur, Masten&hellip;","jetpack_sharing_enabled":true,"_links":{"self":[{"href":"https:\/\/shop24.dietz-ih.de\/index.php?rest_route=\/wp\/v2\/product\/1144","targetHints":{"allow":["GET"]}}],"collection":[{"href":"https:\/\/shop24.dietz-ih.de\/index.php?rest_route=\/wp\/v2\/product"}],"about":[{"href":"https:\/\/shop24.dietz-ih.de\/index.php?rest_route=\/wp\/v2\/types\/product"}],"replies":[{"embeddable":true,"href":"https:\/\/shop24.dietz-ih.de\/index.php?rest_route=%2Fwp%2Fv2%2Fcomments&post=1144"}],"wp:featuredmedia":[{"embeddable":true,"href":"https:\/\/shop24.dietz-ih.de\/index.php?rest_route=\/wp\/v2\/media\/1145"}],"wp:attachment":[{"href":"https:\/\/shop24.dietz-ih.de\/index.php?rest_route=%2Fwp%2Fv2%2Fmedia&parent=1144"}],"wp:term":[{"taxonomy":"product_brand","embeddable":true,"href":"https:\/\/shop24.dietz-ih.de\/index.php?rest_route=%2Fwp%2Fv2%2Fproduct_brand&post=1144"},{"taxonomy":"product_cat","embeddable":true,"href":"https:\/\/shop24.dietz-ih.de\/index.php?rest_route=%2Fwp%2Fv2%2Fproduct_cat&post=1144"},{"taxonomy":"product_tag","embeddable":true,"href":"https:\/\/shop24.dietz-ih.de\/index.php?rest_route=%2Fwp%2Fv2%2Fproduct_tag&post=1144"}],"curies":[{"name":"wp","href":"https:\/\/api.w.org\/{rel}","templated":true}]}}