{"id":511,"date":"2025-07-07T14:52:09","date_gmt":"2025-07-07T12:52:09","guid":{"rendered":"https:\/\/shop24.dietz-ih.de\/?post_type=product&#038;p=511"},"modified":"2026-01-19T13:51:13","modified_gmt":"2026-01-19T12:51:13","slug":"playmobil-novelmore-71642-arwynns-burg","status":"publish","type":"product","link":"https:\/\/shop24.dietz-ih.de\/?product=playmobil-novelmore-71642-arwynns-burg","title":{"rendered":"PLAYMOBIL Novelmore 71642 Arwynns Burg mit Zubeh\u00f6r"},"content":{"rendered":"<h2 data-start=\"97\" data-end=\"181\"><strong data-start=\"97\" data-end=\"181\">PLAYMOBIL Novelmore 71642 Arwynns Burg mit Zubeh\u00f6r \u2013 Fantasievolle Abenteuer in der Welt von Novelmore<\/strong><\/h2>\n<p data-start=\"183\" data-end=\"593\">Bereit f\u00fcr ein mutiges Ritterabenteuer? Mit <strong>PLAYMOBIL Novelmore 71642 Arwynns Burg mit Zubeh\u00f6r<\/strong> beginnt eine epische Reise durch die magische Welt von <strong data-start=\"313\" data-end=\"326\">Novelmore<\/strong>! Dieses gro\u00dfe und detailreich gestaltete Spielset l\u00e4dt Kinder ab 4 Jahren zum fantasievollen Spielen, Erfinden und Entdecken ein. Ob Verteidigung der Burg, die Suche nach dem Drachenstein oder geheime Fluchten \u2013 hier warten unz\u00e4hlige M\u00f6glichkeiten auf kleine Helden!<\/p>\n<h3 data-start=\"595\" data-end=\"623\"><strong data-start=\"599\" data-end=\"623\">Highlights des Sets:<\/strong><\/h3>\n<ul data-start=\"625\" data-end=\"1021\">\n<li data-start=\"625\" data-end=\"678\">\n<p data-start=\"627\" data-end=\"678\"><strong data-start=\"627\" data-end=\"651\">Zwei Drachen-Kanonen<\/strong> zum Schutz des Burgtores<\/p>\n<\/li>\n<li data-start=\"679\" data-end=\"779\">\n<p data-start=\"681\" data-end=\"779\"><strong data-start=\"681\" data-end=\"694\">Fallt\u00fcren<\/strong>, <strong data-start=\"696\" data-end=\"720\">einst\u00fcrzende Treppen<\/strong> und <strong data-start=\"725\" data-end=\"749\">herabfallende Steine<\/strong> f\u00fcr realistischen Spielspa\u00df<\/p>\n<\/li>\n<li data-start=\"780\" data-end=\"843\">\n<p data-start=\"782\" data-end=\"843\"><strong data-start=\"782\" data-end=\"815\">Verlies mit Fluchtm\u00f6glichkeit<\/strong> f\u00fcr spannende Geschichten<\/p>\n<\/li>\n<li data-start=\"844\" data-end=\"910\">\n<p data-start=\"846\" data-end=\"910\"><strong data-start=\"846\" data-end=\"863\">Bergbau-H\u00f6hle<\/strong> mit Gold und dem sagenumwobenen Drachenstein<\/p>\n<\/li>\n<li data-start=\"911\" data-end=\"958\">\n<p data-start=\"913\" data-end=\"958\"><strong data-start=\"913\" data-end=\"940\">Waffenmeister-Werkstatt<\/strong> im Fachwerkhaus<\/p>\n<\/li>\n<li data-start=\"959\" data-end=\"1021\">\n<p data-start=\"961\" data-end=\"1021\"><strong data-start=\"961\" data-end=\"995\">Viele Figuren und Zubeh\u00f6rteile<\/strong> f\u00fcr kreative Rollenspiele<\/p>\n<\/li>\n<\/ul>\n<p data-start=\"1023\" data-end=\"1342\">Die m\u00e4chtige Burg ist das Zuhause von <strong data-start=\"1061\" data-end=\"1077\">Prinz Arwynn<\/strong>, dem mutigen Herrscher \u00fcber Novelmore. Zusammen mit seinen Gef\u00e4hrten verteidigt er das K\u00f6nigreich gegen die gef\u00fcrchteten <strong data-start=\"1199\" data-end=\"1218\">Burnham Raiders<\/strong>. Durch raffinierte Verteidigungsmechanismen wie Fallt\u00fcren oder einst\u00fcrzende Treppen wird jeder Angriff zur Herausforderung!<\/p>\n<p data-start=\"1344\" data-end=\"1571\">In der <strong data-start=\"1351\" data-end=\"1384\">Geheimh\u00f6hle neben dem Verlies<\/strong> wird flei\u00dfig nach Gold gesch\u00fcrft \u2013 und tief im Fels verbirgt sich der <strong data-start=\"1455\" data-end=\"1480\">magische Drachenstein<\/strong>, \u00fcber den so viele Legenden kursieren. Ein echtes Abenteuer f\u00fcr alle kleinen Schatzsucher!<\/p>\n<p data-start=\"1573\" data-end=\"1844\">Im oberen Bereich der Burg befindet sich ein <strong data-start=\"1618\" data-end=\"1642\">kleines Fachwerkhaus<\/strong>, in dem der Waffenmeister neue Erfindungen schmiedet. Seine genialen Konstruktionen helfen, die Burg noch besser zu sch\u00fctzen. So wird jedes Spiel zu einem neuen Kapitel in der Geschichte von Novelmore.<\/p>\n<h3 data-start=\"1846\" data-end=\"1889\"><strong data-start=\"1850\" data-end=\"1889\">F\u00f6rdert Kreativit\u00e4t und Feinmotorik<\/strong><\/h3>\n<p data-start=\"1891\" data-end=\"2148\">PLAYMOBIL Sets wie Arwynns Burg f\u00f6rdern auf spielerische Weise die <strong data-start=\"1958\" data-end=\"1973\">Kreativit\u00e4t<\/strong>, <strong data-start=\"1975\" data-end=\"1990\">Feinmotorik<\/strong> und das <strong data-start=\"1999\" data-end=\"2022\">soziale Miteinander<\/strong>. Kinder entwickeln eigene Geschichten, tauchen in neue Welten ein und erleben gemeinsam mit Freunden stundenlangen Spielspa\u00df.<\/p>\n<h3 data-start=\"2155\" data-end=\"2200\"><strong data-start=\"2159\" data-end=\"2200\">Produktinformationen auf einen Blick:<\/strong><\/h3>\n<ul data-start=\"2202\" data-end=\"2464\">\n<li data-start=\"2202\" data-end=\"2249\">\n<p data-start=\"2204\" data-end=\"2249\">Artikel: <strong data-start=\"2213\" data-end=\"2247\">PLAYMOBIL 71642 \u2013 Arwynns Burg<\/strong><\/p>\n<\/li>\n<li data-start=\"2250\" data-end=\"2279\">\n<p data-start=\"2252\" data-end=\"2279\">Themenwelt: <strong data-start=\"2264\" data-end=\"2277\">Novelmore<\/strong><\/p>\n<\/li>\n<li data-start=\"2280\" data-end=\"2319\">\n<p data-start=\"2282\" data-end=\"2319\">Geeignet f\u00fcr Kinder ab <strong data-start=\"2305\" data-end=\"2317\">4 Jahren<\/strong><\/p>\n<\/li>\n<li data-start=\"2320\" data-end=\"2375\">\n<p data-start=\"2322\" data-end=\"2375\">Umfangreiches Zubeh\u00f6r f\u00fcr realistische Rollenspiele<\/p>\n<\/li>\n<li data-start=\"2376\" data-end=\"2419\">\n<p data-start=\"2378\" data-end=\"2419\">Hochwertige, detailgetreue Verarbeitung<\/p>\n<\/li>\n<li data-start=\"2420\" data-end=\"2464\">\n<p data-start=\"2422\" data-end=\"2464\">Perfektes Geschenk f\u00fcr kleine Ritterfans<\/p>\n<\/li>\n<\/ul>\n<p data-start=\"2471\" data-end=\"2607\"><strong data-start=\"2471\" data-end=\"2607\">Jetzt Arwynns Burg entdecken und in die spannende Welt von Novelmore eintauchen \u2013 voller Magie, Mut und mittelalterlicher Abenteuer!<\/strong><\/p>\n","protected":false},"excerpt":{"rendered":"<p>Gro\u00dfe Ritterburg mit raffinierten Verteidigungsfunktionen, Drachen-Kanonen, geheimem Fluchttunnel und vielen Accessoires. Inklusive Figuren, Fachwerkhaus, Schatzh\u00f6hle und kreativen Extras f\u00fcr spannende Rollenspiele.<br data-start=\"344\" data-end=\"347\" \/><strong data-start=\"347\" data-end=\"374\">F\u00fcr Kinder ab 4 Jahren.<\/strong><\/p>\n","protected":false},"featured_media":537,"comment_status":"open","ping_status":"closed","template":"","meta":{"_coblocks_attr":"","_coblocks_dimensions":"","_coblocks_responsive_height":"","_coblocks_accordion_ie_support":"","_eb_attr":"","_uag_custom_page_level_css":""},"product_brand":[116],"product_cat":[27],"product_tag":[137,138,139,136,118],"class_list":{"0":"post-511","1":"product","2":"type-product","3":"status-publish","4":"has-post-thumbnail","6":"product_brand-playmobil","7":"product_cat-playmobil","8":"product_tag-137","9":"product_tag-arwynns","10":"product_tag-burg","11":"product_tag-novelmore","12":"product_tag-playmobil","14":"first","15":"outofstock","16":"taxable","17":"shipping-taxable","18":"purchasable","19":"product-type-simple"},"yoast_head":"<!-- This site is optimized with the Yoast SEO plugin v27.4 - https:\/\/yoast.com\/product\/yoast-seo-wordpress\/ -->\n<title>PLAYMOBIL Novelmore 71642 Arwynns Burg mit Zubeh\u00f6r - Dietz-Internethandel<\/title>\n<meta name=\"description\" content=\"Erlebe spannende Ritterabenteuer mit PLAYMOBIL Novelmore 71642 Arwynns Burg mit Zubeh\u00f6r f\u00fcr Kinder ab 4 Jahren. Mit Fallt\u00fcren, Geheimverstecken &amp; Zubeh\u00f6r.\" \/>\n<meta name=\"robots\" content=\"index, follow, max-snippet:-1, max-image-preview:large, max-video-preview:-1\" \/>\n<link rel=\"canonical\" href=\"https:\/\/shop24.dietz-ih.de\/?product=playmobil-novelmore-71642-arwynns-burg\" \/>\n<meta property=\"og:locale\" content=\"de_DE\" \/>\n<meta property=\"og:type\" content=\"article\" \/>\n<meta property=\"og:title\" content=\"PLAYMOBIL Novelmore 71642 Arwynns Burg mit Zubeh\u00f6r - Dietz-Internethandel\" \/>\n<meta property=\"og:description\" content=\"Erlebe spannende Ritterabenteuer mit PLAYMOBIL Novelmore 71642 Arwynns Burg mit Zubeh\u00f6r f\u00fcr Kinder ab 4 Jahren. Mit Fallt\u00fcren, Geheimverstecken &amp; Zubeh\u00f6r.\" \/>\n<meta property=\"og:url\" content=\"https:\/\/shop24.dietz-ih.de\/?product=playmobil-novelmore-71642-arwynns-burg\" \/>\n<meta property=\"og:site_name\" content=\"Dietz-Internethandel\" \/>\n<meta property=\"article:publisher\" content=\"https:\/\/www.facebook.com\/profile.php?id=100081292915783\" \/>\n<meta property=\"article:modified_time\" content=\"2026-01-19T12:51:13+00:00\" \/>\n<meta property=\"og:image\" content=\"https:\/\/shop24.dietz-ih.de\/wp-content\/uploads\/2025\/07\/playmobil5-1_ergebnis_ergebnis.webp\" \/>\n\t<meta property=\"og:image:width\" content=\"600\" \/>\n\t<meta property=\"og:image:height\" content=\"600\" \/>\n\t<meta property=\"og:image:type\" content=\"image\/webp\" \/>\n<meta name=\"twitter:card\" content=\"summary_large_image\" \/>\n<meta name=\"twitter:label1\" content=\"Gesch\u00e4tzte Lesezeit\" \/>\n\t<meta name=\"twitter:data1\" content=\"2\u00a0Minuten\" \/>\n<script type=\"application\/ld+json\" class=\"yoast-schema-graph\">{\"@context\":\"https:\\\/\\\/schema.org\",\"@graph\":[{\"@type\":\"WebPage\",\"@id\":\"https:\\\/\\\/shop24.dietz-ih.de\\\/?product=playmobil-novelmore-71642-arwynns-burg\",\"url\":\"https:\\\/\\\/shop24.dietz-ih.de\\\/?product=playmobil-novelmore-71642-arwynns-burg\",\"name\":\"PLAYMOBIL Novelmore 71642 Arwynns Burg mit Zubeh\u00f6r - Dietz-Internethandel\",\"isPartOf\":{\"@id\":\"https:\\\/\\\/shop24.dietz-ih.de\\\/#website\"},\"primaryImageOfPage\":{\"@id\":\"https:\\\/\\\/shop24.dietz-ih.de\\\/?product=playmobil-novelmore-71642-arwynns-burg#primaryimage\"},\"image\":{\"@id\":\"https:\\\/\\\/shop24.dietz-ih.de\\\/?product=playmobil-novelmore-71642-arwynns-burg#primaryimage\"},\"thumbnailUrl\":\"https:\\\/\\\/i0.wp.com\\\/shop24.dietz-ih.de\\\/wp-content\\\/uploads\\\/2025\\\/07\\\/playmobil5-1_ergebnis_ergebnis.webp?fit=600%2C600&ssl=1\",\"datePublished\":\"2025-07-07T12:52:09+00:00\",\"dateModified\":\"2026-01-19T12:51:13+00:00\",\"description\":\"Erlebe spannende Ritterabenteuer mit PLAYMOBIL Novelmore 71642 Arwynns Burg mit Zubeh\u00f6r f\u00fcr Kinder ab 4 Jahren. Mit Fallt\u00fcren, Geheimverstecken & Zubeh\u00f6r.\",\"breadcrumb\":{\"@id\":\"https:\\\/\\\/shop24.dietz-ih.de\\\/?product=playmobil-novelmore-71642-arwynns-burg#breadcrumb\"},\"inLanguage\":\"de\",\"potentialAction\":[{\"@type\":\"ReadAction\",\"target\":[\"https:\\\/\\\/shop24.dietz-ih.de\\\/?product=playmobil-novelmore-71642-arwynns-burg\"]}]},{\"@type\":\"ImageObject\",\"inLanguage\":\"de\",\"@id\":\"https:\\\/\\\/shop24.dietz-ih.de\\\/?product=playmobil-novelmore-71642-arwynns-burg#primaryimage\",\"url\":\"https:\\\/\\\/i0.wp.com\\\/shop24.dietz-ih.de\\\/wp-content\\\/uploads\\\/2025\\\/07\\\/playmobil5-1_ergebnis_ergebnis.webp?fit=600%2C600&ssl=1\",\"contentUrl\":\"https:\\\/\\\/i0.wp.com\\\/shop24.dietz-ih.de\\\/wp-content\\\/uploads\\\/2025\\\/07\\\/playmobil5-1_ergebnis_ergebnis.webp?fit=600%2C600&ssl=1\",\"width\":600,\"height\":600},{\"@type\":\"BreadcrumbList\",\"@id\":\"https:\\\/\\\/shop24.dietz-ih.de\\\/?product=playmobil-novelmore-71642-arwynns-burg#breadcrumb\",\"itemListElement\":[{\"@type\":\"ListItem\",\"position\":1,\"name\":\"Startseite\",\"item\":\"https:\\\/\\\/shop24.dietz-ih.de\\\/\"},{\"@type\":\"ListItem\",\"position\":2,\"name\":\"Shop\",\"item\":\"https:\\\/\\\/shop24.dietz-ih.de\\\/?page_id=7\"},{\"@type\":\"ListItem\",\"position\":3,\"name\":\"PLAYMOBIL Novelmore 71642 Arwynns Burg mit Zubeh\u00f6r\"}]},{\"@type\":\"WebSite\",\"@id\":\"https:\\\/\\\/shop24.dietz-ih.de\\\/#website\",\"url\":\"https:\\\/\\\/shop24.dietz-ih.de\\\/\",\"name\":\"Dietz-Internethandel\",\"description\":\"\",\"publisher\":{\"@id\":\"https:\\\/\\\/shop24.dietz-ih.de\\\/#organization\"},\"potentialAction\":[{\"@type\":\"SearchAction\",\"target\":{\"@type\":\"EntryPoint\",\"urlTemplate\":\"https:\\\/\\\/shop24.dietz-ih.de\\\/?s={search_term_string}\"},\"query-input\":{\"@type\":\"PropertyValueSpecification\",\"valueRequired\":true,\"valueName\":\"search_term_string\"}}],\"inLanguage\":\"de\"},{\"@type\":\"Organization\",\"@id\":\"https:\\\/\\\/shop24.dietz-ih.de\\\/#organization\",\"name\":\"Dietz-Internethandel\",\"url\":\"https:\\\/\\\/shop24.dietz-ih.de\\\/\",\"logo\":{\"@type\":\"ImageObject\",\"inLanguage\":\"de\",\"@id\":\"https:\\\/\\\/shop24.dietz-ih.de\\\/#\\\/schema\\\/logo\\\/image\\\/\",\"url\":\"https:\\\/\\\/i0.wp.com\\\/shop24.dietz-ih.de\\\/wp-content\\\/uploads\\\/2025\\\/06\\\/Ein-Logo-fuer-einen-Onlineshop-mit-Spielzeug.-Der-Buchstabe-D-soll-drauf-sein.-Farblich_-Gruen-Warmgelb-und-Lachs.-Und-bitte-als-ausgeschnittene-Datei-Photoroom-2.png?fit=1120%2C1120&ssl=1\",\"contentUrl\":\"https:\\\/\\\/i0.wp.com\\\/shop24.dietz-ih.de\\\/wp-content\\\/uploads\\\/2025\\\/06\\\/Ein-Logo-fuer-einen-Onlineshop-mit-Spielzeug.-Der-Buchstabe-D-soll-drauf-sein.-Farblich_-Gruen-Warmgelb-und-Lachs.-Und-bitte-als-ausgeschnittene-Datei-Photoroom-2.png?fit=1120%2C1120&ssl=1\",\"width\":1120,\"height\":1120,\"caption\":\"Dietz-Internethandel\"},\"image\":{\"@id\":\"https:\\\/\\\/shop24.dietz-ih.de\\\/#\\\/schema\\\/logo\\\/image\\\/\"},\"sameAs\":[\"https:\\\/\\\/www.facebook.com\\\/profile.php?id=100081292915783\",\"https:\\\/\\\/www.instagram.com\\\/dietz_internethandel\\\/\"]}]}<\/script>\n<!-- \/ Yoast SEO plugin. -->","yoast_head_json":{"title":"PLAYMOBIL Novelmore 71642 Arwynns Burg mit Zubeh\u00f6r - Dietz-Internethandel","description":"Erlebe spannende Ritterabenteuer mit PLAYMOBIL Novelmore 71642 Arwynns Burg mit Zubeh\u00f6r f\u00fcr Kinder ab 4 Jahren. Mit Fallt\u00fcren, Geheimverstecken & Zubeh\u00f6r.","robots":{"index":"index","follow":"follow","max-snippet":"max-snippet:-1","max-image-preview":"max-image-preview:large","max-video-preview":"max-video-preview:-1"},"canonical":"https:\/\/shop24.dietz-ih.de\/?product=playmobil-novelmore-71642-arwynns-burg","og_locale":"de_DE","og_type":"article","og_title":"PLAYMOBIL Novelmore 71642 Arwynns Burg mit Zubeh\u00f6r - Dietz-Internethandel","og_description":"Erlebe spannende Ritterabenteuer mit PLAYMOBIL Novelmore 71642 Arwynns Burg mit Zubeh\u00f6r f\u00fcr Kinder ab 4 Jahren. Mit Fallt\u00fcren, Geheimverstecken & Zubeh\u00f6r.","og_url":"https:\/\/shop24.dietz-ih.de\/?product=playmobil-novelmore-71642-arwynns-burg","og_site_name":"Dietz-Internethandel","article_publisher":"https:\/\/www.facebook.com\/profile.php?id=100081292915783","article_modified_time":"2026-01-19T12:51:13+00:00","og_image":[{"width":600,"height":600,"url":"https:\/\/shop24.dietz-ih.de\/wp-content\/uploads\/2025\/07\/playmobil5-1_ergebnis_ergebnis.webp","type":"image\/webp"}],"twitter_card":"summary_large_image","twitter_misc":{"Gesch\u00e4tzte Lesezeit":"2\u00a0Minuten"},"schema":{"@context":"https:\/\/schema.org","@graph":[{"@type":"WebPage","@id":"https:\/\/shop24.dietz-ih.de\/?product=playmobil-novelmore-71642-arwynns-burg","url":"https:\/\/shop24.dietz-ih.de\/?product=playmobil-novelmore-71642-arwynns-burg","name":"PLAYMOBIL Novelmore 71642 Arwynns Burg mit Zubeh\u00f6r - Dietz-Internethandel","isPartOf":{"@id":"https:\/\/shop24.dietz-ih.de\/#website"},"primaryImageOfPage":{"@id":"https:\/\/shop24.dietz-ih.de\/?product=playmobil-novelmore-71642-arwynns-burg#primaryimage"},"image":{"@id":"https:\/\/shop24.dietz-ih.de\/?product=playmobil-novelmore-71642-arwynns-burg#primaryimage"},"thumbnailUrl":"https:\/\/i0.wp.com\/shop24.dietz-ih.de\/wp-content\/uploads\/2025\/07\/playmobil5-1_ergebnis_ergebnis.webp?fit=600%2C600&ssl=1","datePublished":"2025-07-07T12:52:09+00:00","dateModified":"2026-01-19T12:51:13+00:00","description":"Erlebe spannende Ritterabenteuer mit PLAYMOBIL Novelmore 71642 Arwynns Burg mit Zubeh\u00f6r f\u00fcr Kinder ab 4 Jahren. Mit Fallt\u00fcren, Geheimverstecken & Zubeh\u00f6r.","breadcrumb":{"@id":"https:\/\/shop24.dietz-ih.de\/?product=playmobil-novelmore-71642-arwynns-burg#breadcrumb"},"inLanguage":"de","potentialAction":[{"@type":"ReadAction","target":["https:\/\/shop24.dietz-ih.de\/?product=playmobil-novelmore-71642-arwynns-burg"]}]},{"@type":"ImageObject","inLanguage":"de","@id":"https:\/\/shop24.dietz-ih.de\/?product=playmobil-novelmore-71642-arwynns-burg#primaryimage","url":"https:\/\/i0.wp.com\/shop24.dietz-ih.de\/wp-content\/uploads\/2025\/07\/playmobil5-1_ergebnis_ergebnis.webp?fit=600%2C600&ssl=1","contentUrl":"https:\/\/i0.wp.com\/shop24.dietz-ih.de\/wp-content\/uploads\/2025\/07\/playmobil5-1_ergebnis_ergebnis.webp?fit=600%2C600&ssl=1","width":600,"height":600},{"@type":"BreadcrumbList","@id":"https:\/\/shop24.dietz-ih.de\/?product=playmobil-novelmore-71642-arwynns-burg#breadcrumb","itemListElement":[{"@type":"ListItem","position":1,"name":"Startseite","item":"https:\/\/shop24.dietz-ih.de\/"},{"@type":"ListItem","position":2,"name":"Shop","item":"https:\/\/shop24.dietz-ih.de\/?page_id=7"},{"@type":"ListItem","position":3,"name":"PLAYMOBIL Novelmore 71642 Arwynns Burg mit Zubeh\u00f6r"}]},{"@type":"WebSite","@id":"https:\/\/shop24.dietz-ih.de\/#website","url":"https:\/\/shop24.dietz-ih.de\/","name":"Dietz-Internethandel","description":"","publisher":{"@id":"https:\/\/shop24.dietz-ih.de\/#organization"},"potentialAction":[{"@type":"SearchAction","target":{"@type":"EntryPoint","urlTemplate":"https:\/\/shop24.dietz-ih.de\/?s={search_term_string}"},"query-input":{"@type":"PropertyValueSpecification","valueRequired":true,"valueName":"search_term_string"}}],"inLanguage":"de"},{"@type":"Organization","@id":"https:\/\/shop24.dietz-ih.de\/#organization","name":"Dietz-Internethandel","url":"https:\/\/shop24.dietz-ih.de\/","logo":{"@type":"ImageObject","inLanguage":"de","@id":"https:\/\/shop24.dietz-ih.de\/#\/schema\/logo\/image\/","url":"https:\/\/i0.wp.com\/shop24.dietz-ih.de\/wp-content\/uploads\/2025\/06\/Ein-Logo-fuer-einen-Onlineshop-mit-Spielzeug.-Der-Buchstabe-D-soll-drauf-sein.-Farblich_-Gruen-Warmgelb-und-Lachs.-Und-bitte-als-ausgeschnittene-Datei-Photoroom-2.png?fit=1120%2C1120&ssl=1","contentUrl":"https:\/\/i0.wp.com\/shop24.dietz-ih.de\/wp-content\/uploads\/2025\/06\/Ein-Logo-fuer-einen-Onlineshop-mit-Spielzeug.-Der-Buchstabe-D-soll-drauf-sein.-Farblich_-Gruen-Warmgelb-und-Lachs.-Und-bitte-als-ausgeschnittene-Datei-Photoroom-2.png?fit=1120%2C1120&ssl=1","width":1120,"height":1120,"caption":"Dietz-Internethandel"},"image":{"@id":"https:\/\/shop24.dietz-ih.de\/#\/schema\/logo\/image\/"},"sameAs":["https:\/\/www.facebook.com\/profile.php?id=100081292915783","https:\/\/www.instagram.com\/dietz_internethandel\/"]}]}},"uagb_featured_image_src":{"full":["https:\/\/i0.wp.com\/shop24.dietz-ih.de\/wp-content\/uploads\/2025\/07\/playmobil5-1_ergebnis_ergebnis.webp?fit=600%2C600&ssl=1",600,600,false],"thumbnail":["https:\/\/i0.wp.com\/shop24.dietz-ih.de\/wp-content\/uploads\/2025\/07\/playmobil5-1_ergebnis_ergebnis.webp?resize=150%2C150&ssl=1",150,150,true],"medium":["https:\/\/i0.wp.com\/shop24.dietz-ih.de\/wp-content\/uploads\/2025\/07\/playmobil5-1_ergebnis_ergebnis.webp?fit=300%2C300&ssl=1",300,300,true],"medium_large":["https:\/\/i0.wp.com\/shop24.dietz-ih.de\/wp-content\/uploads\/2025\/07\/playmobil5-1_ergebnis_ergebnis.webp?fit=600%2C600&ssl=1",600,600,true],"large":["https:\/\/i0.wp.com\/shop24.dietz-ih.de\/wp-content\/uploads\/2025\/07\/playmobil5-1_ergebnis_ergebnis.webp?fit=600%2C600&ssl=1",600,600,true],"gs-tiny":["https:\/\/i0.wp.com\/shop24.dietz-ih.de\/wp-content\/uploads\/2025\/07\/playmobil5-1_ergebnis_ergebnis.webp?fit=50%2C50&ssl=1",50,50,true],"xl":["https:\/\/i0.wp.com\/shop24.dietz-ih.de\/wp-content\/uploads\/2025\/07\/playmobil5-1_ergebnis_ergebnis.webp?fit=600%2C600&ssl=1",600,600,true],"xxl":["https:\/\/i0.wp.com\/shop24.dietz-ih.de\/wp-content\/uploads\/2025\/07\/playmobil5-1_ergebnis_ergebnis.webp?fit=600%2C600&ssl=1",600,600,true],"xxxl":["https:\/\/i0.wp.com\/shop24.dietz-ih.de\/wp-content\/uploads\/2025\/07\/playmobil5-1_ergebnis_ergebnis.webp?fit=600%2C600&ssl=1",600,600,true],"xxxxl":["https:\/\/i0.wp.com\/shop24.dietz-ih.de\/wp-content\/uploads\/2025\/07\/playmobil5-1_ergebnis_ergebnis.webp?fit=600%2C600&ssl=1",600,600,true],"xxxxxl":["https:\/\/i0.wp.com\/shop24.dietz-ih.de\/wp-content\/uploads\/2025\/07\/playmobil5-1_ergebnis_ergebnis.webp?fit=600%2C600&ssl=1",600,600,true],"1536x1536":["https:\/\/i0.wp.com\/shop24.dietz-ih.de\/wp-content\/uploads\/2025\/07\/playmobil5-1_ergebnis_ergebnis.webp?fit=600%2C600&ssl=1",600,600,true],"2048x2048":["https:\/\/i0.wp.com\/shop24.dietz-ih.de\/wp-content\/uploads\/2025\/07\/playmobil5-1_ergebnis_ergebnis.webp?fit=600%2C600&ssl=1",600,600,true],"woocommerce_thumbnail":["https:\/\/i0.wp.com\/shop24.dietz-ih.de\/wp-content\/uploads\/2025\/07\/playmobil5-1_ergebnis_ergebnis.webp?resize=600%2C600&ssl=1",600,600,true],"woocommerce_single":["https:\/\/i0.wp.com\/shop24.dietz-ih.de\/wp-content\/uploads\/2025\/07\/playmobil5-1_ergebnis_ergebnis.webp?fit=600%2C600&ssl=1",600,600,true],"woocommerce_gallery_thumbnail":["https:\/\/i0.wp.com\/shop24.dietz-ih.de\/wp-content\/uploads\/2025\/07\/playmobil5-1_ergebnis_ergebnis.webp?resize=100%2C100&ssl=1",100,100,true]},"uagb_author_info":{"display_name":"admin","author_link":"https:\/\/shop24.dietz-ih.de\/?author=0"},"uagb_comment_info":0,"uagb_excerpt":"Gro\u00dfe Ritterburg mit raffinierten Verteidigungsfunktionen, Drachen-Kanonen, geheimem Fluchttunnel und vielen Accessoires. Inklusive Figuren, Fachwerkhaus, Schatzh\u00f6hle und kreativen Extras f\u00fcr spannende Rollenspiele.F\u00fcr Kinder ab 4 Jahren.","jetpack_sharing_enabled":true,"_links":{"self":[{"href":"https:\/\/shop24.dietz-ih.de\/index.php?rest_route=\/wp\/v2\/product\/511","targetHints":{"allow":["GET"]}}],"collection":[{"href":"https:\/\/shop24.dietz-ih.de\/index.php?rest_route=\/wp\/v2\/product"}],"about":[{"href":"https:\/\/shop24.dietz-ih.de\/index.php?rest_route=\/wp\/v2\/types\/product"}],"replies":[{"embeddable":true,"href":"https:\/\/shop24.dietz-ih.de\/index.php?rest_route=%2Fwp%2Fv2%2Fcomments&post=511"}],"wp:featuredmedia":[{"embeddable":true,"href":"https:\/\/shop24.dietz-ih.de\/index.php?rest_route=\/wp\/v2\/media\/537"}],"wp:attachment":[{"href":"https:\/\/shop24.dietz-ih.de\/index.php?rest_route=%2Fwp%2Fv2%2Fmedia&parent=511"}],"wp:term":[{"taxonomy":"product_brand","embeddable":true,"href":"https:\/\/shop24.dietz-ih.de\/index.php?rest_route=%2Fwp%2Fv2%2Fproduct_brand&post=511"},{"taxonomy":"product_cat","embeddable":true,"href":"https:\/\/shop24.dietz-ih.de\/index.php?rest_route=%2Fwp%2Fv2%2Fproduct_cat&post=511"},{"taxonomy":"product_tag","embeddable":true,"href":"https:\/\/shop24.dietz-ih.de\/index.php?rest_route=%2Fwp%2Fv2%2Fproduct_tag&post=511"}],"curies":[{"name":"wp","href":"https:\/\/api.w.org\/{rel}","templated":true}]}}