{"id":519,"date":"2025-07-08T12:05:08","date_gmt":"2025-07-08T10:05:08","guid":{"rendered":"https:\/\/shop24.dietz-ih.de\/?post_type=product&#038;p=519"},"modified":"2026-01-19T13:51:00","modified_gmt":"2026-01-19T12:51:00","slug":"schleich-horse-club-42619-pferdetransporter","status":"publish","type":"product","link":"https:\/\/shop24.dietz-ih.de\/?product=schleich-horse-club-42619-pferdetransporter","title":{"rendered":"schleich HORSE CLUB 42619 Pferdetransporter mit Zubeh\u00f6r"},"content":{"rendered":"<h2 data-start=\"143\" data-end=\"232\"><span style=\"font-family: Nunito;\">schleich HORSE CLUB 42619 Pferdetransporter mit Zubeh\u00f6r<\/span><\/h2>\n<p data-start=\"143\" data-end=\"232\">Voll ausgestattet f\u00fcr Pferdefans \u2013 mit<strong data-start=\"143\" data-end=\"232\"> schleich HORSE CLUB 42619 Pferdetransporter mit Zubeh\u00f6r\u00a0 <\/strong>der gro\u00dfe<strong data-start=\"143\" data-end=\"232\"> Pferdetransporter mit Wohnmobil-Feeling!\u00a0 \u00a0 \u00a0 \u00a0 \u00a0 \u00a0 \u00a0 \u00a0 \u00a0 \u00a0 \u00a0 \u00a0 \u00a0 \u00a0 \u00a0 \u00a0 \u00a0 <\/strong>Lisa ist bestens vorbereitet: In diesem clever durchdachten Pferdetransporter findet sie alles, was sie f\u00fcr das n\u00e4chste Turnier mit ihrer Familie und bis zu vier Pferden braucht.\u00a0 \u00a0 \u00a0 \u00a0 \u00a0 \u00a0 \u00a0 \u00a0 \u00a0 \u00a0 \u00a0 \u00a0 \u00a0 \u00a0 \u00a0 \u00a0 W\u00e4hrend der Fahrt stehen die Tiere sicher in ihren Boxen und reisen stressfrei zum Zielort.<\/p>\n<p data-start=\"506\" data-end=\"776\">Am Ziel angekommen, verwandelt Lisa den Au\u00dfenbereich im Handumdrehen: Sie baut einen mobilen Paddock mit Umz\u00e4unung auf und stellt sogar Hindernisse f\u00fcr das Training auf \u2013 so kann sie sich perfekt auf den Wettkampf vorbereiten. Neue Trainingsideen hat Lisa immer im Kopf!<\/p>\n<p data-start=\"778\" data-end=\"980\">Und ihre Eltern? Die genie\u00dfen derweil eine kleine Auszeit im <strong data-start=\"839\" data-end=\"860\">Pool auf dem Dach<\/strong> \u2013 echtes Wasser inklusive! Am Abend wird gemeinsam gegrillt \u2013 W\u00fcrstchen und Mais vom Grill runden den Tag gem\u00fctlich ab.<\/p>\n<p data-start=\"982\" data-end=\"1033\">Der Pferdetransporter bietet jede Menge Funktionen:<\/p>\n<ul data-start=\"1034\" data-end=\"1330\">\n<li data-start=\"1034\" data-end=\"1068\">\n<p data-start=\"1036\" data-end=\"1068\">Platz f\u00fcr bis zu <strong data-start=\"1053\" data-end=\"1068\">vier Pferde<\/strong><\/p>\n<\/li>\n<li data-start=\"1069\" data-end=\"1133\">\n<p data-start=\"1071\" data-end=\"1133\"><strong data-start=\"1071\" data-end=\"1111\">Integrierte Pflege- und Waschstation<\/strong> f\u00fcr bis zu drei Tiere<\/p>\n<\/li>\n<li data-start=\"1134\" data-end=\"1178\">\n<p data-start=\"1136\" data-end=\"1178\"><strong data-start=\"1136\" data-end=\"1155\">Modulare Koppel<\/strong> zum flexiblen Aufbauen<\/p>\n<\/li>\n<li data-start=\"1179\" data-end=\"1228\">\n<p data-start=\"1181\" data-end=\"1228\"><strong data-start=\"1181\" data-end=\"1196\">Hindernisse<\/strong> zum Trainieren und Ausprobieren<\/p>\n<\/li>\n<li data-start=\"1229\" data-end=\"1284\">\n<p data-start=\"1231\" data-end=\"1284\"><strong data-start=\"1231\" data-end=\"1260\">Wasserbecken auf dem Dach<\/strong> als Pool f\u00fcr hei\u00dfe Tage<\/p>\n<\/li>\n<li data-start=\"1285\" data-end=\"1330\">\n<p data-start=\"1287\" data-end=\"1330\">Gem\u00fctlicher Grillplatz f\u00fcr gesellige Abende<\/p>\n<\/li>\n<\/ul>\n<p data-start=\"1332\" data-end=\"1512\">Ob Pflege, Training, Ausritte oder Entspannung \u2013 mit diesem Transporter erleben Kinder ab 6 Jahren realistischen Reitspa\u00df und jede Menge kreative Geschichten rund ums Turnierleben.<\/p>\n","protected":false},"excerpt":{"rendered":"<p>Dieser detailreiche Pferdetransporter bietet Platz f\u00fcr bis zu vier Pferde und zahlreiche Funktionen f\u00fcr realistischen Reitspa\u00df. Mit integrierter Pflege- und Waschstation, mobilem Paddock, Trainingshindernissen und einem echten Wasserpool auf dem Dach ist alles f\u00fcr das n\u00e4chste Turnier dabei. Inklusive Grillplatz und Zubeh\u00f6r f\u00fcr viele kreative Spielm\u00f6glichkeiten.<br data-start=\"498\" data-end=\"501\" \/><strong data-start=\"501\" data-end=\"528\">F\u00fcr Kinder ab 6 Jahren.<\/strong><\/p>\n","protected":false},"featured_media":560,"comment_status":"open","ping_status":"closed","template":"","meta":{"_coblocks_attr":"","_coblocks_dimensions":"","_coblocks_responsive_height":"","_coblocks_accordion_ie_support":"","_eb_attr":"","_uag_custom_page_level_css":""},"product_brand":[117],"product_cat":[30],"product_tag":[143,142,141,144,140],"class_list":{"0":"post-519","1":"product","2":"type-product","3":"status-publish","4":"has-post-thumbnail","6":"product_brand-schleich","7":"product_cat-schleich","8":"product_tag-143","9":"product_tag-club","10":"product_tag-horse","11":"product_tag-pferdetransporter","12":"product_tag-schleich","14":"first","15":"outofstock","16":"taxable","17":"shipping-taxable","18":"purchasable","19":"product-type-simple"},"yoast_head":"<!-- This site is optimized with the Yoast SEO plugin v27.4 - https:\/\/yoast.com\/product\/yoast-seo-wordpress\/ -->\n<title>schleich HORSE CLUB 42619 Pferdetransporter mit Zubeh\u00f6r - Dietz-Internethandel<\/title>\n<meta name=\"description\" content=\"schleich HORSE CLUB 42619 Pferdetransporter mit Zubeh\u00f6r \u2013 mit Platz f\u00fcr 4 Pferde, Koppel, Pool, Pflegebereich &amp; Grillplatz. Perfekt f\u00fcr Kinder ab 6 Jahren!\" \/>\n<meta name=\"robots\" content=\"index, follow, max-snippet:-1, max-image-preview:large, max-video-preview:-1\" \/>\n<link rel=\"canonical\" href=\"https:\/\/shop24.dietz-ih.de\/?product=schleich-horse-club-42619-pferdetransporter\" \/>\n<meta property=\"og:locale\" content=\"de_DE\" \/>\n<meta property=\"og:type\" content=\"article\" \/>\n<meta property=\"og:title\" content=\"schleich HORSE CLUB 42619 Pferdetransporter mit Zubeh\u00f6r - Dietz-Internethandel\" \/>\n<meta property=\"og:description\" content=\"schleich HORSE CLUB 42619 Pferdetransporter mit Zubeh\u00f6r \u2013 mit Platz f\u00fcr 4 Pferde, Koppel, Pool, Pflegebereich &amp; Grillplatz. Perfekt f\u00fcr Kinder ab 6 Jahren!\" \/>\n<meta property=\"og:url\" content=\"https:\/\/shop24.dietz-ih.de\/?product=schleich-horse-club-42619-pferdetransporter\" \/>\n<meta property=\"og:site_name\" content=\"Dietz-Internethandel\" \/>\n<meta property=\"article:publisher\" content=\"https:\/\/www.facebook.com\/profile.php?id=100081292915783\" \/>\n<meta property=\"article:modified_time\" content=\"2026-01-19T12:51:00+00:00\" \/>\n<meta property=\"og:image\" content=\"https:\/\/shop24.dietz-ih.de\/wp-content\/uploads\/2025\/07\/schleich1-1_ergebnis.webp\" \/>\n\t<meta property=\"og:image:width\" content=\"600\" \/>\n\t<meta property=\"og:image:height\" content=\"600\" \/>\n\t<meta property=\"og:image:type\" content=\"image\/webp\" \/>\n<meta name=\"twitter:card\" content=\"summary_large_image\" \/>\n<meta name=\"twitter:label1\" content=\"Gesch\u00e4tzte Lesezeit\" \/>\n\t<meta name=\"twitter:data1\" content=\"2\u00a0Minuten\" \/>\n<script type=\"application\/ld+json\" class=\"yoast-schema-graph\">{\"@context\":\"https:\\\/\\\/schema.org\",\"@graph\":[{\"@type\":\"WebPage\",\"@id\":\"https:\\\/\\\/shop24.dietz-ih.de\\\/?product=schleich-horse-club-42619-pferdetransporter\",\"url\":\"https:\\\/\\\/shop24.dietz-ih.de\\\/?product=schleich-horse-club-42619-pferdetransporter\",\"name\":\"schleich HORSE CLUB 42619 Pferdetransporter mit Zubeh\u00f6r - Dietz-Internethandel\",\"isPartOf\":{\"@id\":\"https:\\\/\\\/shop24.dietz-ih.de\\\/#website\"},\"primaryImageOfPage\":{\"@id\":\"https:\\\/\\\/shop24.dietz-ih.de\\\/?product=schleich-horse-club-42619-pferdetransporter#primaryimage\"},\"image\":{\"@id\":\"https:\\\/\\\/shop24.dietz-ih.de\\\/?product=schleich-horse-club-42619-pferdetransporter#primaryimage\"},\"thumbnailUrl\":\"https:\\\/\\\/i0.wp.com\\\/shop24.dietz-ih.de\\\/wp-content\\\/uploads\\\/2025\\\/07\\\/schleich1-1_ergebnis.webp?fit=600%2C600&ssl=1\",\"datePublished\":\"2025-07-08T10:05:08+00:00\",\"dateModified\":\"2026-01-19T12:51:00+00:00\",\"description\":\"schleich HORSE CLUB 42619 Pferdetransporter mit Zubeh\u00f6r \u2013 mit Platz f\u00fcr 4 Pferde, Koppel, Pool, Pflegebereich & Grillplatz. Perfekt f\u00fcr Kinder ab 6 Jahren!\",\"breadcrumb\":{\"@id\":\"https:\\\/\\\/shop24.dietz-ih.de\\\/?product=schleich-horse-club-42619-pferdetransporter#breadcrumb\"},\"inLanguage\":\"de\",\"potentialAction\":[{\"@type\":\"ReadAction\",\"target\":[\"https:\\\/\\\/shop24.dietz-ih.de\\\/?product=schleich-horse-club-42619-pferdetransporter\"]}]},{\"@type\":\"ImageObject\",\"inLanguage\":\"de\",\"@id\":\"https:\\\/\\\/shop24.dietz-ih.de\\\/?product=schleich-horse-club-42619-pferdetransporter#primaryimage\",\"url\":\"https:\\\/\\\/i0.wp.com\\\/shop24.dietz-ih.de\\\/wp-content\\\/uploads\\\/2025\\\/07\\\/schleich1-1_ergebnis.webp?fit=600%2C600&ssl=1\",\"contentUrl\":\"https:\\\/\\\/i0.wp.com\\\/shop24.dietz-ih.de\\\/wp-content\\\/uploads\\\/2025\\\/07\\\/schleich1-1_ergebnis.webp?fit=600%2C600&ssl=1\",\"width\":600,\"height\":600},{\"@type\":\"BreadcrumbList\",\"@id\":\"https:\\\/\\\/shop24.dietz-ih.de\\\/?product=schleich-horse-club-42619-pferdetransporter#breadcrumb\",\"itemListElement\":[{\"@type\":\"ListItem\",\"position\":1,\"name\":\"Startseite\",\"item\":\"https:\\\/\\\/shop24.dietz-ih.de\\\/\"},{\"@type\":\"ListItem\",\"position\":2,\"name\":\"Shop\",\"item\":\"https:\\\/\\\/shop24.dietz-ih.de\\\/?page_id=7\"},{\"@type\":\"ListItem\",\"position\":3,\"name\":\"schleich HORSE CLUB 42619 Pferdetransporter mit Zubeh\u00f6r\"}]},{\"@type\":\"WebSite\",\"@id\":\"https:\\\/\\\/shop24.dietz-ih.de\\\/#website\",\"url\":\"https:\\\/\\\/shop24.dietz-ih.de\\\/\",\"name\":\"Dietz-Internethandel\",\"description\":\"\",\"publisher\":{\"@id\":\"https:\\\/\\\/shop24.dietz-ih.de\\\/#organization\"},\"potentialAction\":[{\"@type\":\"SearchAction\",\"target\":{\"@type\":\"EntryPoint\",\"urlTemplate\":\"https:\\\/\\\/shop24.dietz-ih.de\\\/?s={search_term_string}\"},\"query-input\":{\"@type\":\"PropertyValueSpecification\",\"valueRequired\":true,\"valueName\":\"search_term_string\"}}],\"inLanguage\":\"de\"},{\"@type\":\"Organization\",\"@id\":\"https:\\\/\\\/shop24.dietz-ih.de\\\/#organization\",\"name\":\"Dietz-Internethandel\",\"url\":\"https:\\\/\\\/shop24.dietz-ih.de\\\/\",\"logo\":{\"@type\":\"ImageObject\",\"inLanguage\":\"de\",\"@id\":\"https:\\\/\\\/shop24.dietz-ih.de\\\/#\\\/schema\\\/logo\\\/image\\\/\",\"url\":\"https:\\\/\\\/i0.wp.com\\\/shop24.dietz-ih.de\\\/wp-content\\\/uploads\\\/2025\\\/06\\\/Ein-Logo-fuer-einen-Onlineshop-mit-Spielzeug.-Der-Buchstabe-D-soll-drauf-sein.-Farblich_-Gruen-Warmgelb-und-Lachs.-Und-bitte-als-ausgeschnittene-Datei-Photoroom-2.png?fit=1120%2C1120&ssl=1\",\"contentUrl\":\"https:\\\/\\\/i0.wp.com\\\/shop24.dietz-ih.de\\\/wp-content\\\/uploads\\\/2025\\\/06\\\/Ein-Logo-fuer-einen-Onlineshop-mit-Spielzeug.-Der-Buchstabe-D-soll-drauf-sein.-Farblich_-Gruen-Warmgelb-und-Lachs.-Und-bitte-als-ausgeschnittene-Datei-Photoroom-2.png?fit=1120%2C1120&ssl=1\",\"width\":1120,\"height\":1120,\"caption\":\"Dietz-Internethandel\"},\"image\":{\"@id\":\"https:\\\/\\\/shop24.dietz-ih.de\\\/#\\\/schema\\\/logo\\\/image\\\/\"},\"sameAs\":[\"https:\\\/\\\/www.facebook.com\\\/profile.php?id=100081292915783\",\"https:\\\/\\\/www.instagram.com\\\/dietz_internethandel\\\/\"]}]}<\/script>\n<!-- \/ Yoast SEO plugin. -->","yoast_head_json":{"title":"schleich HORSE CLUB 42619 Pferdetransporter mit Zubeh\u00f6r - Dietz-Internethandel","description":"schleich HORSE CLUB 42619 Pferdetransporter mit Zubeh\u00f6r \u2013 mit Platz f\u00fcr 4 Pferde, Koppel, Pool, Pflegebereich & Grillplatz. Perfekt f\u00fcr Kinder ab 6 Jahren!","robots":{"index":"index","follow":"follow","max-snippet":"max-snippet:-1","max-image-preview":"max-image-preview:large","max-video-preview":"max-video-preview:-1"},"canonical":"https:\/\/shop24.dietz-ih.de\/?product=schleich-horse-club-42619-pferdetransporter","og_locale":"de_DE","og_type":"article","og_title":"schleich HORSE CLUB 42619 Pferdetransporter mit Zubeh\u00f6r - Dietz-Internethandel","og_description":"schleich HORSE CLUB 42619 Pferdetransporter mit Zubeh\u00f6r \u2013 mit Platz f\u00fcr 4 Pferde, Koppel, Pool, Pflegebereich & Grillplatz. Perfekt f\u00fcr Kinder ab 6 Jahren!","og_url":"https:\/\/shop24.dietz-ih.de\/?product=schleich-horse-club-42619-pferdetransporter","og_site_name":"Dietz-Internethandel","article_publisher":"https:\/\/www.facebook.com\/profile.php?id=100081292915783","article_modified_time":"2026-01-19T12:51:00+00:00","og_image":[{"width":600,"height":600,"url":"https:\/\/shop24.dietz-ih.de\/wp-content\/uploads\/2025\/07\/schleich1-1_ergebnis.webp","type":"image\/webp"}],"twitter_card":"summary_large_image","twitter_misc":{"Gesch\u00e4tzte Lesezeit":"2\u00a0Minuten"},"schema":{"@context":"https:\/\/schema.org","@graph":[{"@type":"WebPage","@id":"https:\/\/shop24.dietz-ih.de\/?product=schleich-horse-club-42619-pferdetransporter","url":"https:\/\/shop24.dietz-ih.de\/?product=schleich-horse-club-42619-pferdetransporter","name":"schleich HORSE CLUB 42619 Pferdetransporter mit Zubeh\u00f6r - Dietz-Internethandel","isPartOf":{"@id":"https:\/\/shop24.dietz-ih.de\/#website"},"primaryImageOfPage":{"@id":"https:\/\/shop24.dietz-ih.de\/?product=schleich-horse-club-42619-pferdetransporter#primaryimage"},"image":{"@id":"https:\/\/shop24.dietz-ih.de\/?product=schleich-horse-club-42619-pferdetransporter#primaryimage"},"thumbnailUrl":"https:\/\/i0.wp.com\/shop24.dietz-ih.de\/wp-content\/uploads\/2025\/07\/schleich1-1_ergebnis.webp?fit=600%2C600&ssl=1","datePublished":"2025-07-08T10:05:08+00:00","dateModified":"2026-01-19T12:51:00+00:00","description":"schleich HORSE CLUB 42619 Pferdetransporter mit Zubeh\u00f6r \u2013 mit Platz f\u00fcr 4 Pferde, Koppel, Pool, Pflegebereich & Grillplatz. Perfekt f\u00fcr Kinder ab 6 Jahren!","breadcrumb":{"@id":"https:\/\/shop24.dietz-ih.de\/?product=schleich-horse-club-42619-pferdetransporter#breadcrumb"},"inLanguage":"de","potentialAction":[{"@type":"ReadAction","target":["https:\/\/shop24.dietz-ih.de\/?product=schleich-horse-club-42619-pferdetransporter"]}]},{"@type":"ImageObject","inLanguage":"de","@id":"https:\/\/shop24.dietz-ih.de\/?product=schleich-horse-club-42619-pferdetransporter#primaryimage","url":"https:\/\/i0.wp.com\/shop24.dietz-ih.de\/wp-content\/uploads\/2025\/07\/schleich1-1_ergebnis.webp?fit=600%2C600&ssl=1","contentUrl":"https:\/\/i0.wp.com\/shop24.dietz-ih.de\/wp-content\/uploads\/2025\/07\/schleich1-1_ergebnis.webp?fit=600%2C600&ssl=1","width":600,"height":600},{"@type":"BreadcrumbList","@id":"https:\/\/shop24.dietz-ih.de\/?product=schleich-horse-club-42619-pferdetransporter#breadcrumb","itemListElement":[{"@type":"ListItem","position":1,"name":"Startseite","item":"https:\/\/shop24.dietz-ih.de\/"},{"@type":"ListItem","position":2,"name":"Shop","item":"https:\/\/shop24.dietz-ih.de\/?page_id=7"},{"@type":"ListItem","position":3,"name":"schleich HORSE CLUB 42619 Pferdetransporter mit Zubeh\u00f6r"}]},{"@type":"WebSite","@id":"https:\/\/shop24.dietz-ih.de\/#website","url":"https:\/\/shop24.dietz-ih.de\/","name":"Dietz-Internethandel","description":"","publisher":{"@id":"https:\/\/shop24.dietz-ih.de\/#organization"},"potentialAction":[{"@type":"SearchAction","target":{"@type":"EntryPoint","urlTemplate":"https:\/\/shop24.dietz-ih.de\/?s={search_term_string}"},"query-input":{"@type":"PropertyValueSpecification","valueRequired":true,"valueName":"search_term_string"}}],"inLanguage":"de"},{"@type":"Organization","@id":"https:\/\/shop24.dietz-ih.de\/#organization","name":"Dietz-Internethandel","url":"https:\/\/shop24.dietz-ih.de\/","logo":{"@type":"ImageObject","inLanguage":"de","@id":"https:\/\/shop24.dietz-ih.de\/#\/schema\/logo\/image\/","url":"https:\/\/i0.wp.com\/shop24.dietz-ih.de\/wp-content\/uploads\/2025\/06\/Ein-Logo-fuer-einen-Onlineshop-mit-Spielzeug.-Der-Buchstabe-D-soll-drauf-sein.-Farblich_-Gruen-Warmgelb-und-Lachs.-Und-bitte-als-ausgeschnittene-Datei-Photoroom-2.png?fit=1120%2C1120&ssl=1","contentUrl":"https:\/\/i0.wp.com\/shop24.dietz-ih.de\/wp-content\/uploads\/2025\/06\/Ein-Logo-fuer-einen-Onlineshop-mit-Spielzeug.-Der-Buchstabe-D-soll-drauf-sein.-Farblich_-Gruen-Warmgelb-und-Lachs.-Und-bitte-als-ausgeschnittene-Datei-Photoroom-2.png?fit=1120%2C1120&ssl=1","width":1120,"height":1120,"caption":"Dietz-Internethandel"},"image":{"@id":"https:\/\/shop24.dietz-ih.de\/#\/schema\/logo\/image\/"},"sameAs":["https:\/\/www.facebook.com\/profile.php?id=100081292915783","https:\/\/www.instagram.com\/dietz_internethandel\/"]}]}},"uagb_featured_image_src":{"full":["https:\/\/i0.wp.com\/shop24.dietz-ih.de\/wp-content\/uploads\/2025\/07\/schleich1-1_ergebnis.webp?fit=600%2C600&ssl=1",600,600,false],"thumbnail":["https:\/\/i0.wp.com\/shop24.dietz-ih.de\/wp-content\/uploads\/2025\/07\/schleich1-1_ergebnis.webp?resize=150%2C150&ssl=1",150,150,true],"medium":["https:\/\/i0.wp.com\/shop24.dietz-ih.de\/wp-content\/uploads\/2025\/07\/schleich1-1_ergebnis.webp?fit=300%2C300&ssl=1",300,300,true],"medium_large":["https:\/\/i0.wp.com\/shop24.dietz-ih.de\/wp-content\/uploads\/2025\/07\/schleich1-1_ergebnis.webp?fit=600%2C600&ssl=1",600,600,true],"large":["https:\/\/i0.wp.com\/shop24.dietz-ih.de\/wp-content\/uploads\/2025\/07\/schleich1-1_ergebnis.webp?fit=600%2C600&ssl=1",600,600,true],"gs-tiny":["https:\/\/i0.wp.com\/shop24.dietz-ih.de\/wp-content\/uploads\/2025\/07\/schleich1-1_ergebnis.webp?fit=50%2C50&ssl=1",50,50,true],"xl":["https:\/\/i0.wp.com\/shop24.dietz-ih.de\/wp-content\/uploads\/2025\/07\/schleich1-1_ergebnis.webp?fit=600%2C600&ssl=1",600,600,true],"xxl":["https:\/\/i0.wp.com\/shop24.dietz-ih.de\/wp-content\/uploads\/2025\/07\/schleich1-1_ergebnis.webp?fit=600%2C600&ssl=1",600,600,true],"xxxl":["https:\/\/i0.wp.com\/shop24.dietz-ih.de\/wp-content\/uploads\/2025\/07\/schleich1-1_ergebnis.webp?fit=600%2C600&ssl=1",600,600,true],"xxxxl":["https:\/\/i0.wp.com\/shop24.dietz-ih.de\/wp-content\/uploads\/2025\/07\/schleich1-1_ergebnis.webp?fit=600%2C600&ssl=1",600,600,true],"xxxxxl":["https:\/\/i0.wp.com\/shop24.dietz-ih.de\/wp-content\/uploads\/2025\/07\/schleich1-1_ergebnis.webp?fit=600%2C600&ssl=1",600,600,true],"1536x1536":["https:\/\/i0.wp.com\/shop24.dietz-ih.de\/wp-content\/uploads\/2025\/07\/schleich1-1_ergebnis.webp?fit=600%2C600&ssl=1",600,600,true],"2048x2048":["https:\/\/i0.wp.com\/shop24.dietz-ih.de\/wp-content\/uploads\/2025\/07\/schleich1-1_ergebnis.webp?fit=600%2C600&ssl=1",600,600,true],"woocommerce_thumbnail":["https:\/\/i0.wp.com\/shop24.dietz-ih.de\/wp-content\/uploads\/2025\/07\/schleich1-1_ergebnis.webp?resize=600%2C600&ssl=1",600,600,true],"woocommerce_single":["https:\/\/i0.wp.com\/shop24.dietz-ih.de\/wp-content\/uploads\/2025\/07\/schleich1-1_ergebnis.webp?fit=600%2C600&ssl=1",600,600,true],"woocommerce_gallery_thumbnail":["https:\/\/i0.wp.com\/shop24.dietz-ih.de\/wp-content\/uploads\/2025\/07\/schleich1-1_ergebnis.webp?resize=100%2C100&ssl=1",100,100,true]},"uagb_author_info":{"display_name":"admin","author_link":"https:\/\/shop24.dietz-ih.de\/?author=0"},"uagb_comment_info":0,"uagb_excerpt":"Dieser detailreiche Pferdetransporter bietet Platz f\u00fcr bis zu vier Pferde und zahlreiche Funktionen f\u00fcr realistischen Reitspa\u00df. Mit integrierter Pflege- und Waschstation, mobilem Paddock, Trainingshindernissen und einem echten Wasserpool auf dem Dach ist alles f\u00fcr das n\u00e4chste Turnier dabei. Inklusive Grillplatz und Zubeh\u00f6r f\u00fcr viele kreative Spielm\u00f6glichkeiten.F\u00fcr Kinder ab 6 Jahren.","jetpack_sharing_enabled":true,"_links":{"self":[{"href":"https:\/\/shop24.dietz-ih.de\/index.php?rest_route=\/wp\/v2\/product\/519","targetHints":{"allow":["GET"]}}],"collection":[{"href":"https:\/\/shop24.dietz-ih.de\/index.php?rest_route=\/wp\/v2\/product"}],"about":[{"href":"https:\/\/shop24.dietz-ih.de\/index.php?rest_route=\/wp\/v2\/types\/product"}],"replies":[{"embeddable":true,"href":"https:\/\/shop24.dietz-ih.de\/index.php?rest_route=%2Fwp%2Fv2%2Fcomments&post=519"}],"wp:featuredmedia":[{"embeddable":true,"href":"https:\/\/shop24.dietz-ih.de\/index.php?rest_route=\/wp\/v2\/media\/560"}],"wp:attachment":[{"href":"https:\/\/shop24.dietz-ih.de\/index.php?rest_route=%2Fwp%2Fv2%2Fmedia&parent=519"}],"wp:term":[{"taxonomy":"product_brand","embeddable":true,"href":"https:\/\/shop24.dietz-ih.de\/index.php?rest_route=%2Fwp%2Fv2%2Fproduct_brand&post=519"},{"taxonomy":"product_cat","embeddable":true,"href":"https:\/\/shop24.dietz-ih.de\/index.php?rest_route=%2Fwp%2Fv2%2Fproduct_cat&post=519"},{"taxonomy":"product_tag","embeddable":true,"href":"https:\/\/shop24.dietz-ih.de\/index.php?rest_route=%2Fwp%2Fv2%2Fproduct_tag&post=519"}],"curies":[{"name":"wp","href":"https:\/\/api.w.org\/{rel}","templated":true}]}}