{"id":578,"date":"2025-07-08T13:15:30","date_gmt":"2025-07-08T11:15:30","guid":{"rendered":"https:\/\/shop24.dietz-ih.de\/?post_type=product&#038;p=578"},"modified":"2026-01-19T13:47:52","modified_gmt":"2026-01-19T12:47:52","slug":"schleich-farm-world-42607-tierhotel","status":"publish","type":"product","link":"https:\/\/shop24.dietz-ih.de\/?product=schleich-farm-world-42607-tierhotel","title":{"rendered":"schleich FARM WORLD 42607 Tierhotel mit Zubeh\u00f6r"},"content":{"rendered":"<article class=\"text-token-text-primary w-full\" dir=\"auto\" data-testid=\"conversation-turn-48\" data-scroll-anchor=\"true\">\n<div class=\"text-base my-auto mx-auto py-5 [--thread-content-margin:--spacing(4)] @[37rem]:[--thread-content-margin:--spacing(6)] @[72rem]:[--thread-content-margin:--spacing(16)] px-(--thread-content-margin)\">\n<div class=\"[--thread-content-max-width:32rem] @[34rem]:[--thread-content-max-width:40rem] @[64rem]:[--thread-content-max-width:48rem] mx-auto flex max-w-(--thread-content-max-width) flex-1 text-base gap-4 md:gap-5 lg:gap-6 group\/turn-messages focus-visible:outline-hidden\" tabindex=\"-1\">\n<div class=\"group\/conversation-turn relative flex w-full min-w-0 flex-col agent-turn\">\n<div class=\"relative flex-col gap-1 md:gap-3\">\n<div class=\"flex max-w-full flex-col grow\">\n<div class=\"min-h-8 text-message relative flex w-full flex-col items-end gap-2 text-start break-words whitespace-normal [.text-message+&amp;]:mt-5\" dir=\"auto\" data-message-author-role=\"assistant\" data-message-id=\"1a7125c2-0cc5-4274-b9f0-985c69a3430d\" data-message-model-slug=\"gpt-4-1-mini\">\n<div class=\"flex w-full flex-col gap-1 empty:hidden first:pt-[3px]\">\n<div class=\"markdown prose dark:prose-invert w-full break-words dark\">\n<h2 data-start=\"275\" data-end=\"322\">schleich FARM WORLD 42607 Tierhotel mit Zubeh\u00f6r<\/h2>\n<p data-start=\"323\" data-end=\"425\"><strong data-start=\"323\" data-end=\"425\">Spielspa\u00df, Tierliebe und Fantasie vereint \u2013 das perfekte Bauernhof-Erlebnis f\u00fcr Kinder ab 3 Jahren<\/strong><\/p>\n<p data-start=\"427\" data-end=\"708\">Willkommen im <strong data-start=\"441\" data-end=\"464\">Schleich\u00ae Tierhotel<\/strong>, wo kleine Tierfreunde ganz gro\u00df rauskommen! Das <strong>schleich FARM WORLD 42607 Tierhotel mit Zubeh\u00f6r<\/strong> ist ein liebevoll gestaltetes Spielset mit 54 Teilen, das Kinder ab 3 Jahren in eine lebendige Welt voller Tiere, Abenteuer und Rollenspiele entf\u00fchrt.<\/p>\n<h3 data-start=\"710\" data-end=\"762\">Ein Paradies f\u00fcr kleine Tiere und gro\u00dfe Fantasie<\/h3>\n<p data-start=\"764\" data-end=\"1007\">In diesem Tierhotel ist immer etwas los! Die freundliche <strong data-start=\"821\" data-end=\"838\">Tierpflegerin<\/strong> sorgt mit viel Hingabe daf\u00fcr, dass sich alle tierischen G\u00e4ste wohlf\u00fchlen. F\u00fcr jedes Tier gibt es ein gem\u00fctliches Pl\u00e4tzchen \u2013 sei es im Innenbereich oder im Au\u00dfengehege.<\/p>\n<p data-start=\"1009\" data-end=\"1448\">Die <strong data-start=\"1013\" data-end=\"1026\">Nagetiere<\/strong> wie Hase, Hamster und Meerschweinchen verstecken sich spielerisch in ihren kleinen H\u00f6hlen. Doch ein frischer Salat l\u00e4sst sie schnell wieder hervorschauen. Die <strong data-start=\"1186\" data-end=\"1210\">verspielten K\u00e4tzchen<\/strong> nutzen den <strong data-start=\"1222\" data-end=\"1236\">Katzenbaum<\/strong> f\u00fcr ihre Klettereinheiten. Noch wilder geht es drau\u00dfen zu: Die <strong data-start=\"1300\" data-end=\"1320\">zwei Hundewelpen<\/strong> erleben echte Abenteuer. Sie toben auf der <strong data-start=\"1364\" data-end=\"1373\">Wippe<\/strong>, flitzen durch den <strong data-start=\"1393\" data-end=\"1403\">Tunnel<\/strong> und sausen lachend die <strong data-start=\"1427\" data-end=\"1438\">Rutsche<\/strong> hinunter.<\/p>\n<p data-start=\"1450\" data-end=\"1615\">Und dann gibt es da noch das <strong data-start=\"1479\" data-end=\"1502\">neugierige Zicklein<\/strong>, das das bunte Treiben aufmerksam beobachtet \u2013 immer bereit, mit einem fr\u00f6hlichen \u201eM\u00e4h\u201c seinen Senf dazuzugeben.<\/p>\n<h3 data-start=\"1622\" data-end=\"1658\">Produkt-Highlights im \u00dcberblick:<\/h3>\n<ul data-start=\"1660\" data-end=\"2228\">\n<li data-start=\"1660\" data-end=\"1735\">\n<p data-start=\"1662\" data-end=\"1735\"><strong data-start=\"1662\" data-end=\"1686\">54-teiliges Spielset<\/strong> mit vielen Tieren, Zubeh\u00f6r und Spielfunktionen<\/p>\n<\/li>\n<li data-start=\"1736\" data-end=\"1829\">\n<p data-start=\"1738\" data-end=\"1829\"><strong data-start=\"1738\" data-end=\"1758\">Enthaltene Tiere<\/strong>: Hase, Hamster, Meerschweinchen, 2 K\u00e4tzchen, 2 Hundewelpen, Zicklein<\/p>\n<\/li>\n<li data-start=\"1830\" data-end=\"1910\">\n<p data-start=\"1832\" data-end=\"1910\"><strong data-start=\"1832\" data-end=\"1843\">Zubeh\u00f6r<\/strong>: Wippe, Rutsche, Tunnel, Katzenbaum, H\u00f6hlen, Salatblatt und mehr<\/p>\n<\/li>\n<li data-start=\"1911\" data-end=\"1972\">\n<p data-start=\"1913\" data-end=\"1972\"><strong data-start=\"1913\" data-end=\"1940\">Mit Tierpflegerin-Figur<\/strong> f\u00fcr realistische Rollenspiele<\/p>\n<\/li>\n<li data-start=\"1973\" data-end=\"2045\">\n<p data-start=\"1975\" data-end=\"2045\">F\u00f6rdert <strong data-start=\"1983\" data-end=\"1998\">Feinmotorik<\/strong>, <strong data-start=\"2000\" data-end=\"2015\">Kreativit\u00e4t<\/strong> und <strong data-start=\"2020\" data-end=\"2043\">soziale F\u00e4higkeiten<\/strong><\/p>\n<\/li>\n<li data-start=\"2046\" data-end=\"2116\">\n<p data-start=\"2048\" data-end=\"2116\">Kompatibel mit anderen Sets der <strong data-start=\"2080\" data-end=\"2114\">Schleich Farm World Themenwelt<\/strong><\/p>\n<\/li>\n<li data-start=\"2117\" data-end=\"2154\">\n<p data-start=\"2119\" data-end=\"2154\"><strong data-start=\"2119\" data-end=\"2139\">Altersempfehlung<\/strong>: ab 3 Jahren<\/p>\n<\/li>\n<li data-start=\"2155\" data-end=\"2228\">\n<p data-start=\"2157\" data-end=\"2228\"><strong data-start=\"2157\" data-end=\"2185\">Hochwertige Verarbeitung<\/strong> \u2013 langlebig und sicher f\u00fcrs Kinderzimmer<\/p>\n<\/li>\n<\/ul>\n<h3 data-start=\"2235\" data-end=\"2271\">Lernen und Spielen mit Schleich\u00ae<\/h3>\n<p data-start=\"2273\" data-end=\"2595\">Schleich Spielsets bieten mehr als nur Spa\u00df: Sie regen die <strong data-start=\"2332\" data-end=\"2347\">Fantasie an<\/strong>, f\u00f6rdern <strong data-start=\"2357\" data-end=\"2391\">p\u00e4dagogisch wertvolles Spielen<\/strong> und bringen Kindern auf spielerische Weise Verantwortung im Umgang mit Tieren n\u00e4her. Durch die authentische Gestaltung der Figuren erleben Kinder eine realit\u00e4tsnahe Welt \u2013 ideal f\u00fcr kleine Tierliebhaber.<\/p>\n<p data-start=\"2602\" data-end=\"2784\"><strong data-start=\"2602\" data-end=\"2781\">Schenke deinem Kind mit dem Schleich\u00ae 42607 Tierhotel ein liebevolles Zuhause f\u00fcr seine Lieblingstiere \u2013 jetzt entdecken und in die farbenfrohe Welt von Farm World eintauchen!<\/strong><\/p>\n<\/div>\n<\/div>\n<\/div>\n<\/div>\n<\/div>\n<\/div>\n<\/div>\n<\/div>\n<\/article>\n","protected":false},"excerpt":{"rendered":"<p>In diesem liebevoll eingerichteten Tierhotel finden kleine Tierfreunde alles, was das Herz begehrt: verschiedene Tierarten wie Hundewelpen, Katzen, Hasen, Meerschweinchen, ein Zicklein und mehr erleben hier spannende Abenteuer. Mit zahlreichen Spielger\u00e4ten, R\u00fcckzugsm\u00f6glichkeiten und einer f\u00fcrsorglichen Pflegerin sorgt das Set f\u00fcr abwechslungsreichen Spielspa\u00df. Ideal f\u00fcr Kinder ab 4 Jahren, die Tiere lieben und gerne kreative Geschichten erfinden.<\/p>\n","protected":false},"featured_media":579,"comment_status":"open","ping_status":"closed","template":"","meta":{"_coblocks_attr":"","_coblocks_dimensions":"","_coblocks_responsive_height":"","_coblocks_accordion_ie_support":"","_eb_attr":"","_uag_custom_page_level_css":""},"product_brand":[117],"product_cat":[30],"product_tag":[155,150,140,156,89],"class_list":{"0":"post-578","1":"product","2":"type-product","3":"status-publish","4":"has-post-thumbnail","6":"product_brand-schleich","7":"product_cat-schleich","8":"product_tag-155","9":"product_tag-farm","10":"product_tag-schleich","11":"product_tag-tierhotel","12":"product_tag-world","14":"first","15":"outofstock","16":"taxable","17":"shipping-taxable","18":"purchasable","19":"product-type-simple"},"yoast_head":"<!-- This site is optimized with the Yoast SEO plugin v27.4 - https:\/\/yoast.com\/product\/yoast-seo-wordpress\/ -->\n<title>schleich FARM WORLD 42607 Tierhotel mit Zubeh\u00f6r - Dietz-Internethandel<\/title>\n<meta name=\"description\" content=\"Entdecke das schleich FARM WORLD 42607 Tierhotel mit Zubeh\u00f6r \u2013 ein liebevoll gestaltetes Spielset f\u00fcr Kinder ab 3 Jahren.\" \/>\n<meta name=\"robots\" content=\"index, follow, max-snippet:-1, max-image-preview:large, max-video-preview:-1\" \/>\n<link rel=\"canonical\" href=\"https:\/\/shop24.dietz-ih.de\/?product=schleich-farm-world-42607-tierhotel\" \/>\n<meta property=\"og:locale\" content=\"de_DE\" \/>\n<meta property=\"og:type\" content=\"article\" \/>\n<meta property=\"og:title\" content=\"schleich FARM WORLD 42607 Tierhotel mit Zubeh\u00f6r - Dietz-Internethandel\" \/>\n<meta property=\"og:description\" content=\"Entdecke das schleich FARM WORLD 42607 Tierhotel mit Zubeh\u00f6r \u2013 ein liebevoll gestaltetes Spielset f\u00fcr Kinder ab 3 Jahren.\" \/>\n<meta property=\"og:url\" content=\"https:\/\/shop24.dietz-ih.de\/?product=schleich-farm-world-42607-tierhotel\" \/>\n<meta property=\"og:site_name\" content=\"Dietz-Internethandel\" \/>\n<meta property=\"article:publisher\" content=\"https:\/\/www.facebook.com\/profile.php?id=100081292915783\" \/>\n<meta property=\"article:modified_time\" content=\"2026-01-19T12:47:52+00:00\" \/>\n<meta property=\"og:image\" content=\"https:\/\/shop24.dietz-ih.de\/wp-content\/uploads\/2025\/07\/schleich5-1_ergebnis.webp\" \/>\n\t<meta property=\"og:image:width\" content=\"600\" \/>\n\t<meta property=\"og:image:height\" content=\"600\" \/>\n\t<meta property=\"og:image:type\" content=\"image\/webp\" \/>\n<meta name=\"twitter:card\" content=\"summary_large_image\" \/>\n<meta name=\"twitter:label1\" content=\"Gesch\u00e4tzte Lesezeit\" \/>\n\t<meta name=\"twitter:data1\" content=\"2\u00a0Minuten\" \/>\n<script type=\"application\/ld+json\" class=\"yoast-schema-graph\">{\"@context\":\"https:\\\/\\\/schema.org\",\"@graph\":[{\"@type\":\"WebPage\",\"@id\":\"https:\\\/\\\/shop24.dietz-ih.de\\\/?product=schleich-farm-world-42607-tierhotel\",\"url\":\"https:\\\/\\\/shop24.dietz-ih.de\\\/?product=schleich-farm-world-42607-tierhotel\",\"name\":\"schleich FARM WORLD 42607 Tierhotel mit Zubeh\u00f6r - Dietz-Internethandel\",\"isPartOf\":{\"@id\":\"https:\\\/\\\/shop24.dietz-ih.de\\\/#website\"},\"primaryImageOfPage\":{\"@id\":\"https:\\\/\\\/shop24.dietz-ih.de\\\/?product=schleich-farm-world-42607-tierhotel#primaryimage\"},\"image\":{\"@id\":\"https:\\\/\\\/shop24.dietz-ih.de\\\/?product=schleich-farm-world-42607-tierhotel#primaryimage\"},\"thumbnailUrl\":\"https:\\\/\\\/i0.wp.com\\\/shop24.dietz-ih.de\\\/wp-content\\\/uploads\\\/2025\\\/07\\\/schleich5-1_ergebnis.webp?fit=600%2C600&ssl=1\",\"datePublished\":\"2025-07-08T11:15:30+00:00\",\"dateModified\":\"2026-01-19T12:47:52+00:00\",\"description\":\"Entdecke das schleich FARM WORLD 42607 Tierhotel mit Zubeh\u00f6r \u2013 ein liebevoll gestaltetes Spielset f\u00fcr Kinder ab 3 Jahren.\",\"breadcrumb\":{\"@id\":\"https:\\\/\\\/shop24.dietz-ih.de\\\/?product=schleich-farm-world-42607-tierhotel#breadcrumb\"},\"inLanguage\":\"de\",\"potentialAction\":[{\"@type\":\"ReadAction\",\"target\":[\"https:\\\/\\\/shop24.dietz-ih.de\\\/?product=schleich-farm-world-42607-tierhotel\"]}]},{\"@type\":\"ImageObject\",\"inLanguage\":\"de\",\"@id\":\"https:\\\/\\\/shop24.dietz-ih.de\\\/?product=schleich-farm-world-42607-tierhotel#primaryimage\",\"url\":\"https:\\\/\\\/i0.wp.com\\\/shop24.dietz-ih.de\\\/wp-content\\\/uploads\\\/2025\\\/07\\\/schleich5-1_ergebnis.webp?fit=600%2C600&ssl=1\",\"contentUrl\":\"https:\\\/\\\/i0.wp.com\\\/shop24.dietz-ih.de\\\/wp-content\\\/uploads\\\/2025\\\/07\\\/schleich5-1_ergebnis.webp?fit=600%2C600&ssl=1\",\"width\":600,\"height\":600},{\"@type\":\"BreadcrumbList\",\"@id\":\"https:\\\/\\\/shop24.dietz-ih.de\\\/?product=schleich-farm-world-42607-tierhotel#breadcrumb\",\"itemListElement\":[{\"@type\":\"ListItem\",\"position\":1,\"name\":\"Startseite\",\"item\":\"https:\\\/\\\/shop24.dietz-ih.de\\\/\"},{\"@type\":\"ListItem\",\"position\":2,\"name\":\"Shop\",\"item\":\"https:\\\/\\\/shop24.dietz-ih.de\\\/?page_id=7\"},{\"@type\":\"ListItem\",\"position\":3,\"name\":\"schleich FARM WORLD 42607 Tierhotel mit Zubeh\u00f6r\"}]},{\"@type\":\"WebSite\",\"@id\":\"https:\\\/\\\/shop24.dietz-ih.de\\\/#website\",\"url\":\"https:\\\/\\\/shop24.dietz-ih.de\\\/\",\"name\":\"Dietz-Internethandel\",\"description\":\"\",\"publisher\":{\"@id\":\"https:\\\/\\\/shop24.dietz-ih.de\\\/#organization\"},\"potentialAction\":[{\"@type\":\"SearchAction\",\"target\":{\"@type\":\"EntryPoint\",\"urlTemplate\":\"https:\\\/\\\/shop24.dietz-ih.de\\\/?s={search_term_string}\"},\"query-input\":{\"@type\":\"PropertyValueSpecification\",\"valueRequired\":true,\"valueName\":\"search_term_string\"}}],\"inLanguage\":\"de\"},{\"@type\":\"Organization\",\"@id\":\"https:\\\/\\\/shop24.dietz-ih.de\\\/#organization\",\"name\":\"Dietz-Internethandel\",\"url\":\"https:\\\/\\\/shop24.dietz-ih.de\\\/\",\"logo\":{\"@type\":\"ImageObject\",\"inLanguage\":\"de\",\"@id\":\"https:\\\/\\\/shop24.dietz-ih.de\\\/#\\\/schema\\\/logo\\\/image\\\/\",\"url\":\"https:\\\/\\\/i0.wp.com\\\/shop24.dietz-ih.de\\\/wp-content\\\/uploads\\\/2025\\\/06\\\/Ein-Logo-fuer-einen-Onlineshop-mit-Spielzeug.-Der-Buchstabe-D-soll-drauf-sein.-Farblich_-Gruen-Warmgelb-und-Lachs.-Und-bitte-als-ausgeschnittene-Datei-Photoroom-2.png?fit=1120%2C1120&ssl=1\",\"contentUrl\":\"https:\\\/\\\/i0.wp.com\\\/shop24.dietz-ih.de\\\/wp-content\\\/uploads\\\/2025\\\/06\\\/Ein-Logo-fuer-einen-Onlineshop-mit-Spielzeug.-Der-Buchstabe-D-soll-drauf-sein.-Farblich_-Gruen-Warmgelb-und-Lachs.-Und-bitte-als-ausgeschnittene-Datei-Photoroom-2.png?fit=1120%2C1120&ssl=1\",\"width\":1120,\"height\":1120,\"caption\":\"Dietz-Internethandel\"},\"image\":{\"@id\":\"https:\\\/\\\/shop24.dietz-ih.de\\\/#\\\/schema\\\/logo\\\/image\\\/\"},\"sameAs\":[\"https:\\\/\\\/www.facebook.com\\\/profile.php?id=100081292915783\",\"https:\\\/\\\/www.instagram.com\\\/dietz_internethandel\\\/\"]}]}<\/script>\n<!-- \/ Yoast SEO plugin. -->","yoast_head_json":{"title":"schleich FARM WORLD 42607 Tierhotel mit Zubeh\u00f6r - Dietz-Internethandel","description":"Entdecke das schleich FARM WORLD 42607 Tierhotel mit Zubeh\u00f6r \u2013 ein liebevoll gestaltetes Spielset f\u00fcr Kinder ab 3 Jahren.","robots":{"index":"index","follow":"follow","max-snippet":"max-snippet:-1","max-image-preview":"max-image-preview:large","max-video-preview":"max-video-preview:-1"},"canonical":"https:\/\/shop24.dietz-ih.de\/?product=schleich-farm-world-42607-tierhotel","og_locale":"de_DE","og_type":"article","og_title":"schleich FARM WORLD 42607 Tierhotel mit Zubeh\u00f6r - Dietz-Internethandel","og_description":"Entdecke das schleich FARM WORLD 42607 Tierhotel mit Zubeh\u00f6r \u2013 ein liebevoll gestaltetes Spielset f\u00fcr Kinder ab 3 Jahren.","og_url":"https:\/\/shop24.dietz-ih.de\/?product=schleich-farm-world-42607-tierhotel","og_site_name":"Dietz-Internethandel","article_publisher":"https:\/\/www.facebook.com\/profile.php?id=100081292915783","article_modified_time":"2026-01-19T12:47:52+00:00","og_image":[{"width":600,"height":600,"url":"https:\/\/shop24.dietz-ih.de\/wp-content\/uploads\/2025\/07\/schleich5-1_ergebnis.webp","type":"image\/webp"}],"twitter_card":"summary_large_image","twitter_misc":{"Gesch\u00e4tzte Lesezeit":"2\u00a0Minuten"},"schema":{"@context":"https:\/\/schema.org","@graph":[{"@type":"WebPage","@id":"https:\/\/shop24.dietz-ih.de\/?product=schleich-farm-world-42607-tierhotel","url":"https:\/\/shop24.dietz-ih.de\/?product=schleich-farm-world-42607-tierhotel","name":"schleich FARM WORLD 42607 Tierhotel mit Zubeh\u00f6r - Dietz-Internethandel","isPartOf":{"@id":"https:\/\/shop24.dietz-ih.de\/#website"},"primaryImageOfPage":{"@id":"https:\/\/shop24.dietz-ih.de\/?product=schleich-farm-world-42607-tierhotel#primaryimage"},"image":{"@id":"https:\/\/shop24.dietz-ih.de\/?product=schleich-farm-world-42607-tierhotel#primaryimage"},"thumbnailUrl":"https:\/\/i0.wp.com\/shop24.dietz-ih.de\/wp-content\/uploads\/2025\/07\/schleich5-1_ergebnis.webp?fit=600%2C600&ssl=1","datePublished":"2025-07-08T11:15:30+00:00","dateModified":"2026-01-19T12:47:52+00:00","description":"Entdecke das schleich FARM WORLD 42607 Tierhotel mit Zubeh\u00f6r \u2013 ein liebevoll gestaltetes Spielset f\u00fcr Kinder ab 3 Jahren.","breadcrumb":{"@id":"https:\/\/shop24.dietz-ih.de\/?product=schleich-farm-world-42607-tierhotel#breadcrumb"},"inLanguage":"de","potentialAction":[{"@type":"ReadAction","target":["https:\/\/shop24.dietz-ih.de\/?product=schleich-farm-world-42607-tierhotel"]}]},{"@type":"ImageObject","inLanguage":"de","@id":"https:\/\/shop24.dietz-ih.de\/?product=schleich-farm-world-42607-tierhotel#primaryimage","url":"https:\/\/i0.wp.com\/shop24.dietz-ih.de\/wp-content\/uploads\/2025\/07\/schleich5-1_ergebnis.webp?fit=600%2C600&ssl=1","contentUrl":"https:\/\/i0.wp.com\/shop24.dietz-ih.de\/wp-content\/uploads\/2025\/07\/schleich5-1_ergebnis.webp?fit=600%2C600&ssl=1","width":600,"height":600},{"@type":"BreadcrumbList","@id":"https:\/\/shop24.dietz-ih.de\/?product=schleich-farm-world-42607-tierhotel#breadcrumb","itemListElement":[{"@type":"ListItem","position":1,"name":"Startseite","item":"https:\/\/shop24.dietz-ih.de\/"},{"@type":"ListItem","position":2,"name":"Shop","item":"https:\/\/shop24.dietz-ih.de\/?page_id=7"},{"@type":"ListItem","position":3,"name":"schleich FARM WORLD 42607 Tierhotel mit Zubeh\u00f6r"}]},{"@type":"WebSite","@id":"https:\/\/shop24.dietz-ih.de\/#website","url":"https:\/\/shop24.dietz-ih.de\/","name":"Dietz-Internethandel","description":"","publisher":{"@id":"https:\/\/shop24.dietz-ih.de\/#organization"},"potentialAction":[{"@type":"SearchAction","target":{"@type":"EntryPoint","urlTemplate":"https:\/\/shop24.dietz-ih.de\/?s={search_term_string}"},"query-input":{"@type":"PropertyValueSpecification","valueRequired":true,"valueName":"search_term_string"}}],"inLanguage":"de"},{"@type":"Organization","@id":"https:\/\/shop24.dietz-ih.de\/#organization","name":"Dietz-Internethandel","url":"https:\/\/shop24.dietz-ih.de\/","logo":{"@type":"ImageObject","inLanguage":"de","@id":"https:\/\/shop24.dietz-ih.de\/#\/schema\/logo\/image\/","url":"https:\/\/i0.wp.com\/shop24.dietz-ih.de\/wp-content\/uploads\/2025\/06\/Ein-Logo-fuer-einen-Onlineshop-mit-Spielzeug.-Der-Buchstabe-D-soll-drauf-sein.-Farblich_-Gruen-Warmgelb-und-Lachs.-Und-bitte-als-ausgeschnittene-Datei-Photoroom-2.png?fit=1120%2C1120&ssl=1","contentUrl":"https:\/\/i0.wp.com\/shop24.dietz-ih.de\/wp-content\/uploads\/2025\/06\/Ein-Logo-fuer-einen-Onlineshop-mit-Spielzeug.-Der-Buchstabe-D-soll-drauf-sein.-Farblich_-Gruen-Warmgelb-und-Lachs.-Und-bitte-als-ausgeschnittene-Datei-Photoroom-2.png?fit=1120%2C1120&ssl=1","width":1120,"height":1120,"caption":"Dietz-Internethandel"},"image":{"@id":"https:\/\/shop24.dietz-ih.de\/#\/schema\/logo\/image\/"},"sameAs":["https:\/\/www.facebook.com\/profile.php?id=100081292915783","https:\/\/www.instagram.com\/dietz_internethandel\/"]}]}},"uagb_featured_image_src":{"full":["https:\/\/i0.wp.com\/shop24.dietz-ih.de\/wp-content\/uploads\/2025\/07\/schleich5-1_ergebnis.webp?fit=600%2C600&ssl=1",600,600,false],"thumbnail":["https:\/\/i0.wp.com\/shop24.dietz-ih.de\/wp-content\/uploads\/2025\/07\/schleich5-1_ergebnis.webp?resize=150%2C150&ssl=1",150,150,true],"medium":["https:\/\/i0.wp.com\/shop24.dietz-ih.de\/wp-content\/uploads\/2025\/07\/schleich5-1_ergebnis.webp?fit=300%2C300&ssl=1",300,300,true],"medium_large":["https:\/\/i0.wp.com\/shop24.dietz-ih.de\/wp-content\/uploads\/2025\/07\/schleich5-1_ergebnis.webp?fit=600%2C600&ssl=1",600,600,true],"large":["https:\/\/i0.wp.com\/shop24.dietz-ih.de\/wp-content\/uploads\/2025\/07\/schleich5-1_ergebnis.webp?fit=600%2C600&ssl=1",600,600,true],"gs-tiny":["https:\/\/i0.wp.com\/shop24.dietz-ih.de\/wp-content\/uploads\/2025\/07\/schleich5-1_ergebnis.webp?fit=50%2C50&ssl=1",50,50,true],"xl":["https:\/\/i0.wp.com\/shop24.dietz-ih.de\/wp-content\/uploads\/2025\/07\/schleich5-1_ergebnis.webp?fit=600%2C600&ssl=1",600,600,true],"xxl":["https:\/\/i0.wp.com\/shop24.dietz-ih.de\/wp-content\/uploads\/2025\/07\/schleich5-1_ergebnis.webp?fit=600%2C600&ssl=1",600,600,true],"xxxl":["https:\/\/i0.wp.com\/shop24.dietz-ih.de\/wp-content\/uploads\/2025\/07\/schleich5-1_ergebnis.webp?fit=600%2C600&ssl=1",600,600,true],"xxxxl":["https:\/\/i0.wp.com\/shop24.dietz-ih.de\/wp-content\/uploads\/2025\/07\/schleich5-1_ergebnis.webp?fit=600%2C600&ssl=1",600,600,true],"xxxxxl":["https:\/\/i0.wp.com\/shop24.dietz-ih.de\/wp-content\/uploads\/2025\/07\/schleich5-1_ergebnis.webp?fit=600%2C600&ssl=1",600,600,true],"1536x1536":["https:\/\/i0.wp.com\/shop24.dietz-ih.de\/wp-content\/uploads\/2025\/07\/schleich5-1_ergebnis.webp?fit=600%2C600&ssl=1",600,600,true],"2048x2048":["https:\/\/i0.wp.com\/shop24.dietz-ih.de\/wp-content\/uploads\/2025\/07\/schleich5-1_ergebnis.webp?fit=600%2C600&ssl=1",600,600,true],"woocommerce_thumbnail":["https:\/\/i0.wp.com\/shop24.dietz-ih.de\/wp-content\/uploads\/2025\/07\/schleich5-1_ergebnis.webp?resize=600%2C600&ssl=1",600,600,true],"woocommerce_single":["https:\/\/i0.wp.com\/shop24.dietz-ih.de\/wp-content\/uploads\/2025\/07\/schleich5-1_ergebnis.webp?fit=600%2C600&ssl=1",600,600,true],"woocommerce_gallery_thumbnail":["https:\/\/i0.wp.com\/shop24.dietz-ih.de\/wp-content\/uploads\/2025\/07\/schleich5-1_ergebnis.webp?resize=100%2C100&ssl=1",100,100,true]},"uagb_author_info":{"display_name":"admin","author_link":"https:\/\/shop24.dietz-ih.de\/?author=0"},"uagb_comment_info":0,"uagb_excerpt":"In diesem liebevoll eingerichteten Tierhotel finden kleine Tierfreunde alles, was das Herz begehrt: verschiedene Tierarten wie Hundewelpen, Katzen, Hasen, Meerschweinchen, ein Zicklein und mehr erleben hier spannende Abenteuer. Mit zahlreichen Spielger\u00e4ten, R\u00fcckzugsm\u00f6glichkeiten und einer f\u00fcrsorglichen Pflegerin sorgt das Set f\u00fcr abwechslungsreichen Spielspa\u00df. Ideal f\u00fcr Kinder ab 4 Jahren, die Tiere lieben und gerne kreative Geschichten&hellip;","jetpack_sharing_enabled":true,"_links":{"self":[{"href":"https:\/\/shop24.dietz-ih.de\/index.php?rest_route=\/wp\/v2\/product\/578","targetHints":{"allow":["GET"]}}],"collection":[{"href":"https:\/\/shop24.dietz-ih.de\/index.php?rest_route=\/wp\/v2\/product"}],"about":[{"href":"https:\/\/shop24.dietz-ih.de\/index.php?rest_route=\/wp\/v2\/types\/product"}],"replies":[{"embeddable":true,"href":"https:\/\/shop24.dietz-ih.de\/index.php?rest_route=%2Fwp%2Fv2%2Fcomments&post=578"}],"wp:featuredmedia":[{"embeddable":true,"href":"https:\/\/shop24.dietz-ih.de\/index.php?rest_route=\/wp\/v2\/media\/579"}],"wp:attachment":[{"href":"https:\/\/shop24.dietz-ih.de\/index.php?rest_route=%2Fwp%2Fv2%2Fmedia&parent=578"}],"wp:term":[{"taxonomy":"product_brand","embeddable":true,"href":"https:\/\/shop24.dietz-ih.de\/index.php?rest_route=%2Fwp%2Fv2%2Fproduct_brand&post=578"},{"taxonomy":"product_cat","embeddable":true,"href":"https:\/\/shop24.dietz-ih.de\/index.php?rest_route=%2Fwp%2Fv2%2Fproduct_cat&post=578"},{"taxonomy":"product_tag","embeddable":true,"href":"https:\/\/shop24.dietz-ih.de\/index.php?rest_route=%2Fwp%2Fv2%2Fproduct_tag&post=578"}],"curies":[{"name":"wp","href":"https:\/\/api.w.org\/{rel}","templated":true}]}}