{"id":594,"date":"2025-07-09T12:23:57","date_gmt":"2025-07-09T10:23:57","guid":{"rendered":"https:\/\/shop24.dietz-ih.de\/?post_type=product&#038;p=594"},"modified":"2026-01-19T13:45:27","modified_gmt":"2026-01-19T12:45:27","slug":"lego-star-wars-75192-millennium-falke","status":"publish","type":"product","link":"https:\/\/shop24.dietz-ih.de\/?product=lego-star-wars-75192-millennium-falke","title":{"rendered":"LEGO\u00ae Star Wars 75192 Millennium Falke"},"content":{"rendered":"<h2 data-start=\"169\" data-end=\"247\">LEGO\u00ae Star Wars 75192 Millennium Falke \u2013 Ultimatives Sammlermodell (7.500 Teile)<\/h2>\n<p data-start=\"249\" data-end=\"354\"><strong data-start=\"249\" data-end=\"354\">Begib dich auf eine galaktische Reise mit dem gr\u00f6\u00dften Millennium Falcon, den LEGO\u00ae je erschaffen hat!<\/strong><\/p>\n<p data-start=\"356\" data-end=\"646\">Das imposante <strong>LEGO\u00ae Star Wars 75192 Millennium Falke<\/strong> ist mit seinen <strong data-start=\"423\" data-end=\"439\">7.500 Teilen<\/strong> ein wahres Meisterwerk f\u00fcr jeden Star Wars Fan und LEGO Enthusiasten. Dieses Sammlerst\u00fcck kombiniert beeindruckende Detailtreue mit kultigem Design \u2013 perfekt zum Ausstellen oder Nachspielen epischer Szenen.<\/p>\n<p data-start=\"648\" data-end=\"1102\">Erlebe Han Solos legend\u00e4ren Corellian-Frachter in nie dagewesenem Detailreichtum. Von den <strong data-start=\"738\" data-end=\"763\">Vierlingslaserkanonen<\/strong> \u00fcber das realistische <strong data-start=\"786\" data-end=\"815\">Cockpit f\u00fcr 4 Minifiguren<\/strong> bis hin zu den <strong data-start=\"831\" data-end=\"859\">abnehmbaren Rumpfplatten<\/strong> \u2013 jeder Aspekt dieses Modells ist ein Erlebnis f\u00fcr sich. Der vollst\u00e4ndig ausgestattete Innenraum mit <strong data-start=\"961\" data-end=\"978\">Dejarik-Spiel<\/strong>, Technikstation, Maschinenraum und Gesch\u00fctzstation bringt die ikonische Sternenschiff-Atmosph\u00e4re direkt in dein Wohnzimmer.<\/p>\n<p data-start=\"1104\" data-end=\"1378\"><strong data-start=\"1104\" data-end=\"1122\">Das Besondere:<\/strong> Wechsle zwischen der klassischen Crew aus der Original-Trilogie und der neuen Besatzung aus Episode VII\/VIII! Mit dabei sind Han Solo, Chewbacca, Prinzessin Leia, C-3PO, Rey, Finn, der \u00e4ltere Han sowie BB-8 \u2013 inklusive Zubeh\u00f6r wie Blastern und Atemmasken.<\/p>\n<h3 data-start=\"1385\" data-end=\"1410\">\u00a0Produkt-Highlights:<\/h3>\n<ul data-start=\"1412\" data-end=\"1873\">\n<li data-start=\"1412\" data-end=\"1480\">\n<p data-start=\"1414\" data-end=\"1480\"><strong data-start=\"1417\" data-end=\"1432\">7.500 Teile<\/strong> \u2013 eines der gr\u00f6\u00dften LEGO Modelle aller Zeiten<\/p>\n<\/li>\n<li data-start=\"1481\" data-end=\"1544\">\n<p data-start=\"1483\" data-end=\"1544\"><strong data-start=\"1489\" data-end=\"1519\">7 detailreiche Minifiguren<\/strong> + BB-8, Porgs &amp; Mynock<\/p>\n<\/li>\n<li data-start=\"1545\" data-end=\"1611\">\n<p data-start=\"1547\" data-end=\"1611\"><strong data-start=\"1550\" data-end=\"1582\">Wechselbare Crews &amp; Sensoren<\/strong> \u2013 spiele Klassik &amp; Moderne<\/p>\n<\/li>\n<li data-start=\"1612\" data-end=\"1681\">\n<p data-start=\"1614\" data-end=\"1681\"><strong data-start=\"1618\" data-end=\"1645\">Detailreicher Innenraum<\/strong> mit Frachtr\u00e4umen &amp; Technikstation<\/p>\n<\/li>\n<li data-start=\"1682\" data-end=\"1750\">\n<p data-start=\"1684\" data-end=\"1750\"><strong data-start=\"1687\" data-end=\"1719\">Originalgetreue Ausstattung:<\/strong> Laserkanonen, Rampe, Cockpit<\/p>\n<\/li>\n<li data-start=\"1751\" data-end=\"1820\">\n<p data-start=\"1753\" data-end=\"1820\"><strong data-start=\"1756\" data-end=\"1783\">Perfektes Display-St\u00fcck<\/strong> oder Galaxien-spannendes Spielzeug<\/p>\n<\/li>\n<li data-start=\"1821\" data-end=\"1873\">\n<p data-start=\"1823\" data-end=\"1873\">\u00a0Ma\u00dfe: <strong data-start=\"1832\" data-end=\"1871\">84 cm lang, 56 cm breit, 21 cm hoch<\/strong><\/p>\n<\/li>\n<\/ul>\n<p data-start=\"1880\" data-end=\"2097\">Mit diesem ultimativen LEGO\u00ae Star Wars Millennium Falcon holst du dir die Galaxis direkt ins Wohnzimmer \u2013 ein <strong data-start=\"1990\" data-end=\"2025\">episches Bau- und Spielerlebnis<\/strong>, das Nostalgie und neue Abenteuer vereint. Jetzt entdecken und abheben!<\/p>\n","protected":false},"excerpt":{"rendered":"<p>Tauche ein in die LEGO\u00ae Galaxie mit dem ultimativen <strong>LEGO\u00ae Star Wars 75192 Millennium Falke<\/strong> \u2013 dem gr\u00f6\u00dften und detailreichsten Star Wars Modell aller Zeiten! Mit 7.500 Teilen, originalgetreuem Innenraum und legend\u00e4ren Minifiguren aus der klassischen Trilogie und den neuen Episoden l\u00e4sst dieses Meisterwerk Fanherzen h\u00f6herschlagen. Entdecke versteckte Details, spiele unvergessliche Szenen nach oder stelle das ikonische Raumschiff stolz aus. Egal ob leidenschaftlicher Sammler oder Abenteurer im Herzen \u2013 dieses Set bringt die Macht direkt zu dir nach Hause. Bereit zum Abheben?<\/p>\n","protected":false},"featured_media":595,"comment_status":"open","ping_status":"closed","template":"","meta":{"_coblocks_attr":"","_coblocks_dimensions":"","_coblocks_responsive_height":"","_coblocks_accordion_ie_support":"","_eb_attr":"","_uag_custom_page_level_css":""},"product_brand":[158],"product_cat":[15],"product_tag":[165,166,163,167,168,169,170],"class_list":{"0":"post-594","1":"product","2":"type-product","3":"status-publish","4":"has-post-thumbnail","6":"product_brand-lego","7":"product_cat-lego","8":"product_tag-165","9":"product_tag-falke","10":"product_tag-lego","11":"product_tag-legostarwars","12":"product_tag-millenium","13":"product_tag-millenium-falke","14":"product_tag-star-wars","16":"first","17":"outofstock","18":"taxable","19":"shipping-taxable","20":"purchasable","21":"product-type-simple"},"yoast_head":"<!-- This site is optimized with the Yoast SEO plugin v27.4 - https:\/\/yoast.com\/product\/yoast-seo-wordpress\/ -->\n<title>LEGO\u00ae Star Wars 75192 Millennium Falke - Dietz-Internethandel<\/title>\n<meta name=\"description\" content=\"Erlebe LEGO\u00ae Star Wars 75192 Millennium Falke: 7.500 Teile, detailreich &amp; legend\u00e4r \u2013 f\u00fcr Fans, Sammler &amp; intergalaktische Abenteurer.\" \/>\n<meta name=\"robots\" content=\"index, follow, max-snippet:-1, max-image-preview:large, max-video-preview:-1\" \/>\n<link rel=\"canonical\" href=\"https:\/\/shop24.dietz-ih.de\/?product=lego-star-wars-75192-millennium-falke\" \/>\n<meta property=\"og:locale\" content=\"de_DE\" \/>\n<meta property=\"og:type\" content=\"article\" \/>\n<meta property=\"og:title\" content=\"LEGO\u00ae Star Wars 75192 Millennium Falke - Dietz-Internethandel\" \/>\n<meta property=\"og:description\" content=\"Erlebe LEGO\u00ae Star Wars 75192 Millennium Falke: 7.500 Teile, detailreich &amp; legend\u00e4r \u2013 f\u00fcr Fans, Sammler &amp; intergalaktische Abenteurer.\" \/>\n<meta property=\"og:url\" content=\"https:\/\/shop24.dietz-ih.de\/?product=lego-star-wars-75192-millennium-falke\" \/>\n<meta property=\"og:site_name\" content=\"Dietz-Internethandel\" \/>\n<meta property=\"article:publisher\" content=\"https:\/\/www.facebook.com\/profile.php?id=100081292915783\" \/>\n<meta property=\"article:modified_time\" content=\"2026-01-19T12:45:27+00:00\" \/>\n<meta property=\"og:image\" content=\"https:\/\/shop24.dietz-ih.de\/wp-content\/uploads\/2025\/07\/LEGO_75192_1_ergebnis.jpg\" \/>\n\t<meta property=\"og:image:width\" content=\"600\" \/>\n\t<meta property=\"og:image:height\" content=\"600\" \/>\n\t<meta property=\"og:image:type\" content=\"image\/jpeg\" \/>\n<meta name=\"twitter:card\" content=\"summary_large_image\" \/>\n<meta name=\"twitter:label1\" content=\"Gesch\u00e4tzte Lesezeit\" \/>\n\t<meta name=\"twitter:data1\" content=\"2\u00a0Minuten\" \/>\n<script type=\"application\/ld+json\" class=\"yoast-schema-graph\">{\"@context\":\"https:\\\/\\\/schema.org\",\"@graph\":[{\"@type\":\"WebPage\",\"@id\":\"https:\\\/\\\/shop24.dietz-ih.de\\\/?product=lego-star-wars-75192-millennium-falke\",\"url\":\"https:\\\/\\\/shop24.dietz-ih.de\\\/?product=lego-star-wars-75192-millennium-falke\",\"name\":\"LEGO\u00ae Star Wars 75192 Millennium Falke - Dietz-Internethandel\",\"isPartOf\":{\"@id\":\"https:\\\/\\\/shop24.dietz-ih.de\\\/#website\"},\"primaryImageOfPage\":{\"@id\":\"https:\\\/\\\/shop24.dietz-ih.de\\\/?product=lego-star-wars-75192-millennium-falke#primaryimage\"},\"image\":{\"@id\":\"https:\\\/\\\/shop24.dietz-ih.de\\\/?product=lego-star-wars-75192-millennium-falke#primaryimage\"},\"thumbnailUrl\":\"https:\\\/\\\/i0.wp.com\\\/shop24.dietz-ih.de\\\/wp-content\\\/uploads\\\/2025\\\/07\\\/LEGO_75192_1_ergebnis.jpg?fit=600%2C600&ssl=1\",\"datePublished\":\"2025-07-09T10:23:57+00:00\",\"dateModified\":\"2026-01-19T12:45:27+00:00\",\"description\":\"Erlebe LEGO\u00ae Star Wars 75192 Millennium Falke: 7.500 Teile, detailreich & legend\u00e4r \u2013 f\u00fcr Fans, Sammler & intergalaktische Abenteurer.\",\"breadcrumb\":{\"@id\":\"https:\\\/\\\/shop24.dietz-ih.de\\\/?product=lego-star-wars-75192-millennium-falke#breadcrumb\"},\"inLanguage\":\"de\",\"potentialAction\":[{\"@type\":\"ReadAction\",\"target\":[\"https:\\\/\\\/shop24.dietz-ih.de\\\/?product=lego-star-wars-75192-millennium-falke\"]}]},{\"@type\":\"ImageObject\",\"inLanguage\":\"de\",\"@id\":\"https:\\\/\\\/shop24.dietz-ih.de\\\/?product=lego-star-wars-75192-millennium-falke#primaryimage\",\"url\":\"https:\\\/\\\/i0.wp.com\\\/shop24.dietz-ih.de\\\/wp-content\\\/uploads\\\/2025\\\/07\\\/LEGO_75192_1_ergebnis.jpg?fit=600%2C600&ssl=1\",\"contentUrl\":\"https:\\\/\\\/i0.wp.com\\\/shop24.dietz-ih.de\\\/wp-content\\\/uploads\\\/2025\\\/07\\\/LEGO_75192_1_ergebnis.jpg?fit=600%2C600&ssl=1\",\"width\":600,\"height\":600},{\"@type\":\"BreadcrumbList\",\"@id\":\"https:\\\/\\\/shop24.dietz-ih.de\\\/?product=lego-star-wars-75192-millennium-falke#breadcrumb\",\"itemListElement\":[{\"@type\":\"ListItem\",\"position\":1,\"name\":\"Startseite\",\"item\":\"https:\\\/\\\/shop24.dietz-ih.de\\\/\"},{\"@type\":\"ListItem\",\"position\":2,\"name\":\"Shop\",\"item\":\"https:\\\/\\\/shop24.dietz-ih.de\\\/?page_id=7\"},{\"@type\":\"ListItem\",\"position\":3,\"name\":\"LEGO\u00ae Star Wars 75192 Millennium Falke\"}]},{\"@type\":\"WebSite\",\"@id\":\"https:\\\/\\\/shop24.dietz-ih.de\\\/#website\",\"url\":\"https:\\\/\\\/shop24.dietz-ih.de\\\/\",\"name\":\"Dietz-Internethandel\",\"description\":\"\",\"publisher\":{\"@id\":\"https:\\\/\\\/shop24.dietz-ih.de\\\/#organization\"},\"potentialAction\":[{\"@type\":\"SearchAction\",\"target\":{\"@type\":\"EntryPoint\",\"urlTemplate\":\"https:\\\/\\\/shop24.dietz-ih.de\\\/?s={search_term_string}\"},\"query-input\":{\"@type\":\"PropertyValueSpecification\",\"valueRequired\":true,\"valueName\":\"search_term_string\"}}],\"inLanguage\":\"de\"},{\"@type\":\"Organization\",\"@id\":\"https:\\\/\\\/shop24.dietz-ih.de\\\/#organization\",\"name\":\"Dietz-Internethandel\",\"url\":\"https:\\\/\\\/shop24.dietz-ih.de\\\/\",\"logo\":{\"@type\":\"ImageObject\",\"inLanguage\":\"de\",\"@id\":\"https:\\\/\\\/shop24.dietz-ih.de\\\/#\\\/schema\\\/logo\\\/image\\\/\",\"url\":\"https:\\\/\\\/i0.wp.com\\\/shop24.dietz-ih.de\\\/wp-content\\\/uploads\\\/2025\\\/06\\\/Ein-Logo-fuer-einen-Onlineshop-mit-Spielzeug.-Der-Buchstabe-D-soll-drauf-sein.-Farblich_-Gruen-Warmgelb-und-Lachs.-Und-bitte-als-ausgeschnittene-Datei-Photoroom-2.png?fit=1120%2C1120&ssl=1\",\"contentUrl\":\"https:\\\/\\\/i0.wp.com\\\/shop24.dietz-ih.de\\\/wp-content\\\/uploads\\\/2025\\\/06\\\/Ein-Logo-fuer-einen-Onlineshop-mit-Spielzeug.-Der-Buchstabe-D-soll-drauf-sein.-Farblich_-Gruen-Warmgelb-und-Lachs.-Und-bitte-als-ausgeschnittene-Datei-Photoroom-2.png?fit=1120%2C1120&ssl=1\",\"width\":1120,\"height\":1120,\"caption\":\"Dietz-Internethandel\"},\"image\":{\"@id\":\"https:\\\/\\\/shop24.dietz-ih.de\\\/#\\\/schema\\\/logo\\\/image\\\/\"},\"sameAs\":[\"https:\\\/\\\/www.facebook.com\\\/profile.php?id=100081292915783\",\"https:\\\/\\\/www.instagram.com\\\/dietz_internethandel\\\/\"]}]}<\/script>\n<!-- \/ Yoast SEO plugin. -->","yoast_head_json":{"title":"LEGO\u00ae Star Wars 75192 Millennium Falke - Dietz-Internethandel","description":"Erlebe LEGO\u00ae Star Wars 75192 Millennium Falke: 7.500 Teile, detailreich & legend\u00e4r \u2013 f\u00fcr Fans, Sammler & intergalaktische Abenteurer.","robots":{"index":"index","follow":"follow","max-snippet":"max-snippet:-1","max-image-preview":"max-image-preview:large","max-video-preview":"max-video-preview:-1"},"canonical":"https:\/\/shop24.dietz-ih.de\/?product=lego-star-wars-75192-millennium-falke","og_locale":"de_DE","og_type":"article","og_title":"LEGO\u00ae Star Wars 75192 Millennium Falke - Dietz-Internethandel","og_description":"Erlebe LEGO\u00ae Star Wars 75192 Millennium Falke: 7.500 Teile, detailreich & legend\u00e4r \u2013 f\u00fcr Fans, Sammler & intergalaktische Abenteurer.","og_url":"https:\/\/shop24.dietz-ih.de\/?product=lego-star-wars-75192-millennium-falke","og_site_name":"Dietz-Internethandel","article_publisher":"https:\/\/www.facebook.com\/profile.php?id=100081292915783","article_modified_time":"2026-01-19T12:45:27+00:00","og_image":[{"width":600,"height":600,"url":"https:\/\/shop24.dietz-ih.de\/wp-content\/uploads\/2025\/07\/LEGO_75192_1_ergebnis.jpg","type":"image\/jpeg"}],"twitter_card":"summary_large_image","twitter_misc":{"Gesch\u00e4tzte Lesezeit":"2\u00a0Minuten"},"schema":{"@context":"https:\/\/schema.org","@graph":[{"@type":"WebPage","@id":"https:\/\/shop24.dietz-ih.de\/?product=lego-star-wars-75192-millennium-falke","url":"https:\/\/shop24.dietz-ih.de\/?product=lego-star-wars-75192-millennium-falke","name":"LEGO\u00ae Star Wars 75192 Millennium Falke - Dietz-Internethandel","isPartOf":{"@id":"https:\/\/shop24.dietz-ih.de\/#website"},"primaryImageOfPage":{"@id":"https:\/\/shop24.dietz-ih.de\/?product=lego-star-wars-75192-millennium-falke#primaryimage"},"image":{"@id":"https:\/\/shop24.dietz-ih.de\/?product=lego-star-wars-75192-millennium-falke#primaryimage"},"thumbnailUrl":"https:\/\/i0.wp.com\/shop24.dietz-ih.de\/wp-content\/uploads\/2025\/07\/LEGO_75192_1_ergebnis.jpg?fit=600%2C600&ssl=1","datePublished":"2025-07-09T10:23:57+00:00","dateModified":"2026-01-19T12:45:27+00:00","description":"Erlebe LEGO\u00ae Star Wars 75192 Millennium Falke: 7.500 Teile, detailreich & legend\u00e4r \u2013 f\u00fcr Fans, Sammler & intergalaktische Abenteurer.","breadcrumb":{"@id":"https:\/\/shop24.dietz-ih.de\/?product=lego-star-wars-75192-millennium-falke#breadcrumb"},"inLanguage":"de","potentialAction":[{"@type":"ReadAction","target":["https:\/\/shop24.dietz-ih.de\/?product=lego-star-wars-75192-millennium-falke"]}]},{"@type":"ImageObject","inLanguage":"de","@id":"https:\/\/shop24.dietz-ih.de\/?product=lego-star-wars-75192-millennium-falke#primaryimage","url":"https:\/\/i0.wp.com\/shop24.dietz-ih.de\/wp-content\/uploads\/2025\/07\/LEGO_75192_1_ergebnis.jpg?fit=600%2C600&ssl=1","contentUrl":"https:\/\/i0.wp.com\/shop24.dietz-ih.de\/wp-content\/uploads\/2025\/07\/LEGO_75192_1_ergebnis.jpg?fit=600%2C600&ssl=1","width":600,"height":600},{"@type":"BreadcrumbList","@id":"https:\/\/shop24.dietz-ih.de\/?product=lego-star-wars-75192-millennium-falke#breadcrumb","itemListElement":[{"@type":"ListItem","position":1,"name":"Startseite","item":"https:\/\/shop24.dietz-ih.de\/"},{"@type":"ListItem","position":2,"name":"Shop","item":"https:\/\/shop24.dietz-ih.de\/?page_id=7"},{"@type":"ListItem","position":3,"name":"LEGO\u00ae Star Wars 75192 Millennium Falke"}]},{"@type":"WebSite","@id":"https:\/\/shop24.dietz-ih.de\/#website","url":"https:\/\/shop24.dietz-ih.de\/","name":"Dietz-Internethandel","description":"","publisher":{"@id":"https:\/\/shop24.dietz-ih.de\/#organization"},"potentialAction":[{"@type":"SearchAction","target":{"@type":"EntryPoint","urlTemplate":"https:\/\/shop24.dietz-ih.de\/?s={search_term_string}"},"query-input":{"@type":"PropertyValueSpecification","valueRequired":true,"valueName":"search_term_string"}}],"inLanguage":"de"},{"@type":"Organization","@id":"https:\/\/shop24.dietz-ih.de\/#organization","name":"Dietz-Internethandel","url":"https:\/\/shop24.dietz-ih.de\/","logo":{"@type":"ImageObject","inLanguage":"de","@id":"https:\/\/shop24.dietz-ih.de\/#\/schema\/logo\/image\/","url":"https:\/\/i0.wp.com\/shop24.dietz-ih.de\/wp-content\/uploads\/2025\/06\/Ein-Logo-fuer-einen-Onlineshop-mit-Spielzeug.-Der-Buchstabe-D-soll-drauf-sein.-Farblich_-Gruen-Warmgelb-und-Lachs.-Und-bitte-als-ausgeschnittene-Datei-Photoroom-2.png?fit=1120%2C1120&ssl=1","contentUrl":"https:\/\/i0.wp.com\/shop24.dietz-ih.de\/wp-content\/uploads\/2025\/06\/Ein-Logo-fuer-einen-Onlineshop-mit-Spielzeug.-Der-Buchstabe-D-soll-drauf-sein.-Farblich_-Gruen-Warmgelb-und-Lachs.-Und-bitte-als-ausgeschnittene-Datei-Photoroom-2.png?fit=1120%2C1120&ssl=1","width":1120,"height":1120,"caption":"Dietz-Internethandel"},"image":{"@id":"https:\/\/shop24.dietz-ih.de\/#\/schema\/logo\/image\/"},"sameAs":["https:\/\/www.facebook.com\/profile.php?id=100081292915783","https:\/\/www.instagram.com\/dietz_internethandel\/"]}]}},"uagb_featured_image_src":{"full":["https:\/\/i0.wp.com\/shop24.dietz-ih.de\/wp-content\/uploads\/2025\/07\/LEGO_75192_1_ergebnis.jpg?fit=600%2C600&ssl=1",600,600,false],"thumbnail":["https:\/\/i0.wp.com\/shop24.dietz-ih.de\/wp-content\/uploads\/2025\/07\/LEGO_75192_1_ergebnis.jpg?resize=150%2C150&ssl=1",150,150,true],"medium":["https:\/\/i0.wp.com\/shop24.dietz-ih.de\/wp-content\/uploads\/2025\/07\/LEGO_75192_1_ergebnis.jpg?fit=300%2C300&ssl=1",300,300,true],"medium_large":["https:\/\/i0.wp.com\/shop24.dietz-ih.de\/wp-content\/uploads\/2025\/07\/LEGO_75192_1_ergebnis.jpg?fit=600%2C600&ssl=1",600,600,true],"large":["https:\/\/i0.wp.com\/shop24.dietz-ih.de\/wp-content\/uploads\/2025\/07\/LEGO_75192_1_ergebnis.jpg?fit=600%2C600&ssl=1",600,600,true],"gs-tiny":["https:\/\/i0.wp.com\/shop24.dietz-ih.de\/wp-content\/uploads\/2025\/07\/LEGO_75192_1_ergebnis.jpg?fit=50%2C50&ssl=1",50,50,true],"xl":["https:\/\/i0.wp.com\/shop24.dietz-ih.de\/wp-content\/uploads\/2025\/07\/LEGO_75192_1_ergebnis.jpg?fit=600%2C600&ssl=1",600,600,true],"xxl":["https:\/\/i0.wp.com\/shop24.dietz-ih.de\/wp-content\/uploads\/2025\/07\/LEGO_75192_1_ergebnis.jpg?fit=600%2C600&ssl=1",600,600,true],"xxxl":["https:\/\/i0.wp.com\/shop24.dietz-ih.de\/wp-content\/uploads\/2025\/07\/LEGO_75192_1_ergebnis.jpg?fit=600%2C600&ssl=1",600,600,true],"xxxxl":["https:\/\/i0.wp.com\/shop24.dietz-ih.de\/wp-content\/uploads\/2025\/07\/LEGO_75192_1_ergebnis.jpg?fit=600%2C600&ssl=1",600,600,true],"xxxxxl":["https:\/\/i0.wp.com\/shop24.dietz-ih.de\/wp-content\/uploads\/2025\/07\/LEGO_75192_1_ergebnis.jpg?fit=600%2C600&ssl=1",600,600,true],"1536x1536":["https:\/\/i0.wp.com\/shop24.dietz-ih.de\/wp-content\/uploads\/2025\/07\/LEGO_75192_1_ergebnis.jpg?fit=600%2C600&ssl=1",600,600,true],"2048x2048":["https:\/\/i0.wp.com\/shop24.dietz-ih.de\/wp-content\/uploads\/2025\/07\/LEGO_75192_1_ergebnis.jpg?fit=600%2C600&ssl=1",600,600,true],"woocommerce_thumbnail":["https:\/\/i0.wp.com\/shop24.dietz-ih.de\/wp-content\/uploads\/2025\/07\/LEGO_75192_1_ergebnis.jpg?resize=600%2C600&ssl=1",600,600,true],"woocommerce_single":["https:\/\/i0.wp.com\/shop24.dietz-ih.de\/wp-content\/uploads\/2025\/07\/LEGO_75192_1_ergebnis.jpg?fit=600%2C600&ssl=1",600,600,true],"woocommerce_gallery_thumbnail":["https:\/\/i0.wp.com\/shop24.dietz-ih.de\/wp-content\/uploads\/2025\/07\/LEGO_75192_1_ergebnis.jpg?resize=100%2C100&ssl=1",100,100,true]},"uagb_author_info":{"display_name":"admin","author_link":"https:\/\/shop24.dietz-ih.de\/?author=0"},"uagb_comment_info":0,"uagb_excerpt":"Tauche ein in die LEGO\u00ae Galaxie mit dem ultimativen LEGO\u00ae Star Wars 75192 Millennium Falke \u2013 dem gr\u00f6\u00dften und detailreichsten Star Wars Modell aller Zeiten! Mit 7.500 Teilen, originalgetreuem Innenraum und legend\u00e4ren Minifiguren aus der klassischen Trilogie und den neuen Episoden l\u00e4sst dieses Meisterwerk Fanherzen h\u00f6herschlagen. Entdecke versteckte Details, spiele unvergessliche Szenen nach oder stelle&hellip;","jetpack_sharing_enabled":true,"_links":{"self":[{"href":"https:\/\/shop24.dietz-ih.de\/index.php?rest_route=\/wp\/v2\/product\/594","targetHints":{"allow":["GET"]}}],"collection":[{"href":"https:\/\/shop24.dietz-ih.de\/index.php?rest_route=\/wp\/v2\/product"}],"about":[{"href":"https:\/\/shop24.dietz-ih.de\/index.php?rest_route=\/wp\/v2\/types\/product"}],"replies":[{"embeddable":true,"href":"https:\/\/shop24.dietz-ih.de\/index.php?rest_route=%2Fwp%2Fv2%2Fcomments&post=594"}],"wp:featuredmedia":[{"embeddable":true,"href":"https:\/\/shop24.dietz-ih.de\/index.php?rest_route=\/wp\/v2\/media\/595"}],"wp:attachment":[{"href":"https:\/\/shop24.dietz-ih.de\/index.php?rest_route=%2Fwp%2Fv2%2Fmedia&parent=594"}],"wp:term":[{"taxonomy":"product_brand","embeddable":true,"href":"https:\/\/shop24.dietz-ih.de\/index.php?rest_route=%2Fwp%2Fv2%2Fproduct_brand&post=594"},{"taxonomy":"product_cat","embeddable":true,"href":"https:\/\/shop24.dietz-ih.de\/index.php?rest_route=%2Fwp%2Fv2%2Fproduct_cat&post=594"},{"taxonomy":"product_tag","embeddable":true,"href":"https:\/\/shop24.dietz-ih.de\/index.php?rest_route=%2Fwp%2Fv2%2Fproduct_tag&post=594"}],"curies":[{"name":"wp","href":"https:\/\/api.w.org\/{rel}","templated":true}]}}