{"id":598,"date":"2025-07-09T12:33:07","date_gmt":"2025-07-09T10:33:07","guid":{"rendered":"https:\/\/shop24.dietz-ih.de\/?post_type=product&#038;p=598"},"modified":"2026-01-19T13:43:32","modified_gmt":"2026-01-19T12:43:32","slug":"lego-harry-potter-76391-hogwarts-ikonen-sammler-edition","status":"publish","type":"product","link":"https:\/\/shop24.dietz-ih.de\/?product=lego-harry-potter-76391-hogwarts-ikonen-sammler-edition","title":{"rendered":"LEGO\u00ae Harry Potter 76391 Hogwarts\u2122 Ikonen \u2013 Sammler-Edition"},"content":{"rendered":"<h3 data-start=\"252\" data-end=\"322\"><strong data-start=\"256\" data-end=\"320\">LEGO\u00ae Harry Potter 76391\u00a0 Hogwarts\u2122 Ikonen Sammler-Edition<\/strong><\/h3>\n<p data-start=\"98\" data-end=\"422\">Erleben Sie die Zauberwelt wie nie zuvor mit der <strong>LEGO\u00ae Harry Potter 76391 Hogwarts\u2122 Ikonen Sammler-Edition<\/strong> \u2013 einem exklusiven Sammlerset f\u00fcr erwachsene Fans. Dieses eindrucksvolle Ausstellungsst\u00fcck vereint <strong data-start=\"314\" data-end=\"366\">legend\u00e4re Artefakte aus den Harry Potter\u2122 Filmen<\/strong> in einem detailverliebten Modell mit \u00fcber 3.000 Teilen.<\/p>\n<h3 data-start=\"424\" data-end=\"471\">\u00a0Magische Highlights f\u00fcr echte Potterheads<\/h3>\n<ul data-start=\"473\" data-end=\"760\">\n<li data-start=\"473\" data-end=\"507\">\n<p data-start=\"475\" data-end=\"507\"><strong data-start=\"475\" data-end=\"507\">Harrys Zauberstab und Brille<\/strong><\/p>\n<\/li>\n<li data-start=\"508\" data-end=\"587\">\n<p data-start=\"510\" data-end=\"587\"><strong data-start=\"510\" data-end=\"548\">Hermines Tablett mit Zaubertr\u00e4nken<\/strong> inkl. Vielsaft-Trank &amp; Fl\u00fcssiges Gl\u00fcck<\/p>\n<\/li>\n<li data-start=\"588\" data-end=\"611\">\n<p data-start=\"590\" data-end=\"611\"><strong data-start=\"590\" data-end=\"611\">Rons Schokofrosch<\/strong><\/p>\n<\/li>\n<li data-start=\"612\" data-end=\"638\">\n<p data-start=\"614\" data-end=\"638\"><strong data-start=\"614\" data-end=\"638\">Tom Riddles Tagebuch<\/strong><\/p>\n<\/li>\n<li data-start=\"639\" data-end=\"664\">\n<p data-start=\"641\" data-end=\"664\"><strong data-start=\"641\" data-end=\"664\">Der goldene Schnatz<\/strong><\/p>\n<\/li>\n<li data-start=\"665\" data-end=\"717\">\n<p data-start=\"667\" data-end=\"717\"><strong data-start=\"667\" data-end=\"702\">Ein anpassbarer Hogwarts\u2122 Schal<\/strong> f\u00fcr jedes Haus<\/p>\n<\/li>\n<li data-start=\"718\" data-end=\"760\">\n<p data-start=\"720\" data-end=\"760\"><strong data-start=\"720\" data-end=\"760\">Eule Hedwig\u2122 mit Hogwarts\u2122 Einladung<\/strong><\/p>\n<\/li>\n<\/ul>\n<p data-start=\"762\" data-end=\"954\">Kr\u00f6nender Abschluss: Die majest\u00e4tische Hedwig\u2122 thront \u00fcber dem Ensemble \u2013 ein Blickfang in jedem Regal. Ideal f\u00fcr Fans, die ihre Leidenschaft f\u00fcr die magische Welt stilvoll inszenieren wollen.<\/p>\n<h3 data-start=\"956\" data-end=\"997\">\u00a0Exklusive Jubil\u00e4ums-Minifiguren<\/h3>\n<p data-start=\"999\" data-end=\"1286\">Dieses Set ist nicht nur ein Bauprojekt, sondern auch eine Hommage an 20 Jahre LEGO\u00ae Harry Potter\u2122. Drei <strong data-start=\"1104\" data-end=\"1137\">exklusive goldene Minifiguren<\/strong> \u2013 <strong data-start=\"1140\" data-end=\"1201\">Albus Dumbledore\u2122, Minerva McGonagall\u2122 und Rubeus Hagrid\u2122<\/strong> \u2013 sind ebenso enthalten wie ein spezieller Jubil\u00e4ums-St\u00e4nder mit bedrucktem Element.<\/p>\n<h3 data-start=\"1288\" data-end=\"1336\">\u00a0Das perfekte Geschenk f\u00fcr erwachsene Fans<\/h3>\n<p data-start=\"1338\" data-end=\"1651\">Ob als Geschenk zum <strong data-start=\"1358\" data-end=\"1372\">Geburtstag<\/strong>, <strong data-start=\"1374\" data-end=\"1389\">Weihnachten<\/strong> oder als Belohnung f\u00fcr sich selbst \u2013 dieses Set ist ein emotionales Highlight f\u00fcr Harry Potter\u2122 Liebhaber ab 18 Jahren. Mit seinen <strong data-start=\"1521\" data-end=\"1591\">beeindruckenden Ma\u00dfen von 44 cm H\u00f6he, 50 cm Breite und 33 cm Tiefe<\/strong> ist es ein echtes Statement-Piece f\u00fcr Wohnzimmer oder B\u00fcro.<\/p>\n<h3 data-start=\"1653\" data-end=\"1694\">\u00a0Bauvergn\u00fcgen mit \u00fcber 3.000 Teilen<\/h3>\n<p data-start=\"1696\" data-end=\"1890\">Das Set bietet nicht nur nostalgischen Charme, sondern auch ein tief entspannendes Bauerlebnis. Die klare Bauanleitung macht das Zusammenf\u00fcgen der <strong data-start=\"1843\" data-end=\"1858\">3.010 Teile<\/strong> zu einem meditativen Abenteuer.<\/p>\n","protected":false},"excerpt":{"rendered":"<p>Erlebe die Magie von Hogwarts\u2122 mit der <strong>LEGO\u00ae Harry Potter 76391 Hogwarts\u2122 Ikonen \u2013 Sammler-Edition<\/strong>! Dieses detailreiche Set f\u00fcr Erwachsene bringt legend\u00e4re Objekte aus den Filmen in dein Zuhause \u2013 von Harrys Zauberstab \u00fcber den goldenen Schnatz bis zu Hedwig\u2122 mit der Hogwarts Einladung. Mit 3.010 Teilen bietet das Set ein entspannendes Bauerlebnis und wird zum echten Blickfang im Regal. Drei exklusive goldene Minifiguren runden dieses einzigartige Jubil\u00e4ums-Set ab. Ein perfektes Geschenk f\u00fcr Fans, die Harry Potters Welt lieben und ein St\u00fcck ihrer Kindheit stilvoll ins Jetzt holen m\u00f6chten.<\/p>\n","protected":false},"featured_media":599,"comment_status":"open","ping_status":"closed","template":"","meta":{"_coblocks_attr":"","_coblocks_dimensions":"","_coblocks_responsive_height":"","_coblocks_accordion_ie_support":"","_eb_attr":"","_uag_custom_page_level_css":""},"product_brand":[158],"product_cat":[15],"product_tag":[171,172,173,174,175,176,163,177,178,179],"class_list":{"0":"post-598","1":"product","2":"type-product","3":"status-publish","4":"has-post-thumbnail","6":"product_brand-lego","7":"product_cat-lego","8":"product_tag-171","9":"product_tag-edition","10":"product_tag-harry-potter","11":"product_tag-hedwig","12":"product_tag-icons","13":"product_tag-ikonen","14":"product_tag-lego","15":"product_tag-legoharrypotter","16":"product_tag-sammler","17":"product_tag-sammler-edition","19":"first","20":"outofstock","21":"taxable","22":"shipping-taxable","23":"purchasable","24":"product-type-simple"},"yoast_head":"<!-- This site is optimized with the Yoast SEO plugin v27.4 - https:\/\/yoast.com\/product\/yoast-seo-wordpress\/ -->\n<title>LEGO\u00ae Harry Potter 76391 Hogwarts\u2122 Ikonen \u2013 Sammler-Edition - Dietz-Internethandel<\/title>\n<meta name=\"description\" content=\"LEGO\u00ae Harry Potter 76391 Hogwarts\u2122 Ikonen \u2013 Sammler-Edition mit ikonischen Filmobjekten &amp; 3 goldenen Minifiguren \u2013 perfekt f\u00fcr erwachsene Fans!\" \/>\n<meta name=\"robots\" content=\"index, follow, max-snippet:-1, max-image-preview:large, max-video-preview:-1\" \/>\n<link rel=\"canonical\" href=\"https:\/\/shop24.dietz-ih.de\/?product=lego-harry-potter-76391-hogwarts-ikonen-sammler-edition\" \/>\n<meta property=\"og:locale\" content=\"de_DE\" \/>\n<meta property=\"og:type\" content=\"article\" \/>\n<meta property=\"og:title\" content=\"LEGO\u00ae Harry Potter 76391 Hogwarts\u2122 Ikonen \u2013 Sammler-Edition - Dietz-Internethandel\" \/>\n<meta property=\"og:description\" content=\"LEGO\u00ae Harry Potter 76391 Hogwarts\u2122 Ikonen \u2013 Sammler-Edition mit ikonischen Filmobjekten &amp; 3 goldenen Minifiguren \u2013 perfekt f\u00fcr erwachsene Fans!\" \/>\n<meta property=\"og:url\" content=\"https:\/\/shop24.dietz-ih.de\/?product=lego-harry-potter-76391-hogwarts-ikonen-sammler-edition\" \/>\n<meta property=\"og:site_name\" content=\"Dietz-Internethandel\" \/>\n<meta property=\"article:publisher\" content=\"https:\/\/www.facebook.com\/profile.php?id=100081292915783\" \/>\n<meta property=\"article:modified_time\" content=\"2026-01-19T12:43:32+00:00\" \/>\n<meta property=\"og:image\" content=\"https:\/\/shop24.dietz-ih.de\/wp-content\/uploads\/2025\/07\/LEGO_76391_1_ergebnis.jpg\" \/>\n\t<meta property=\"og:image:width\" content=\"600\" \/>\n\t<meta property=\"og:image:height\" content=\"600\" \/>\n\t<meta property=\"og:image:type\" content=\"image\/jpeg\" \/>\n<meta name=\"twitter:card\" content=\"summary_large_image\" \/>\n<meta name=\"twitter:label1\" content=\"Gesch\u00e4tzte Lesezeit\" \/>\n\t<meta name=\"twitter:data1\" content=\"2\u00a0Minuten\" \/>\n<script type=\"application\/ld+json\" class=\"yoast-schema-graph\">{\"@context\":\"https:\\\/\\\/schema.org\",\"@graph\":[{\"@type\":\"WebPage\",\"@id\":\"https:\\\/\\\/shop24.dietz-ih.de\\\/?product=lego-harry-potter-76391-hogwarts-ikonen-sammler-edition\",\"url\":\"https:\\\/\\\/shop24.dietz-ih.de\\\/?product=lego-harry-potter-76391-hogwarts-ikonen-sammler-edition\",\"name\":\"LEGO\u00ae Harry Potter 76391 Hogwarts\u2122 Ikonen \u2013 Sammler-Edition - Dietz-Internethandel\",\"isPartOf\":{\"@id\":\"https:\\\/\\\/shop24.dietz-ih.de\\\/#website\"},\"primaryImageOfPage\":{\"@id\":\"https:\\\/\\\/shop24.dietz-ih.de\\\/?product=lego-harry-potter-76391-hogwarts-ikonen-sammler-edition#primaryimage\"},\"image\":{\"@id\":\"https:\\\/\\\/shop24.dietz-ih.de\\\/?product=lego-harry-potter-76391-hogwarts-ikonen-sammler-edition#primaryimage\"},\"thumbnailUrl\":\"https:\\\/\\\/i0.wp.com\\\/shop24.dietz-ih.de\\\/wp-content\\\/uploads\\\/2025\\\/07\\\/LEGO_76391_1_ergebnis.jpg?fit=600%2C600&ssl=1\",\"datePublished\":\"2025-07-09T10:33:07+00:00\",\"dateModified\":\"2026-01-19T12:43:32+00:00\",\"description\":\"LEGO\u00ae Harry Potter 76391 Hogwarts\u2122 Ikonen \u2013 Sammler-Edition mit ikonischen Filmobjekten & 3 goldenen Minifiguren \u2013 perfekt f\u00fcr erwachsene Fans!\",\"breadcrumb\":{\"@id\":\"https:\\\/\\\/shop24.dietz-ih.de\\\/?product=lego-harry-potter-76391-hogwarts-ikonen-sammler-edition#breadcrumb\"},\"inLanguage\":\"de\",\"potentialAction\":[{\"@type\":\"ReadAction\",\"target\":[\"https:\\\/\\\/shop24.dietz-ih.de\\\/?product=lego-harry-potter-76391-hogwarts-ikonen-sammler-edition\"]}]},{\"@type\":\"ImageObject\",\"inLanguage\":\"de\",\"@id\":\"https:\\\/\\\/shop24.dietz-ih.de\\\/?product=lego-harry-potter-76391-hogwarts-ikonen-sammler-edition#primaryimage\",\"url\":\"https:\\\/\\\/i0.wp.com\\\/shop24.dietz-ih.de\\\/wp-content\\\/uploads\\\/2025\\\/07\\\/LEGO_76391_1_ergebnis.jpg?fit=600%2C600&ssl=1\",\"contentUrl\":\"https:\\\/\\\/i0.wp.com\\\/shop24.dietz-ih.de\\\/wp-content\\\/uploads\\\/2025\\\/07\\\/LEGO_76391_1_ergebnis.jpg?fit=600%2C600&ssl=1\",\"width\":600,\"height\":600},{\"@type\":\"BreadcrumbList\",\"@id\":\"https:\\\/\\\/shop24.dietz-ih.de\\\/?product=lego-harry-potter-76391-hogwarts-ikonen-sammler-edition#breadcrumb\",\"itemListElement\":[{\"@type\":\"ListItem\",\"position\":1,\"name\":\"Startseite\",\"item\":\"https:\\\/\\\/shop24.dietz-ih.de\\\/\"},{\"@type\":\"ListItem\",\"position\":2,\"name\":\"Shop\",\"item\":\"https:\\\/\\\/shop24.dietz-ih.de\\\/?page_id=7\"},{\"@type\":\"ListItem\",\"position\":3,\"name\":\"LEGO\u00ae Harry Potter 76391 Hogwarts\u2122 Ikonen \u2013 Sammler-Edition\"}]},{\"@type\":\"WebSite\",\"@id\":\"https:\\\/\\\/shop24.dietz-ih.de\\\/#website\",\"url\":\"https:\\\/\\\/shop24.dietz-ih.de\\\/\",\"name\":\"Dietz-Internethandel\",\"description\":\"\",\"publisher\":{\"@id\":\"https:\\\/\\\/shop24.dietz-ih.de\\\/#organization\"},\"potentialAction\":[{\"@type\":\"SearchAction\",\"target\":{\"@type\":\"EntryPoint\",\"urlTemplate\":\"https:\\\/\\\/shop24.dietz-ih.de\\\/?s={search_term_string}\"},\"query-input\":{\"@type\":\"PropertyValueSpecification\",\"valueRequired\":true,\"valueName\":\"search_term_string\"}}],\"inLanguage\":\"de\"},{\"@type\":\"Organization\",\"@id\":\"https:\\\/\\\/shop24.dietz-ih.de\\\/#organization\",\"name\":\"Dietz-Internethandel\",\"url\":\"https:\\\/\\\/shop24.dietz-ih.de\\\/\",\"logo\":{\"@type\":\"ImageObject\",\"inLanguage\":\"de\",\"@id\":\"https:\\\/\\\/shop24.dietz-ih.de\\\/#\\\/schema\\\/logo\\\/image\\\/\",\"url\":\"https:\\\/\\\/i0.wp.com\\\/shop24.dietz-ih.de\\\/wp-content\\\/uploads\\\/2025\\\/06\\\/Ein-Logo-fuer-einen-Onlineshop-mit-Spielzeug.-Der-Buchstabe-D-soll-drauf-sein.-Farblich_-Gruen-Warmgelb-und-Lachs.-Und-bitte-als-ausgeschnittene-Datei-Photoroom-2.png?fit=1120%2C1120&ssl=1\",\"contentUrl\":\"https:\\\/\\\/i0.wp.com\\\/shop24.dietz-ih.de\\\/wp-content\\\/uploads\\\/2025\\\/06\\\/Ein-Logo-fuer-einen-Onlineshop-mit-Spielzeug.-Der-Buchstabe-D-soll-drauf-sein.-Farblich_-Gruen-Warmgelb-und-Lachs.-Und-bitte-als-ausgeschnittene-Datei-Photoroom-2.png?fit=1120%2C1120&ssl=1\",\"width\":1120,\"height\":1120,\"caption\":\"Dietz-Internethandel\"},\"image\":{\"@id\":\"https:\\\/\\\/shop24.dietz-ih.de\\\/#\\\/schema\\\/logo\\\/image\\\/\"},\"sameAs\":[\"https:\\\/\\\/www.facebook.com\\\/profile.php?id=100081292915783\",\"https:\\\/\\\/www.instagram.com\\\/dietz_internethandel\\\/\"]}]}<\/script>\n<!-- \/ Yoast SEO plugin. -->","yoast_head_json":{"title":"LEGO\u00ae Harry Potter 76391 Hogwarts\u2122 Ikonen \u2013 Sammler-Edition - Dietz-Internethandel","description":"LEGO\u00ae Harry Potter 76391 Hogwarts\u2122 Ikonen \u2013 Sammler-Edition mit ikonischen Filmobjekten & 3 goldenen Minifiguren \u2013 perfekt f\u00fcr erwachsene Fans!","robots":{"index":"index","follow":"follow","max-snippet":"max-snippet:-1","max-image-preview":"max-image-preview:large","max-video-preview":"max-video-preview:-1"},"canonical":"https:\/\/shop24.dietz-ih.de\/?product=lego-harry-potter-76391-hogwarts-ikonen-sammler-edition","og_locale":"de_DE","og_type":"article","og_title":"LEGO\u00ae Harry Potter 76391 Hogwarts\u2122 Ikonen \u2013 Sammler-Edition - Dietz-Internethandel","og_description":"LEGO\u00ae Harry Potter 76391 Hogwarts\u2122 Ikonen \u2013 Sammler-Edition mit ikonischen Filmobjekten & 3 goldenen Minifiguren \u2013 perfekt f\u00fcr erwachsene Fans!","og_url":"https:\/\/shop24.dietz-ih.de\/?product=lego-harry-potter-76391-hogwarts-ikonen-sammler-edition","og_site_name":"Dietz-Internethandel","article_publisher":"https:\/\/www.facebook.com\/profile.php?id=100081292915783","article_modified_time":"2026-01-19T12:43:32+00:00","og_image":[{"width":600,"height":600,"url":"https:\/\/shop24.dietz-ih.de\/wp-content\/uploads\/2025\/07\/LEGO_76391_1_ergebnis.jpg","type":"image\/jpeg"}],"twitter_card":"summary_large_image","twitter_misc":{"Gesch\u00e4tzte Lesezeit":"2\u00a0Minuten"},"schema":{"@context":"https:\/\/schema.org","@graph":[{"@type":"WebPage","@id":"https:\/\/shop24.dietz-ih.de\/?product=lego-harry-potter-76391-hogwarts-ikonen-sammler-edition","url":"https:\/\/shop24.dietz-ih.de\/?product=lego-harry-potter-76391-hogwarts-ikonen-sammler-edition","name":"LEGO\u00ae Harry Potter 76391 Hogwarts\u2122 Ikonen \u2013 Sammler-Edition - Dietz-Internethandel","isPartOf":{"@id":"https:\/\/shop24.dietz-ih.de\/#website"},"primaryImageOfPage":{"@id":"https:\/\/shop24.dietz-ih.de\/?product=lego-harry-potter-76391-hogwarts-ikonen-sammler-edition#primaryimage"},"image":{"@id":"https:\/\/shop24.dietz-ih.de\/?product=lego-harry-potter-76391-hogwarts-ikonen-sammler-edition#primaryimage"},"thumbnailUrl":"https:\/\/i0.wp.com\/shop24.dietz-ih.de\/wp-content\/uploads\/2025\/07\/LEGO_76391_1_ergebnis.jpg?fit=600%2C600&ssl=1","datePublished":"2025-07-09T10:33:07+00:00","dateModified":"2026-01-19T12:43:32+00:00","description":"LEGO\u00ae Harry Potter 76391 Hogwarts\u2122 Ikonen \u2013 Sammler-Edition mit ikonischen Filmobjekten & 3 goldenen Minifiguren \u2013 perfekt f\u00fcr erwachsene Fans!","breadcrumb":{"@id":"https:\/\/shop24.dietz-ih.de\/?product=lego-harry-potter-76391-hogwarts-ikonen-sammler-edition#breadcrumb"},"inLanguage":"de","potentialAction":[{"@type":"ReadAction","target":["https:\/\/shop24.dietz-ih.de\/?product=lego-harry-potter-76391-hogwarts-ikonen-sammler-edition"]}]},{"@type":"ImageObject","inLanguage":"de","@id":"https:\/\/shop24.dietz-ih.de\/?product=lego-harry-potter-76391-hogwarts-ikonen-sammler-edition#primaryimage","url":"https:\/\/i0.wp.com\/shop24.dietz-ih.de\/wp-content\/uploads\/2025\/07\/LEGO_76391_1_ergebnis.jpg?fit=600%2C600&ssl=1","contentUrl":"https:\/\/i0.wp.com\/shop24.dietz-ih.de\/wp-content\/uploads\/2025\/07\/LEGO_76391_1_ergebnis.jpg?fit=600%2C600&ssl=1","width":600,"height":600},{"@type":"BreadcrumbList","@id":"https:\/\/shop24.dietz-ih.de\/?product=lego-harry-potter-76391-hogwarts-ikonen-sammler-edition#breadcrumb","itemListElement":[{"@type":"ListItem","position":1,"name":"Startseite","item":"https:\/\/shop24.dietz-ih.de\/"},{"@type":"ListItem","position":2,"name":"Shop","item":"https:\/\/shop24.dietz-ih.de\/?page_id=7"},{"@type":"ListItem","position":3,"name":"LEGO\u00ae Harry Potter 76391 Hogwarts\u2122 Ikonen \u2013 Sammler-Edition"}]},{"@type":"WebSite","@id":"https:\/\/shop24.dietz-ih.de\/#website","url":"https:\/\/shop24.dietz-ih.de\/","name":"Dietz-Internethandel","description":"","publisher":{"@id":"https:\/\/shop24.dietz-ih.de\/#organization"},"potentialAction":[{"@type":"SearchAction","target":{"@type":"EntryPoint","urlTemplate":"https:\/\/shop24.dietz-ih.de\/?s={search_term_string}"},"query-input":{"@type":"PropertyValueSpecification","valueRequired":true,"valueName":"search_term_string"}}],"inLanguage":"de"},{"@type":"Organization","@id":"https:\/\/shop24.dietz-ih.de\/#organization","name":"Dietz-Internethandel","url":"https:\/\/shop24.dietz-ih.de\/","logo":{"@type":"ImageObject","inLanguage":"de","@id":"https:\/\/shop24.dietz-ih.de\/#\/schema\/logo\/image\/","url":"https:\/\/i0.wp.com\/shop24.dietz-ih.de\/wp-content\/uploads\/2025\/06\/Ein-Logo-fuer-einen-Onlineshop-mit-Spielzeug.-Der-Buchstabe-D-soll-drauf-sein.-Farblich_-Gruen-Warmgelb-und-Lachs.-Und-bitte-als-ausgeschnittene-Datei-Photoroom-2.png?fit=1120%2C1120&ssl=1","contentUrl":"https:\/\/i0.wp.com\/shop24.dietz-ih.de\/wp-content\/uploads\/2025\/06\/Ein-Logo-fuer-einen-Onlineshop-mit-Spielzeug.-Der-Buchstabe-D-soll-drauf-sein.-Farblich_-Gruen-Warmgelb-und-Lachs.-Und-bitte-als-ausgeschnittene-Datei-Photoroom-2.png?fit=1120%2C1120&ssl=1","width":1120,"height":1120,"caption":"Dietz-Internethandel"},"image":{"@id":"https:\/\/shop24.dietz-ih.de\/#\/schema\/logo\/image\/"},"sameAs":["https:\/\/www.facebook.com\/profile.php?id=100081292915783","https:\/\/www.instagram.com\/dietz_internethandel\/"]}]}},"uagb_featured_image_src":{"full":["https:\/\/i0.wp.com\/shop24.dietz-ih.de\/wp-content\/uploads\/2025\/07\/LEGO_76391_1_ergebnis.jpg?fit=600%2C600&ssl=1",600,600,false],"thumbnail":["https:\/\/i0.wp.com\/shop24.dietz-ih.de\/wp-content\/uploads\/2025\/07\/LEGO_76391_1_ergebnis.jpg?resize=150%2C150&ssl=1",150,150,true],"medium":["https:\/\/i0.wp.com\/shop24.dietz-ih.de\/wp-content\/uploads\/2025\/07\/LEGO_76391_1_ergebnis.jpg?fit=300%2C300&ssl=1",300,300,true],"medium_large":["https:\/\/i0.wp.com\/shop24.dietz-ih.de\/wp-content\/uploads\/2025\/07\/LEGO_76391_1_ergebnis.jpg?fit=600%2C600&ssl=1",600,600,true],"large":["https:\/\/i0.wp.com\/shop24.dietz-ih.de\/wp-content\/uploads\/2025\/07\/LEGO_76391_1_ergebnis.jpg?fit=600%2C600&ssl=1",600,600,true],"gs-tiny":["https:\/\/i0.wp.com\/shop24.dietz-ih.de\/wp-content\/uploads\/2025\/07\/LEGO_76391_1_ergebnis.jpg?fit=50%2C50&ssl=1",50,50,true],"xl":["https:\/\/i0.wp.com\/shop24.dietz-ih.de\/wp-content\/uploads\/2025\/07\/LEGO_76391_1_ergebnis.jpg?fit=600%2C600&ssl=1",600,600,true],"xxl":["https:\/\/i0.wp.com\/shop24.dietz-ih.de\/wp-content\/uploads\/2025\/07\/LEGO_76391_1_ergebnis.jpg?fit=600%2C600&ssl=1",600,600,true],"xxxl":["https:\/\/i0.wp.com\/shop24.dietz-ih.de\/wp-content\/uploads\/2025\/07\/LEGO_76391_1_ergebnis.jpg?fit=600%2C600&ssl=1",600,600,true],"xxxxl":["https:\/\/i0.wp.com\/shop24.dietz-ih.de\/wp-content\/uploads\/2025\/07\/LEGO_76391_1_ergebnis.jpg?fit=600%2C600&ssl=1",600,600,true],"xxxxxl":["https:\/\/i0.wp.com\/shop24.dietz-ih.de\/wp-content\/uploads\/2025\/07\/LEGO_76391_1_ergebnis.jpg?fit=600%2C600&ssl=1",600,600,true],"1536x1536":["https:\/\/i0.wp.com\/shop24.dietz-ih.de\/wp-content\/uploads\/2025\/07\/LEGO_76391_1_ergebnis.jpg?fit=600%2C600&ssl=1",600,600,true],"2048x2048":["https:\/\/i0.wp.com\/shop24.dietz-ih.de\/wp-content\/uploads\/2025\/07\/LEGO_76391_1_ergebnis.jpg?fit=600%2C600&ssl=1",600,600,true],"woocommerce_thumbnail":["https:\/\/i0.wp.com\/shop24.dietz-ih.de\/wp-content\/uploads\/2025\/07\/LEGO_76391_1_ergebnis.jpg?resize=600%2C600&ssl=1",600,600,true],"woocommerce_single":["https:\/\/i0.wp.com\/shop24.dietz-ih.de\/wp-content\/uploads\/2025\/07\/LEGO_76391_1_ergebnis.jpg?fit=600%2C600&ssl=1",600,600,true],"woocommerce_gallery_thumbnail":["https:\/\/i0.wp.com\/shop24.dietz-ih.de\/wp-content\/uploads\/2025\/07\/LEGO_76391_1_ergebnis.jpg?resize=100%2C100&ssl=1",100,100,true]},"uagb_author_info":{"display_name":"admin","author_link":"https:\/\/shop24.dietz-ih.de\/?author=0"},"uagb_comment_info":0,"uagb_excerpt":"Erlebe die Magie von Hogwarts\u2122 mit der LEGO\u00ae Harry Potter 76391 Hogwarts\u2122 Ikonen \u2013 Sammler-Edition! Dieses detailreiche Set f\u00fcr Erwachsene bringt legend\u00e4re Objekte aus den Filmen in dein Zuhause \u2013 von Harrys Zauberstab \u00fcber den goldenen Schnatz bis zu Hedwig\u2122 mit der Hogwarts Einladung. Mit 3.010 Teilen bietet das Set ein entspannendes Bauerlebnis und wird&hellip;","jetpack_sharing_enabled":true,"_links":{"self":[{"href":"https:\/\/shop24.dietz-ih.de\/index.php?rest_route=\/wp\/v2\/product\/598","targetHints":{"allow":["GET"]}}],"collection":[{"href":"https:\/\/shop24.dietz-ih.de\/index.php?rest_route=\/wp\/v2\/product"}],"about":[{"href":"https:\/\/shop24.dietz-ih.de\/index.php?rest_route=\/wp\/v2\/types\/product"}],"replies":[{"embeddable":true,"href":"https:\/\/shop24.dietz-ih.de\/index.php?rest_route=%2Fwp%2Fv2%2Fcomments&post=598"}],"wp:featuredmedia":[{"embeddable":true,"href":"https:\/\/shop24.dietz-ih.de\/index.php?rest_route=\/wp\/v2\/media\/599"}],"wp:attachment":[{"href":"https:\/\/shop24.dietz-ih.de\/index.php?rest_route=%2Fwp%2Fv2%2Fmedia&parent=598"}],"wp:term":[{"taxonomy":"product_brand","embeddable":true,"href":"https:\/\/shop24.dietz-ih.de\/index.php?rest_route=%2Fwp%2Fv2%2Fproduct_brand&post=598"},{"taxonomy":"product_cat","embeddable":true,"href":"https:\/\/shop24.dietz-ih.de\/index.php?rest_route=%2Fwp%2Fv2%2Fproduct_cat&post=598"},{"taxonomy":"product_tag","embeddable":true,"href":"https:\/\/shop24.dietz-ih.de\/index.php?rest_route=%2Fwp%2Fv2%2Fproduct_tag&post=598"}],"curies":[{"name":"wp","href":"https:\/\/api.w.org\/{rel}","templated":true}]}}