{"id":639,"date":"2025-07-09T14:18:48","date_gmt":"2025-07-09T12:18:48","guid":{"rendered":"https:\/\/shop24.dietz-ih.de\/?post_type=product&#038;p=639"},"modified":"2026-01-19T13:38:14","modified_gmt":"2026-01-19T12:38:14","slug":"lego-duplo-10455-annas-und-elsas-party-im-eispalast","status":"publish","type":"product","link":"https:\/\/shop24.dietz-ih.de\/?product=lego-duplo-10455-annas-und-elsas-party-im-eispalast","title":{"rendered":"LEGO\u00ae Duplo 10455 Annas und Elsas Party im Eispalast"},"content":{"rendered":"<h2 data-start=\"431\" data-end=\"502\"><strong data-start=\"434\" data-end=\"500\">LEGO\u00ae DUPLO 10455 Annas und Elsas Party im Eispalast\u00a0<\/strong><\/h2>\n<h3 data-start=\"503\" data-end=\"592\"><strong data-start=\"507\" data-end=\"592\">Magischer Bauspa\u00df f\u00fcr Kleinkinder ab 2 Jahren \u2013 direkt aus Disneys Die Eisk\u00f6nigin<\/strong><\/h3>\n<p data-start=\"594\" data-end=\"900\">Mit dem <strong data-start=\"602\" data-end=\"659\">LEGO\u00ae DUPLO 10455 Annas und Elsas Party im Eispalast<\/strong> holst du dir die Magie von <strong data-start=\"687\" data-end=\"713\">Disneys Die Eisk\u00f6nigin<\/strong> direkt ins Kinderzimmer. Dieses liebevoll gestaltete Spielset wurde speziell f\u00fcr Kinder ab 2 Jahren entwickelt und sorgt f\u00fcr leuchtende Augen bei kleinen Baumeisterinnen und Baumeistern.<\/p>\n<p data-start=\"902\" data-end=\"1204\">Das Set enth\u00e4lt <strong data-start=\"918\" data-end=\"954\">54 gro\u00dfe, kindgerechte Bausteine<\/strong>, die ideal f\u00fcr kleine H\u00e4nde sind. Im Mittelpunkt steht der detailreiche <strong data-start=\"1027\" data-end=\"1040\">Eispalast<\/strong>, der mit einem <strong data-start=\"1056\" data-end=\"1084\">integrierten Leuchtstein<\/strong> ausgestattet ist. Auf Knopfdruck lassen sich damit farbenfrohe Polarlichter erzeugen \u2013 ein echtes Highlight f\u00fcr Kinder!<\/p>\n<h3 data-start=\"1211\" data-end=\"1271\">\u00a0<strong data-start=\"1218\" data-end=\"1271\">Spielerisches Lernen mit beliebten Frozen-Figuren<\/strong><\/h3>\n<p data-start=\"1273\" data-end=\"1341\">Mit dabei sind gleich <strong data-start=\"1295\" data-end=\"1315\">5 Disney Figuren<\/strong> aus den beliebten Filmen:<\/p>\n<ul data-start=\"1343\" data-end=\"1443\">\n<li data-start=\"1343\" data-end=\"1355\">\n<p data-start=\"1345\" data-end=\"1355\"><strong data-start=\"1345\" data-end=\"1353\">Elsa<\/strong><\/p>\n<\/li>\n<li data-start=\"1356\" data-end=\"1368\">\n<p data-start=\"1358\" data-end=\"1368\"><strong data-start=\"1358\" data-end=\"1366\">Anna<\/strong><\/p>\n<\/li>\n<li data-start=\"1369\" data-end=\"1381\">\n<p data-start=\"1371\" data-end=\"1381\"><strong data-start=\"1371\" data-end=\"1379\">Olaf<\/strong><\/p>\n<\/li>\n<li data-start=\"1382\" data-end=\"1419\">\n<p data-start=\"1384\" data-end=\"1419\"><strong data-start=\"1384\" data-end=\"1417\">Marshmallow (Mini-Schneemann)<\/strong><\/p>\n<\/li>\n<li data-start=\"1420\" data-end=\"1443\">\n<p data-start=\"1422\" data-end=\"1443\"><strong data-start=\"1422\" data-end=\"1443\">Baby-Rentier Sven<\/strong><\/p>\n<\/li>\n<\/ul>\n<p data-start=\"1445\" data-end=\"1745\">Kinder k\u00f6nnen Szenen aus den Eisk\u00f6nigin-Filmen nachspielen oder eigene Geschichten erfinden. Der Eispalast verf\u00fcgt \u00fcber <strong data-start=\"1565\" data-end=\"1588\">bewegliche Elemente<\/strong>, eine <strong data-start=\"1595\" data-end=\"1606\">Rutsche<\/strong>, einen <strong data-start=\"1614\" data-end=\"1628\">Futtertrog<\/strong> mit <strong data-start=\"1633\" data-end=\"1654\">Karotten f\u00fcr Sven<\/strong>, sowie eine <strong data-start=\"1667\" data-end=\"1691\">Schneetorte f\u00fcr Olaf<\/strong> \u2013 perfekte Voraussetzungen f\u00fcr kreative Rollenspiele.<\/p>\n<h3 data-start=\"1752\" data-end=\"1814\">\u00a0<strong data-start=\"1759\" data-end=\"1814\">Lernen durch Spielen \u2013 ideal f\u00fcr Kinder ab 2 Jahren<\/strong><\/h3>\n<p data-start=\"1816\" data-end=\"1848\">Dieses LEGO\u00ae DUPLO\u00ae Set f\u00f6rdert:<\/p>\n<ul data-start=\"1850\" data-end=\"1977\">\n<li data-start=\"1850\" data-end=\"1867\">\n<p data-start=\"1852\" data-end=\"1867\"><strong data-start=\"1852\" data-end=\"1867\">Feinmotorik<\/strong><\/p>\n<\/li>\n<li data-start=\"1868\" data-end=\"1893\">\n<p data-start=\"1870\" data-end=\"1893\"><strong data-start=\"1870\" data-end=\"1893\">Soziale F\u00e4higkeiten<\/strong><\/p>\n<\/li>\n<li data-start=\"1894\" data-end=\"1929\">\n<p data-start=\"1896\" data-end=\"1929\"><strong data-start=\"1896\" data-end=\"1929\">Kreativit\u00e4t und Kommunikation<\/strong><\/p>\n<\/li>\n<li data-start=\"1930\" data-end=\"1977\">\n<p data-start=\"1932\" data-end=\"1977\"><strong data-start=\"1932\" data-end=\"1977\">Empathie durch Tierpflege und Interaktion<\/strong><\/p>\n<\/li>\n<\/ul>\n<p data-start=\"1979\" data-end=\"2145\">Das Spielen mit bekannten Figuren und Alltagsszenen st\u00e4rkt das <strong data-start=\"2042\" data-end=\"2073\">Verst\u00e4ndnis f\u00fcr Beziehungen<\/strong>, die <strong data-start=\"2079\" data-end=\"2106\">Hand-Augen-Koordination<\/strong> und das <strong data-start=\"2115\" data-end=\"2133\">Sprachverm\u00f6gen<\/strong> der Kinder.<\/p>\n<h3 data-start=\"2152\" data-end=\"2209\">\u00a0<strong data-start=\"2159\" data-end=\"2209\">Bauhilfe mit der kostenlosen LEGO\u00ae Builder App<\/strong><\/h3>\n<p data-start=\"2211\" data-end=\"2444\">Der Aufbau wird durch die <strong data-start=\"2237\" data-end=\"2258\">LEGO\u00ae Builder App<\/strong> unterst\u00fctzt. Eltern und Kinder k\u00f6nnen die <strong data-start=\"2301\" data-end=\"2323\">digitale Anleitung<\/strong> gemeinsam nutzen, das Modell <strong data-start=\"2353\" data-end=\"2363\">drehen<\/strong>, <strong data-start=\"2365\" data-end=\"2375\">zoomen<\/strong> und Schritt f\u00fcr Schritt entdecken \u2013 perfekt f\u00fcr gemeinsames Spielen.<\/p>\n<h3 data-start=\"2451\" data-end=\"2497\">\u00a0<strong data-start=\"2458\" data-end=\"2497\">Produktma\u00dfe &amp; Daten auf einen Blick<\/strong><\/h3>\n<ul data-start=\"2499\" data-end=\"2736\">\n<li data-start=\"2499\" data-end=\"2544\">\n<p data-start=\"2501\" data-end=\"2544\"><strong data-start=\"2501\" data-end=\"2516\">Teileanzahl<\/strong>: 54 LEGO\u00ae DUPLO\u00ae Elemente<\/p>\n<\/li>\n<li data-start=\"2545\" data-end=\"2582\">\n<p data-start=\"2547\" data-end=\"2582\"><strong data-start=\"2547\" data-end=\"2567\">Altersempfehlung<\/strong>: Ab 2 Jahren<\/p>\n<\/li>\n<li data-start=\"2583\" data-end=\"2651\">\n<p data-start=\"2585\" data-end=\"2651\"><strong data-start=\"2585\" data-end=\"2608\">Ma\u00dfe des Eispalasts<\/strong>: ca. 36 cm hoch, 56 cm breit, 21 cm tief<\/p>\n<\/li>\n<li data-start=\"2652\" data-end=\"2736\">\n<p data-start=\"2654\" data-end=\"2736\"><strong data-start=\"2654\" data-end=\"2672\">Besonderheiten<\/strong>: Leuchtstein f\u00fcr Polarlicht-Effekt, viele Rollenspielelemente<\/p>\n<\/li>\n<\/ul>\n<h3 data-start=\"2743\" data-end=\"2798\">\u00a0<strong data-start=\"2750\" data-end=\"2798\">Das perfekte Geschenk f\u00fcr kleine Frozen-Fans<\/strong><\/h3>\n<p data-start=\"3058\" data-end=\"3163\">\n","protected":false},"excerpt":{"rendered":"<p>Erwecke die zauberhafte Welt von Arendelle zum Leben \u2013 mit dem <strong>LEGO\u00ae Duplo 10455 Annas und Elsas Party im Eispalast<\/strong>! Gemeinsam mit Elsa, Anna, Olaf und dem s\u00fc\u00dfen Rentier Sven erleben Kinder ab 2 Jahren liebevolle Abenteuer. Ob Rutschspa\u00df, Polarlichter oder Rollenspiele mit Tierpflege \u2013 dieses Set steckt voller Magie und Lernm\u00f6glichkeiten. Gro\u00dfe Bausteine, leuchtende Farben und kindgerechtes Zubeh\u00f6r f\u00f6rdern Kreativit\u00e4t, Empathie und motorische F\u00e4higkeiten. Der Eispalast wird zum Ort unvergesslicher Geschichten und strahlender Kinderaugen. Ein ideales Geschenk f\u00fcr kleine Disney-Fans, die von der Eisk\u00f6nigin nicht genug bekommen k\u00f6nnen!<\/p>\n","protected":false},"featured_media":640,"comment_status":"open","ping_status":"closed","template":"","meta":{"_coblocks_attr":"","_coblocks_dimensions":"","_coblocks_responsive_height":"","_coblocks_accordion_ie_support":"","_eb_attr":"","_uag_custom_page_level_css":""},"product_brand":[158],"product_cat":[15],"product_tag":[217,218,200,220,219,163,202,221],"class_list":{"0":"post-639","1":"product","2":"type-product","3":"status-publish","4":"has-post-thumbnail","6":"product_brand-lego","7":"product_cat-lego","8":"product_tag-217","9":"product_tag-annas","10":"product_tag-duplo","11":"product_tag-eispalast","12":"product_tag-elsa","13":"product_tag-lego","14":"product_tag-legoduplo","15":"product_tag-party","17":"first","18":"outofstock","19":"taxable","20":"shipping-taxable","21":"purchasable","22":"product-type-simple"},"yoast_head":"<!-- This site is optimized with the Yoast SEO plugin v27.4 - https:\/\/yoast.com\/product\/yoast-seo-wordpress\/ -->\n<title>LEGO\u00ae Duplo 10455 Annas und Elsas Party im Eispalast - Dietz-Internethandel<\/title>\n<meta name=\"description\" content=\"Magischer Spielspa\u00df mit LEGO\u00ae Duplo 10455 Annas und Elsas Party im Eispalast. F\u00f6rdert Kreativit\u00e4t &amp; Empathie bei Kleinkindern ab 2 Jahren. Jetzt entdecken!\" \/>\n<meta name=\"robots\" content=\"index, follow, max-snippet:-1, max-image-preview:large, max-video-preview:-1\" \/>\n<link rel=\"canonical\" href=\"https:\/\/shop24.dietz-ih.de\/?product=lego-duplo-10455-annas-und-elsas-party-im-eispalast\" \/>\n<meta property=\"og:locale\" content=\"de_DE\" \/>\n<meta property=\"og:type\" content=\"article\" \/>\n<meta property=\"og:title\" content=\"LEGO\u00ae Duplo 10455 Annas und Elsas Party im Eispalast - Dietz-Internethandel\" \/>\n<meta property=\"og:description\" content=\"Magischer Spielspa\u00df mit LEGO\u00ae Duplo 10455 Annas und Elsas Party im Eispalast. F\u00f6rdert Kreativit\u00e4t &amp; Empathie bei Kleinkindern ab 2 Jahren. Jetzt entdecken!\" \/>\n<meta property=\"og:url\" content=\"https:\/\/shop24.dietz-ih.de\/?product=lego-duplo-10455-annas-und-elsas-party-im-eispalast\" \/>\n<meta property=\"og:site_name\" content=\"Dietz-Internethandel\" \/>\n<meta property=\"article:publisher\" content=\"https:\/\/www.facebook.com\/profile.php?id=100081292915783\" \/>\n<meta property=\"article:modified_time\" content=\"2026-01-19T12:38:14+00:00\" \/>\n<meta property=\"og:image\" content=\"https:\/\/shop24.dietz-ih.de\/wp-content\/uploads\/2025\/07\/LEGO_10455_1_ergebnis.jpg\" \/>\n\t<meta property=\"og:image:width\" content=\"600\" \/>\n\t<meta property=\"og:image:height\" content=\"600\" \/>\n\t<meta property=\"og:image:type\" content=\"image\/jpeg\" \/>\n<meta name=\"twitter:card\" content=\"summary_large_image\" \/>\n<meta name=\"twitter:label1\" content=\"Gesch\u00e4tzte Lesezeit\" \/>\n\t<meta name=\"twitter:data1\" content=\"2\u00a0Minuten\" \/>\n<script type=\"application\/ld+json\" class=\"yoast-schema-graph\">{\"@context\":\"https:\\\/\\\/schema.org\",\"@graph\":[{\"@type\":\"WebPage\",\"@id\":\"https:\\\/\\\/shop24.dietz-ih.de\\\/?product=lego-duplo-10455-annas-und-elsas-party-im-eispalast\",\"url\":\"https:\\\/\\\/shop24.dietz-ih.de\\\/?product=lego-duplo-10455-annas-und-elsas-party-im-eispalast\",\"name\":\"LEGO\u00ae Duplo 10455 Annas und Elsas Party im Eispalast - Dietz-Internethandel\",\"isPartOf\":{\"@id\":\"https:\\\/\\\/shop24.dietz-ih.de\\\/#website\"},\"primaryImageOfPage\":{\"@id\":\"https:\\\/\\\/shop24.dietz-ih.de\\\/?product=lego-duplo-10455-annas-und-elsas-party-im-eispalast#primaryimage\"},\"image\":{\"@id\":\"https:\\\/\\\/shop24.dietz-ih.de\\\/?product=lego-duplo-10455-annas-und-elsas-party-im-eispalast#primaryimage\"},\"thumbnailUrl\":\"https:\\\/\\\/i0.wp.com\\\/shop24.dietz-ih.de\\\/wp-content\\\/uploads\\\/2025\\\/07\\\/LEGO_10455_1_ergebnis.jpg?fit=600%2C600&ssl=1\",\"datePublished\":\"2025-07-09T12:18:48+00:00\",\"dateModified\":\"2026-01-19T12:38:14+00:00\",\"description\":\"Magischer Spielspa\u00df mit LEGO\u00ae Duplo 10455 Annas und Elsas Party im Eispalast. F\u00f6rdert Kreativit\u00e4t & Empathie bei Kleinkindern ab 2 Jahren. Jetzt entdecken!\",\"breadcrumb\":{\"@id\":\"https:\\\/\\\/shop24.dietz-ih.de\\\/?product=lego-duplo-10455-annas-und-elsas-party-im-eispalast#breadcrumb\"},\"inLanguage\":\"de\",\"potentialAction\":[{\"@type\":\"ReadAction\",\"target\":[\"https:\\\/\\\/shop24.dietz-ih.de\\\/?product=lego-duplo-10455-annas-und-elsas-party-im-eispalast\"]}]},{\"@type\":\"ImageObject\",\"inLanguage\":\"de\",\"@id\":\"https:\\\/\\\/shop24.dietz-ih.de\\\/?product=lego-duplo-10455-annas-und-elsas-party-im-eispalast#primaryimage\",\"url\":\"https:\\\/\\\/i0.wp.com\\\/shop24.dietz-ih.de\\\/wp-content\\\/uploads\\\/2025\\\/07\\\/LEGO_10455_1_ergebnis.jpg?fit=600%2C600&ssl=1\",\"contentUrl\":\"https:\\\/\\\/i0.wp.com\\\/shop24.dietz-ih.de\\\/wp-content\\\/uploads\\\/2025\\\/07\\\/LEGO_10455_1_ergebnis.jpg?fit=600%2C600&ssl=1\",\"width\":600,\"height\":600},{\"@type\":\"BreadcrumbList\",\"@id\":\"https:\\\/\\\/shop24.dietz-ih.de\\\/?product=lego-duplo-10455-annas-und-elsas-party-im-eispalast#breadcrumb\",\"itemListElement\":[{\"@type\":\"ListItem\",\"position\":1,\"name\":\"Startseite\",\"item\":\"https:\\\/\\\/shop24.dietz-ih.de\\\/\"},{\"@type\":\"ListItem\",\"position\":2,\"name\":\"Shop\",\"item\":\"https:\\\/\\\/shop24.dietz-ih.de\\\/?page_id=7\"},{\"@type\":\"ListItem\",\"position\":3,\"name\":\"LEGO\u00ae Duplo 10455 Annas und Elsas Party im Eispalast\"}]},{\"@type\":\"WebSite\",\"@id\":\"https:\\\/\\\/shop24.dietz-ih.de\\\/#website\",\"url\":\"https:\\\/\\\/shop24.dietz-ih.de\\\/\",\"name\":\"Dietz-Internethandel\",\"description\":\"\",\"publisher\":{\"@id\":\"https:\\\/\\\/shop24.dietz-ih.de\\\/#organization\"},\"potentialAction\":[{\"@type\":\"SearchAction\",\"target\":{\"@type\":\"EntryPoint\",\"urlTemplate\":\"https:\\\/\\\/shop24.dietz-ih.de\\\/?s={search_term_string}\"},\"query-input\":{\"@type\":\"PropertyValueSpecification\",\"valueRequired\":true,\"valueName\":\"search_term_string\"}}],\"inLanguage\":\"de\"},{\"@type\":\"Organization\",\"@id\":\"https:\\\/\\\/shop24.dietz-ih.de\\\/#organization\",\"name\":\"Dietz-Internethandel\",\"url\":\"https:\\\/\\\/shop24.dietz-ih.de\\\/\",\"logo\":{\"@type\":\"ImageObject\",\"inLanguage\":\"de\",\"@id\":\"https:\\\/\\\/shop24.dietz-ih.de\\\/#\\\/schema\\\/logo\\\/image\\\/\",\"url\":\"https:\\\/\\\/i0.wp.com\\\/shop24.dietz-ih.de\\\/wp-content\\\/uploads\\\/2025\\\/06\\\/Ein-Logo-fuer-einen-Onlineshop-mit-Spielzeug.-Der-Buchstabe-D-soll-drauf-sein.-Farblich_-Gruen-Warmgelb-und-Lachs.-Und-bitte-als-ausgeschnittene-Datei-Photoroom-2.png?fit=1120%2C1120&ssl=1\",\"contentUrl\":\"https:\\\/\\\/i0.wp.com\\\/shop24.dietz-ih.de\\\/wp-content\\\/uploads\\\/2025\\\/06\\\/Ein-Logo-fuer-einen-Onlineshop-mit-Spielzeug.-Der-Buchstabe-D-soll-drauf-sein.-Farblich_-Gruen-Warmgelb-und-Lachs.-Und-bitte-als-ausgeschnittene-Datei-Photoroom-2.png?fit=1120%2C1120&ssl=1\",\"width\":1120,\"height\":1120,\"caption\":\"Dietz-Internethandel\"},\"image\":{\"@id\":\"https:\\\/\\\/shop24.dietz-ih.de\\\/#\\\/schema\\\/logo\\\/image\\\/\"},\"sameAs\":[\"https:\\\/\\\/www.facebook.com\\\/profile.php?id=100081292915783\",\"https:\\\/\\\/www.instagram.com\\\/dietz_internethandel\\\/\"]}]}<\/script>\n<!-- \/ Yoast SEO plugin. -->","yoast_head_json":{"title":"LEGO\u00ae Duplo 10455 Annas und Elsas Party im Eispalast - Dietz-Internethandel","description":"Magischer Spielspa\u00df mit LEGO\u00ae Duplo 10455 Annas und Elsas Party im Eispalast. F\u00f6rdert Kreativit\u00e4t & Empathie bei Kleinkindern ab 2 Jahren. Jetzt entdecken!","robots":{"index":"index","follow":"follow","max-snippet":"max-snippet:-1","max-image-preview":"max-image-preview:large","max-video-preview":"max-video-preview:-1"},"canonical":"https:\/\/shop24.dietz-ih.de\/?product=lego-duplo-10455-annas-und-elsas-party-im-eispalast","og_locale":"de_DE","og_type":"article","og_title":"LEGO\u00ae Duplo 10455 Annas und Elsas Party im Eispalast - Dietz-Internethandel","og_description":"Magischer Spielspa\u00df mit LEGO\u00ae Duplo 10455 Annas und Elsas Party im Eispalast. F\u00f6rdert Kreativit\u00e4t & Empathie bei Kleinkindern ab 2 Jahren. Jetzt entdecken!","og_url":"https:\/\/shop24.dietz-ih.de\/?product=lego-duplo-10455-annas-und-elsas-party-im-eispalast","og_site_name":"Dietz-Internethandel","article_publisher":"https:\/\/www.facebook.com\/profile.php?id=100081292915783","article_modified_time":"2026-01-19T12:38:14+00:00","og_image":[{"width":600,"height":600,"url":"https:\/\/shop24.dietz-ih.de\/wp-content\/uploads\/2025\/07\/LEGO_10455_1_ergebnis.jpg","type":"image\/jpeg"}],"twitter_card":"summary_large_image","twitter_misc":{"Gesch\u00e4tzte Lesezeit":"2\u00a0Minuten"},"schema":{"@context":"https:\/\/schema.org","@graph":[{"@type":"WebPage","@id":"https:\/\/shop24.dietz-ih.de\/?product=lego-duplo-10455-annas-und-elsas-party-im-eispalast","url":"https:\/\/shop24.dietz-ih.de\/?product=lego-duplo-10455-annas-und-elsas-party-im-eispalast","name":"LEGO\u00ae Duplo 10455 Annas und Elsas Party im Eispalast - Dietz-Internethandel","isPartOf":{"@id":"https:\/\/shop24.dietz-ih.de\/#website"},"primaryImageOfPage":{"@id":"https:\/\/shop24.dietz-ih.de\/?product=lego-duplo-10455-annas-und-elsas-party-im-eispalast#primaryimage"},"image":{"@id":"https:\/\/shop24.dietz-ih.de\/?product=lego-duplo-10455-annas-und-elsas-party-im-eispalast#primaryimage"},"thumbnailUrl":"https:\/\/i0.wp.com\/shop24.dietz-ih.de\/wp-content\/uploads\/2025\/07\/LEGO_10455_1_ergebnis.jpg?fit=600%2C600&ssl=1","datePublished":"2025-07-09T12:18:48+00:00","dateModified":"2026-01-19T12:38:14+00:00","description":"Magischer Spielspa\u00df mit LEGO\u00ae Duplo 10455 Annas und Elsas Party im Eispalast. F\u00f6rdert Kreativit\u00e4t & Empathie bei Kleinkindern ab 2 Jahren. Jetzt entdecken!","breadcrumb":{"@id":"https:\/\/shop24.dietz-ih.de\/?product=lego-duplo-10455-annas-und-elsas-party-im-eispalast#breadcrumb"},"inLanguage":"de","potentialAction":[{"@type":"ReadAction","target":["https:\/\/shop24.dietz-ih.de\/?product=lego-duplo-10455-annas-und-elsas-party-im-eispalast"]}]},{"@type":"ImageObject","inLanguage":"de","@id":"https:\/\/shop24.dietz-ih.de\/?product=lego-duplo-10455-annas-und-elsas-party-im-eispalast#primaryimage","url":"https:\/\/i0.wp.com\/shop24.dietz-ih.de\/wp-content\/uploads\/2025\/07\/LEGO_10455_1_ergebnis.jpg?fit=600%2C600&ssl=1","contentUrl":"https:\/\/i0.wp.com\/shop24.dietz-ih.de\/wp-content\/uploads\/2025\/07\/LEGO_10455_1_ergebnis.jpg?fit=600%2C600&ssl=1","width":600,"height":600},{"@type":"BreadcrumbList","@id":"https:\/\/shop24.dietz-ih.de\/?product=lego-duplo-10455-annas-und-elsas-party-im-eispalast#breadcrumb","itemListElement":[{"@type":"ListItem","position":1,"name":"Startseite","item":"https:\/\/shop24.dietz-ih.de\/"},{"@type":"ListItem","position":2,"name":"Shop","item":"https:\/\/shop24.dietz-ih.de\/?page_id=7"},{"@type":"ListItem","position":3,"name":"LEGO\u00ae Duplo 10455 Annas und Elsas Party im Eispalast"}]},{"@type":"WebSite","@id":"https:\/\/shop24.dietz-ih.de\/#website","url":"https:\/\/shop24.dietz-ih.de\/","name":"Dietz-Internethandel","description":"","publisher":{"@id":"https:\/\/shop24.dietz-ih.de\/#organization"},"potentialAction":[{"@type":"SearchAction","target":{"@type":"EntryPoint","urlTemplate":"https:\/\/shop24.dietz-ih.de\/?s={search_term_string}"},"query-input":{"@type":"PropertyValueSpecification","valueRequired":true,"valueName":"search_term_string"}}],"inLanguage":"de"},{"@type":"Organization","@id":"https:\/\/shop24.dietz-ih.de\/#organization","name":"Dietz-Internethandel","url":"https:\/\/shop24.dietz-ih.de\/","logo":{"@type":"ImageObject","inLanguage":"de","@id":"https:\/\/shop24.dietz-ih.de\/#\/schema\/logo\/image\/","url":"https:\/\/i0.wp.com\/shop24.dietz-ih.de\/wp-content\/uploads\/2025\/06\/Ein-Logo-fuer-einen-Onlineshop-mit-Spielzeug.-Der-Buchstabe-D-soll-drauf-sein.-Farblich_-Gruen-Warmgelb-und-Lachs.-Und-bitte-als-ausgeschnittene-Datei-Photoroom-2.png?fit=1120%2C1120&ssl=1","contentUrl":"https:\/\/i0.wp.com\/shop24.dietz-ih.de\/wp-content\/uploads\/2025\/06\/Ein-Logo-fuer-einen-Onlineshop-mit-Spielzeug.-Der-Buchstabe-D-soll-drauf-sein.-Farblich_-Gruen-Warmgelb-und-Lachs.-Und-bitte-als-ausgeschnittene-Datei-Photoroom-2.png?fit=1120%2C1120&ssl=1","width":1120,"height":1120,"caption":"Dietz-Internethandel"},"image":{"@id":"https:\/\/shop24.dietz-ih.de\/#\/schema\/logo\/image\/"},"sameAs":["https:\/\/www.facebook.com\/profile.php?id=100081292915783","https:\/\/www.instagram.com\/dietz_internethandel\/"]}]}},"uagb_featured_image_src":{"full":["https:\/\/i0.wp.com\/shop24.dietz-ih.de\/wp-content\/uploads\/2025\/07\/LEGO_10455_1_ergebnis.jpg?fit=600%2C600&ssl=1",600,600,false],"thumbnail":["https:\/\/i0.wp.com\/shop24.dietz-ih.de\/wp-content\/uploads\/2025\/07\/LEGO_10455_1_ergebnis.jpg?resize=150%2C150&ssl=1",150,150,true],"medium":["https:\/\/i0.wp.com\/shop24.dietz-ih.de\/wp-content\/uploads\/2025\/07\/LEGO_10455_1_ergebnis.jpg?fit=300%2C300&ssl=1",300,300,true],"medium_large":["https:\/\/i0.wp.com\/shop24.dietz-ih.de\/wp-content\/uploads\/2025\/07\/LEGO_10455_1_ergebnis.jpg?fit=600%2C600&ssl=1",600,600,true],"large":["https:\/\/i0.wp.com\/shop24.dietz-ih.de\/wp-content\/uploads\/2025\/07\/LEGO_10455_1_ergebnis.jpg?fit=600%2C600&ssl=1",600,600,true],"gs-tiny":["https:\/\/i0.wp.com\/shop24.dietz-ih.de\/wp-content\/uploads\/2025\/07\/LEGO_10455_1_ergebnis.jpg?fit=50%2C50&ssl=1",50,50,true],"xl":["https:\/\/i0.wp.com\/shop24.dietz-ih.de\/wp-content\/uploads\/2025\/07\/LEGO_10455_1_ergebnis.jpg?fit=600%2C600&ssl=1",600,600,true],"xxl":["https:\/\/i0.wp.com\/shop24.dietz-ih.de\/wp-content\/uploads\/2025\/07\/LEGO_10455_1_ergebnis.jpg?fit=600%2C600&ssl=1",600,600,true],"xxxl":["https:\/\/i0.wp.com\/shop24.dietz-ih.de\/wp-content\/uploads\/2025\/07\/LEGO_10455_1_ergebnis.jpg?fit=600%2C600&ssl=1",600,600,true],"xxxxl":["https:\/\/i0.wp.com\/shop24.dietz-ih.de\/wp-content\/uploads\/2025\/07\/LEGO_10455_1_ergebnis.jpg?fit=600%2C600&ssl=1",600,600,true],"xxxxxl":["https:\/\/i0.wp.com\/shop24.dietz-ih.de\/wp-content\/uploads\/2025\/07\/LEGO_10455_1_ergebnis.jpg?fit=600%2C600&ssl=1",600,600,true],"1536x1536":["https:\/\/i0.wp.com\/shop24.dietz-ih.de\/wp-content\/uploads\/2025\/07\/LEGO_10455_1_ergebnis.jpg?fit=600%2C600&ssl=1",600,600,true],"2048x2048":["https:\/\/i0.wp.com\/shop24.dietz-ih.de\/wp-content\/uploads\/2025\/07\/LEGO_10455_1_ergebnis.jpg?fit=600%2C600&ssl=1",600,600,true],"woocommerce_thumbnail":["https:\/\/i0.wp.com\/shop24.dietz-ih.de\/wp-content\/uploads\/2025\/07\/LEGO_10455_1_ergebnis.jpg?resize=600%2C600&ssl=1",600,600,true],"woocommerce_single":["https:\/\/i0.wp.com\/shop24.dietz-ih.de\/wp-content\/uploads\/2025\/07\/LEGO_10455_1_ergebnis.jpg?fit=600%2C600&ssl=1",600,600,true],"woocommerce_gallery_thumbnail":["https:\/\/i0.wp.com\/shop24.dietz-ih.de\/wp-content\/uploads\/2025\/07\/LEGO_10455_1_ergebnis.jpg?resize=100%2C100&ssl=1",100,100,true]},"uagb_author_info":{"display_name":"admin","author_link":"https:\/\/shop24.dietz-ih.de\/?author=0"},"uagb_comment_info":0,"uagb_excerpt":"Erwecke die zauberhafte Welt von Arendelle zum Leben \u2013 mit dem LEGO\u00ae Duplo 10455 Annas und Elsas Party im Eispalast! Gemeinsam mit Elsa, Anna, Olaf und dem s\u00fc\u00dfen Rentier Sven erleben Kinder ab 2 Jahren liebevolle Abenteuer. Ob Rutschspa\u00df, Polarlichter oder Rollenspiele mit Tierpflege \u2013 dieses Set steckt voller Magie und Lernm\u00f6glichkeiten. Gro\u00dfe Bausteine, leuchtende&hellip;","jetpack_sharing_enabled":true,"_links":{"self":[{"href":"https:\/\/shop24.dietz-ih.de\/index.php?rest_route=\/wp\/v2\/product\/639","targetHints":{"allow":["GET"]}}],"collection":[{"href":"https:\/\/shop24.dietz-ih.de\/index.php?rest_route=\/wp\/v2\/product"}],"about":[{"href":"https:\/\/shop24.dietz-ih.de\/index.php?rest_route=\/wp\/v2\/types\/product"}],"replies":[{"embeddable":true,"href":"https:\/\/shop24.dietz-ih.de\/index.php?rest_route=%2Fwp%2Fv2%2Fcomments&post=639"}],"wp:featuredmedia":[{"embeddable":true,"href":"https:\/\/shop24.dietz-ih.de\/index.php?rest_route=\/wp\/v2\/media\/640"}],"wp:attachment":[{"href":"https:\/\/shop24.dietz-ih.de\/index.php?rest_route=%2Fwp%2Fv2%2Fmedia&parent=639"}],"wp:term":[{"taxonomy":"product_brand","embeddable":true,"href":"https:\/\/shop24.dietz-ih.de\/index.php?rest_route=%2Fwp%2Fv2%2Fproduct_brand&post=639"},{"taxonomy":"product_cat","embeddable":true,"href":"https:\/\/shop24.dietz-ih.de\/index.php?rest_route=%2Fwp%2Fv2%2Fproduct_cat&post=639"},{"taxonomy":"product_tag","embeddable":true,"href":"https:\/\/shop24.dietz-ih.de\/index.php?rest_route=%2Fwp%2Fv2%2Fproduct_tag&post=639"}],"curies":[{"name":"wp","href":"https:\/\/api.w.org\/{rel}","templated":true}]}}