{"id":860,"date":"2025-07-11T13:16:33","date_gmt":"2025-07-11T11:16:33","guid":{"rendered":"https:\/\/shop24.dietz-ih.de\/?post_type=product&#038;p=860"},"modified":"2026-01-19T13:11:31","modified_gmt":"2026-01-19T12:11:31","slug":"lego-disney-43257-angel","status":"publish","type":"product","link":"https:\/\/shop24.dietz-ih.de\/?product=lego-disney-43257-angel","title":{"rendered":"LEGO\u00ae Disney 43257 Angel"},"content":{"rendered":"<p data-start=\"0\" data-end=\"83\"><strong data-start=\"0\" data-end=\"81\">LEGO\u00ae Disney 43257 Angel \u2013 Magischer Bauspa\u00df aus der Welt von Lilo &amp; Stitch<\/strong><\/p>\n<p data-start=\"85\" data-end=\"375\">Tauche ein in die zauberhafte Welt von Lilo &amp; Stitch und erweitere deine Sammlung mit der niedlichen Alien-Figur <strong data-start=\"198\" data-end=\"207\">Angel<\/strong>! Diese baubare LEGO\u00ae | Disney Figur bringt nicht nur jede Menge Charme mit, sondern auch kreativen Bauspa\u00df f\u00fcr Kinder ab 9 Jahren und alle Fans der beliebten TV-Serie.<\/p>\n<p data-start=\"377\" data-end=\"828\">Angel ist nicht nur Stitches gro\u00dfe Liebe, sondern auch ein echter Hingucker: Mit <strong data-start=\"458\" data-end=\"479\">beweglichen Ohren<\/strong> und einem <strong data-start=\"490\" data-end=\"508\">drehbaren Kopf<\/strong> l\u00e4sst sich die Figur individuell in Szene setzen \u2013 ganz nach deinen Vorstellungen. Ob mit fr\u00f6hlich aufgestellten oder entspannt h\u00e4ngenden Ohren, Angel verzaubert in jeder Pose. Zus\u00e4tzlich kannst du sie mit einem <strong data-start=\"721\" data-end=\"745\">bunten Schmetterling<\/strong> oder <strong data-start=\"751\" data-end=\"778\">drei schwebenden Herzen<\/strong> verzieren \u2013 ein toller Blickfang f\u00fcr jedes Regal!<\/p>\n<p data-start=\"830\" data-end=\"1199\">Das Set enth\u00e4lt <strong data-start=\"846\" data-end=\"859\">784 Teile<\/strong> und bietet nicht nur kreatives Bauvergn\u00fcgen, sondern f\u00f6rdert spielerisch wichtige F\u00e4higkeiten wie Geduld, Feinmotorik und r\u00e4umliches Denken. Mit der <strong data-start=\"1009\" data-end=\"1042\">kostenlosen LEGO\u00ae Builder App<\/strong> wird der Aufbau zum intuitiven Erlebnis: Dein Kind kann den Baufortschritt verfolgen, das Modell in 3D betrachten und sogar drehen \u2013 das macht richtig Spa\u00df!<\/p>\n<p data-start=\"1201\" data-end=\"1455\">Angel eignet sich perfekt zum <strong data-start=\"1231\" data-end=\"1257\">Spielen und Ausstellen<\/strong> und ist eine liebevolle Geschenkidee f\u00fcr alle Disney-Fans. Ob zum Geburtstag, zu Weihnachten oder als kleine \u00dcberraschung zwischendurch \u2013 mit dieser Figur bringst du Aloha-Feeling ins Kinderzimmer.<\/p>\n<p data-start=\"1457\" data-end=\"1476\"><strong data-start=\"1457\" data-end=\"1476\">Produktdetails:<\/strong><\/p>\n<ul data-start=\"1477\" data-end=\"1800\">\n<li data-start=\"1477\" data-end=\"1580\">\n<p data-start=\"1479\" data-end=\"1580\">Enth\u00e4lt die baubare Figur Angel aus Lilo &amp; Stitch, inklusive Schmetterling und 3 schwebenden Herzen<\/p>\n<\/li>\n<li data-start=\"1581\" data-end=\"1634\">\n<p data-start=\"1583\" data-end=\"1634\">Bewegliche Teile: Kopf drehbar, Ohren verstellbar<\/p>\n<\/li>\n<li data-start=\"1635\" data-end=\"1667\">\n<p data-start=\"1637\" data-end=\"1667\">H\u00f6he (mit Herzen): ca. 25 cm<\/p>\n<\/li>\n<li data-start=\"1668\" data-end=\"1703\">\n<p data-start=\"1670\" data-end=\"1703\">Geeignet f\u00fcr Kinder ab 9 Jahren<\/p>\n<\/li>\n<li data-start=\"1704\" data-end=\"1742\">\n<p data-start=\"1706\" data-end=\"1742\">Perfekt zum Spielen und Ausstellen<\/p>\n<\/li>\n<li data-start=\"1743\" data-end=\"1800\">\n<p data-start=\"1745\" data-end=\"1800\">Unterst\u00fctzt die Entwicklung lebenswichtiger F\u00e4higkeiten<\/p>\n<\/li>\n<\/ul>\n<p data-start=\"1802\" data-end=\"1861\" data-is-last-node=\"\" data-is-only-node=\"\"><strong data-start=\"1802\" data-end=\"1861\" data-is-last-node=\"\">Baue, spiele und tr\u00e4ume \u2013 mit LEGO\u00ae Disney 43257 Angel!<\/strong><\/p>\n","protected":false},"excerpt":{"rendered":"<p data-start=\"0\" data-end=\"74\"><strong data-start=\"0\" data-end=\"74\">LEGO\u00ae Disney 43257 Angel Figur aus Lilo &amp; Stitch \u2013 Ein Herz voller Aloha<\/strong><\/p>\n<p data-start=\"76\" data-end=\"337\">Tauche ein in die liebevolle Welt von Lilo &amp; Stitch und erwecke mit der bezaubernden\u00a0<strong>LEGO\u00ae Disney 43257 Angel<\/strong>\u00a0pure Emotionen zum Leben. Angel ist nicht nur Stitches gro\u00dfe Liebe \u2013 sie ist ein Symbol f\u00fcr Freundschaft, Zusammenhalt und die Kraft des Herzens.<\/p>\n<p data-start=\"339\" data-end=\"658\">Mit liebevollen Details, beweglichen Ohren und einem drehbaren Kopf l\u00e4sst sich Angel ganz individuell gestalten. Drei schwebende Herzen oder ein zarter Schmetterling schm\u00fccken ihre Figur \u2013 ein Ausdruck ihrer Zartheit und Magie. Ob neugierig nach vorne blickend oder vertr\u00e4umt zur Seite \u2013 Angel verzaubert in jeder Pose.<\/p>\n<p data-start=\"660\" data-end=\"940\">Dieses Set bietet weit mehr als nur Bauvergn\u00fcgen: Es schenkt Kindern ab 9 Jahren einen Moment der Ruhe, Kreativit\u00e4t und des Tr\u00e4umens. Beim Zusammensetzen der 784 Teile entstehen nicht nur fantasievolle Welten, sondern auch emotionale Verbindungen zu einem liebenswerten Charakter.<\/p>\n<p data-start=\"942\" data-end=\"1047\">Angel ist ein ideales Geschenk f\u00fcr alle, die Disney lieben \u2013 und ein echter Hingucker f\u00fcr jedes Zimmer.<\/p>\n<p data-start=\"1049\" data-end=\"1183\" data-is-last-node=\"\" data-is-only-node=\"\"><strong data-start=\"1049\" data-end=\"1183\" data-is-last-node=\"\">Ein St\u00fcck Liebe. Ein Hauch Magie. Und ein kleines, rosafarbenes Alien, das Herzen h\u00f6her schlagen l\u00e4sst. Willkommen in Angels Welt.<\/strong><\/p>\n","protected":false},"featured_media":861,"comment_status":"open","ping_status":"closed","template":"","meta":{"_coblocks_attr":"","_coblocks_dimensions":"","_coblocks_responsive_height":"","_coblocks_accordion_ie_support":"","_eb_attr":"","_uag_custom_page_level_css":""},"product_brand":[158],"product_cat":[15],"product_tag":[160,262,163,161,369,162],"class_list":{"0":"post-860","1":"product","2":"type-product","3":"status-publish","4":"has-post-thumbnail","6":"product_brand-lego","7":"product_cat-lego","8":"product_tag-disney","9":"product_tag-disneylego","10":"product_tag-lego","11":"product_tag-lilo","12":"product_tag-lilo-stitch","13":"product_tag-stitch","15":"first","16":"outofstock","17":"taxable","18":"shipping-taxable","19":"purchasable","20":"product-type-simple"},"yoast_head":"<!-- This site is optimized with the Yoast SEO plugin v27.4 - https:\/\/yoast.com\/product\/yoast-seo-wordpress\/ -->\n<title>LEGO\u00ae Disney 43257 Angel - Dietz-Internethandel<\/title>\n<meta name=\"description\" content=\"Baue Angel aus Lilo &amp; Stitch mit LEGO\u00ae 43257! Beweglich, detailreich &amp; mit s\u00fc\u00dfen Extras \u2013 perfektes Geschenk f\u00fcr Disney-Fans ab 9 Jahren.\" \/>\n<meta name=\"robots\" content=\"index, follow, max-snippet:-1, max-image-preview:large, max-video-preview:-1\" \/>\n<link rel=\"canonical\" href=\"https:\/\/shop24.dietz-ih.de\/?product=lego-disney-43257-angel\" \/>\n<meta property=\"og:locale\" content=\"de_DE\" \/>\n<meta property=\"og:type\" content=\"article\" \/>\n<meta property=\"og:title\" content=\"LEGO\u00ae Disney 43257 Angel - Dietz-Internethandel\" \/>\n<meta property=\"og:description\" content=\"Baue Angel aus Lilo &amp; Stitch mit LEGO\u00ae 43257! Beweglich, detailreich &amp; mit s\u00fc\u00dfen Extras \u2013 perfektes Geschenk f\u00fcr Disney-Fans ab 9 Jahren.\" \/>\n<meta property=\"og:url\" content=\"https:\/\/shop24.dietz-ih.de\/?product=lego-disney-43257-angel\" \/>\n<meta property=\"og:site_name\" content=\"Dietz-Internethandel\" \/>\n<meta property=\"article:publisher\" content=\"https:\/\/www.facebook.com\/profile.php?id=100081292915783\" \/>\n<meta property=\"article:modified_time\" content=\"2026-01-19T12:11:31+00:00\" \/>\n<meta property=\"og:image\" content=\"https:\/\/shop24.dietz-ih.de\/wp-content\/uploads\/2025\/07\/LEGO_43257_1_ergebnis.jpg\" \/>\n\t<meta property=\"og:image:width\" content=\"600\" \/>\n\t<meta property=\"og:image:height\" content=\"600\" \/>\n\t<meta property=\"og:image:type\" content=\"image\/jpeg\" \/>\n<meta name=\"twitter:card\" content=\"summary_large_image\" \/>\n<meta name=\"twitter:label1\" content=\"Gesch\u00e4tzte Lesezeit\" \/>\n\t<meta name=\"twitter:data1\" content=\"2\u00a0Minuten\" \/>\n<script type=\"application\/ld+json\" class=\"yoast-schema-graph\">{\"@context\":\"https:\\\/\\\/schema.org\",\"@graph\":[{\"@type\":\"WebPage\",\"@id\":\"https:\\\/\\\/shop24.dietz-ih.de\\\/?product=lego-disney-43257-angel\",\"url\":\"https:\\\/\\\/shop24.dietz-ih.de\\\/?product=lego-disney-43257-angel\",\"name\":\"LEGO\u00ae Disney 43257 Angel - Dietz-Internethandel\",\"isPartOf\":{\"@id\":\"https:\\\/\\\/shop24.dietz-ih.de\\\/#website\"},\"primaryImageOfPage\":{\"@id\":\"https:\\\/\\\/shop24.dietz-ih.de\\\/?product=lego-disney-43257-angel#primaryimage\"},\"image\":{\"@id\":\"https:\\\/\\\/shop24.dietz-ih.de\\\/?product=lego-disney-43257-angel#primaryimage\"},\"thumbnailUrl\":\"https:\\\/\\\/i0.wp.com\\\/shop24.dietz-ih.de\\\/wp-content\\\/uploads\\\/2025\\\/07\\\/LEGO_43257_1_ergebnis.jpg?fit=600%2C600&ssl=1\",\"datePublished\":\"2025-07-11T11:16:33+00:00\",\"dateModified\":\"2026-01-19T12:11:31+00:00\",\"description\":\"Baue Angel aus Lilo & Stitch mit LEGO\u00ae 43257! Beweglich, detailreich & mit s\u00fc\u00dfen Extras \u2013 perfektes Geschenk f\u00fcr Disney-Fans ab 9 Jahren.\",\"breadcrumb\":{\"@id\":\"https:\\\/\\\/shop24.dietz-ih.de\\\/?product=lego-disney-43257-angel#breadcrumb\"},\"inLanguage\":\"de\",\"potentialAction\":[{\"@type\":\"ReadAction\",\"target\":[\"https:\\\/\\\/shop24.dietz-ih.de\\\/?product=lego-disney-43257-angel\"]}]},{\"@type\":\"ImageObject\",\"inLanguage\":\"de\",\"@id\":\"https:\\\/\\\/shop24.dietz-ih.de\\\/?product=lego-disney-43257-angel#primaryimage\",\"url\":\"https:\\\/\\\/i0.wp.com\\\/shop24.dietz-ih.de\\\/wp-content\\\/uploads\\\/2025\\\/07\\\/LEGO_43257_1_ergebnis.jpg?fit=600%2C600&ssl=1\",\"contentUrl\":\"https:\\\/\\\/i0.wp.com\\\/shop24.dietz-ih.de\\\/wp-content\\\/uploads\\\/2025\\\/07\\\/LEGO_43257_1_ergebnis.jpg?fit=600%2C600&ssl=1\",\"width\":600,\"height\":600},{\"@type\":\"BreadcrumbList\",\"@id\":\"https:\\\/\\\/shop24.dietz-ih.de\\\/?product=lego-disney-43257-angel#breadcrumb\",\"itemListElement\":[{\"@type\":\"ListItem\",\"position\":1,\"name\":\"Startseite\",\"item\":\"https:\\\/\\\/shop24.dietz-ih.de\\\/\"},{\"@type\":\"ListItem\",\"position\":2,\"name\":\"Shop\",\"item\":\"https:\\\/\\\/shop24.dietz-ih.de\\\/?page_id=7\"},{\"@type\":\"ListItem\",\"position\":3,\"name\":\"LEGO\u00ae Disney 43257 Angel\"}]},{\"@type\":\"WebSite\",\"@id\":\"https:\\\/\\\/shop24.dietz-ih.de\\\/#website\",\"url\":\"https:\\\/\\\/shop24.dietz-ih.de\\\/\",\"name\":\"Dietz-Internethandel\",\"description\":\"\",\"publisher\":{\"@id\":\"https:\\\/\\\/shop24.dietz-ih.de\\\/#organization\"},\"potentialAction\":[{\"@type\":\"SearchAction\",\"target\":{\"@type\":\"EntryPoint\",\"urlTemplate\":\"https:\\\/\\\/shop24.dietz-ih.de\\\/?s={search_term_string}\"},\"query-input\":{\"@type\":\"PropertyValueSpecification\",\"valueRequired\":true,\"valueName\":\"search_term_string\"}}],\"inLanguage\":\"de\"},{\"@type\":\"Organization\",\"@id\":\"https:\\\/\\\/shop24.dietz-ih.de\\\/#organization\",\"name\":\"Dietz-Internethandel\",\"url\":\"https:\\\/\\\/shop24.dietz-ih.de\\\/\",\"logo\":{\"@type\":\"ImageObject\",\"inLanguage\":\"de\",\"@id\":\"https:\\\/\\\/shop24.dietz-ih.de\\\/#\\\/schema\\\/logo\\\/image\\\/\",\"url\":\"https:\\\/\\\/i0.wp.com\\\/shop24.dietz-ih.de\\\/wp-content\\\/uploads\\\/2025\\\/06\\\/Ein-Logo-fuer-einen-Onlineshop-mit-Spielzeug.-Der-Buchstabe-D-soll-drauf-sein.-Farblich_-Gruen-Warmgelb-und-Lachs.-Und-bitte-als-ausgeschnittene-Datei-Photoroom-2.png?fit=1120%2C1120&ssl=1\",\"contentUrl\":\"https:\\\/\\\/i0.wp.com\\\/shop24.dietz-ih.de\\\/wp-content\\\/uploads\\\/2025\\\/06\\\/Ein-Logo-fuer-einen-Onlineshop-mit-Spielzeug.-Der-Buchstabe-D-soll-drauf-sein.-Farblich_-Gruen-Warmgelb-und-Lachs.-Und-bitte-als-ausgeschnittene-Datei-Photoroom-2.png?fit=1120%2C1120&ssl=1\",\"width\":1120,\"height\":1120,\"caption\":\"Dietz-Internethandel\"},\"image\":{\"@id\":\"https:\\\/\\\/shop24.dietz-ih.de\\\/#\\\/schema\\\/logo\\\/image\\\/\"},\"sameAs\":[\"https:\\\/\\\/www.facebook.com\\\/profile.php?id=100081292915783\",\"https:\\\/\\\/www.instagram.com\\\/dietz_internethandel\\\/\"]}]}<\/script>\n<!-- \/ Yoast SEO plugin. -->","yoast_head_json":{"title":"LEGO\u00ae Disney 43257 Angel - Dietz-Internethandel","description":"Baue Angel aus Lilo & Stitch mit LEGO\u00ae 43257! Beweglich, detailreich & mit s\u00fc\u00dfen Extras \u2013 perfektes Geschenk f\u00fcr Disney-Fans ab 9 Jahren.","robots":{"index":"index","follow":"follow","max-snippet":"max-snippet:-1","max-image-preview":"max-image-preview:large","max-video-preview":"max-video-preview:-1"},"canonical":"https:\/\/shop24.dietz-ih.de\/?product=lego-disney-43257-angel","og_locale":"de_DE","og_type":"article","og_title":"LEGO\u00ae Disney 43257 Angel - Dietz-Internethandel","og_description":"Baue Angel aus Lilo & Stitch mit LEGO\u00ae 43257! Beweglich, detailreich & mit s\u00fc\u00dfen Extras \u2013 perfektes Geschenk f\u00fcr Disney-Fans ab 9 Jahren.","og_url":"https:\/\/shop24.dietz-ih.de\/?product=lego-disney-43257-angel","og_site_name":"Dietz-Internethandel","article_publisher":"https:\/\/www.facebook.com\/profile.php?id=100081292915783","article_modified_time":"2026-01-19T12:11:31+00:00","og_image":[{"width":600,"height":600,"url":"https:\/\/shop24.dietz-ih.de\/wp-content\/uploads\/2025\/07\/LEGO_43257_1_ergebnis.jpg","type":"image\/jpeg"}],"twitter_card":"summary_large_image","twitter_misc":{"Gesch\u00e4tzte Lesezeit":"2\u00a0Minuten"},"schema":{"@context":"https:\/\/schema.org","@graph":[{"@type":"WebPage","@id":"https:\/\/shop24.dietz-ih.de\/?product=lego-disney-43257-angel","url":"https:\/\/shop24.dietz-ih.de\/?product=lego-disney-43257-angel","name":"LEGO\u00ae Disney 43257 Angel - Dietz-Internethandel","isPartOf":{"@id":"https:\/\/shop24.dietz-ih.de\/#website"},"primaryImageOfPage":{"@id":"https:\/\/shop24.dietz-ih.de\/?product=lego-disney-43257-angel#primaryimage"},"image":{"@id":"https:\/\/shop24.dietz-ih.de\/?product=lego-disney-43257-angel#primaryimage"},"thumbnailUrl":"https:\/\/i0.wp.com\/shop24.dietz-ih.de\/wp-content\/uploads\/2025\/07\/LEGO_43257_1_ergebnis.jpg?fit=600%2C600&ssl=1","datePublished":"2025-07-11T11:16:33+00:00","dateModified":"2026-01-19T12:11:31+00:00","description":"Baue Angel aus Lilo & Stitch mit LEGO\u00ae 43257! Beweglich, detailreich & mit s\u00fc\u00dfen Extras \u2013 perfektes Geschenk f\u00fcr Disney-Fans ab 9 Jahren.","breadcrumb":{"@id":"https:\/\/shop24.dietz-ih.de\/?product=lego-disney-43257-angel#breadcrumb"},"inLanguage":"de","potentialAction":[{"@type":"ReadAction","target":["https:\/\/shop24.dietz-ih.de\/?product=lego-disney-43257-angel"]}]},{"@type":"ImageObject","inLanguage":"de","@id":"https:\/\/shop24.dietz-ih.de\/?product=lego-disney-43257-angel#primaryimage","url":"https:\/\/i0.wp.com\/shop24.dietz-ih.de\/wp-content\/uploads\/2025\/07\/LEGO_43257_1_ergebnis.jpg?fit=600%2C600&ssl=1","contentUrl":"https:\/\/i0.wp.com\/shop24.dietz-ih.de\/wp-content\/uploads\/2025\/07\/LEGO_43257_1_ergebnis.jpg?fit=600%2C600&ssl=1","width":600,"height":600},{"@type":"BreadcrumbList","@id":"https:\/\/shop24.dietz-ih.de\/?product=lego-disney-43257-angel#breadcrumb","itemListElement":[{"@type":"ListItem","position":1,"name":"Startseite","item":"https:\/\/shop24.dietz-ih.de\/"},{"@type":"ListItem","position":2,"name":"Shop","item":"https:\/\/shop24.dietz-ih.de\/?page_id=7"},{"@type":"ListItem","position":3,"name":"LEGO\u00ae Disney 43257 Angel"}]},{"@type":"WebSite","@id":"https:\/\/shop24.dietz-ih.de\/#website","url":"https:\/\/shop24.dietz-ih.de\/","name":"Dietz-Internethandel","description":"","publisher":{"@id":"https:\/\/shop24.dietz-ih.de\/#organization"},"potentialAction":[{"@type":"SearchAction","target":{"@type":"EntryPoint","urlTemplate":"https:\/\/shop24.dietz-ih.de\/?s={search_term_string}"},"query-input":{"@type":"PropertyValueSpecification","valueRequired":true,"valueName":"search_term_string"}}],"inLanguage":"de"},{"@type":"Organization","@id":"https:\/\/shop24.dietz-ih.de\/#organization","name":"Dietz-Internethandel","url":"https:\/\/shop24.dietz-ih.de\/","logo":{"@type":"ImageObject","inLanguage":"de","@id":"https:\/\/shop24.dietz-ih.de\/#\/schema\/logo\/image\/","url":"https:\/\/i0.wp.com\/shop24.dietz-ih.de\/wp-content\/uploads\/2025\/06\/Ein-Logo-fuer-einen-Onlineshop-mit-Spielzeug.-Der-Buchstabe-D-soll-drauf-sein.-Farblich_-Gruen-Warmgelb-und-Lachs.-Und-bitte-als-ausgeschnittene-Datei-Photoroom-2.png?fit=1120%2C1120&ssl=1","contentUrl":"https:\/\/i0.wp.com\/shop24.dietz-ih.de\/wp-content\/uploads\/2025\/06\/Ein-Logo-fuer-einen-Onlineshop-mit-Spielzeug.-Der-Buchstabe-D-soll-drauf-sein.-Farblich_-Gruen-Warmgelb-und-Lachs.-Und-bitte-als-ausgeschnittene-Datei-Photoroom-2.png?fit=1120%2C1120&ssl=1","width":1120,"height":1120,"caption":"Dietz-Internethandel"},"image":{"@id":"https:\/\/shop24.dietz-ih.de\/#\/schema\/logo\/image\/"},"sameAs":["https:\/\/www.facebook.com\/profile.php?id=100081292915783","https:\/\/www.instagram.com\/dietz_internethandel\/"]}]}},"uagb_featured_image_src":{"full":["https:\/\/i0.wp.com\/shop24.dietz-ih.de\/wp-content\/uploads\/2025\/07\/LEGO_43257_1_ergebnis.jpg?fit=600%2C600&ssl=1",600,600,false],"thumbnail":["https:\/\/i0.wp.com\/shop24.dietz-ih.de\/wp-content\/uploads\/2025\/07\/LEGO_43257_1_ergebnis.jpg?resize=150%2C150&ssl=1",150,150,true],"medium":["https:\/\/i0.wp.com\/shop24.dietz-ih.de\/wp-content\/uploads\/2025\/07\/LEGO_43257_1_ergebnis.jpg?fit=300%2C300&ssl=1",300,300,true],"medium_large":["https:\/\/i0.wp.com\/shop24.dietz-ih.de\/wp-content\/uploads\/2025\/07\/LEGO_43257_1_ergebnis.jpg?fit=600%2C600&ssl=1",600,600,true],"large":["https:\/\/i0.wp.com\/shop24.dietz-ih.de\/wp-content\/uploads\/2025\/07\/LEGO_43257_1_ergebnis.jpg?fit=600%2C600&ssl=1",600,600,true],"gs-tiny":["https:\/\/i0.wp.com\/shop24.dietz-ih.de\/wp-content\/uploads\/2025\/07\/LEGO_43257_1_ergebnis.jpg?fit=50%2C50&ssl=1",50,50,true],"xl":["https:\/\/i0.wp.com\/shop24.dietz-ih.de\/wp-content\/uploads\/2025\/07\/LEGO_43257_1_ergebnis.jpg?fit=600%2C600&ssl=1",600,600,true],"xxl":["https:\/\/i0.wp.com\/shop24.dietz-ih.de\/wp-content\/uploads\/2025\/07\/LEGO_43257_1_ergebnis.jpg?fit=600%2C600&ssl=1",600,600,true],"xxxl":["https:\/\/i0.wp.com\/shop24.dietz-ih.de\/wp-content\/uploads\/2025\/07\/LEGO_43257_1_ergebnis.jpg?fit=600%2C600&ssl=1",600,600,true],"xxxxl":["https:\/\/i0.wp.com\/shop24.dietz-ih.de\/wp-content\/uploads\/2025\/07\/LEGO_43257_1_ergebnis.jpg?fit=600%2C600&ssl=1",600,600,true],"xxxxxl":["https:\/\/i0.wp.com\/shop24.dietz-ih.de\/wp-content\/uploads\/2025\/07\/LEGO_43257_1_ergebnis.jpg?fit=600%2C600&ssl=1",600,600,true],"1536x1536":["https:\/\/i0.wp.com\/shop24.dietz-ih.de\/wp-content\/uploads\/2025\/07\/LEGO_43257_1_ergebnis.jpg?fit=600%2C600&ssl=1",600,600,true],"2048x2048":["https:\/\/i0.wp.com\/shop24.dietz-ih.de\/wp-content\/uploads\/2025\/07\/LEGO_43257_1_ergebnis.jpg?fit=600%2C600&ssl=1",600,600,true],"woocommerce_thumbnail":["https:\/\/i0.wp.com\/shop24.dietz-ih.de\/wp-content\/uploads\/2025\/07\/LEGO_43257_1_ergebnis.jpg?resize=600%2C600&ssl=1",600,600,true],"woocommerce_single":["https:\/\/i0.wp.com\/shop24.dietz-ih.de\/wp-content\/uploads\/2025\/07\/LEGO_43257_1_ergebnis.jpg?fit=600%2C600&ssl=1",600,600,true],"woocommerce_gallery_thumbnail":["https:\/\/i0.wp.com\/shop24.dietz-ih.de\/wp-content\/uploads\/2025\/07\/LEGO_43257_1_ergebnis.jpg?resize=100%2C100&ssl=1",100,100,true]},"uagb_author_info":{"display_name":"admin","author_link":"https:\/\/shop24.dietz-ih.de\/?author=0"},"uagb_comment_info":0,"uagb_excerpt":"LEGO\u00ae Disney 43257 Angel Figur aus Lilo &amp; Stitch \u2013 Ein Herz voller Aloha Tauche ein in die liebevolle Welt von Lilo &amp; Stitch und erwecke mit der bezaubernden\u00a0LEGO\u00ae Disney 43257 Angel\u00a0pure Emotionen zum Leben. Angel ist nicht nur Stitches gro\u00dfe Liebe \u2013 sie ist ein Symbol f\u00fcr Freundschaft, Zusammenhalt und die Kraft des Herzens.&hellip;","jetpack_sharing_enabled":true,"_links":{"self":[{"href":"https:\/\/shop24.dietz-ih.de\/index.php?rest_route=\/wp\/v2\/product\/860","targetHints":{"allow":["GET"]}}],"collection":[{"href":"https:\/\/shop24.dietz-ih.de\/index.php?rest_route=\/wp\/v2\/product"}],"about":[{"href":"https:\/\/shop24.dietz-ih.de\/index.php?rest_route=\/wp\/v2\/types\/product"}],"replies":[{"embeddable":true,"href":"https:\/\/shop24.dietz-ih.de\/index.php?rest_route=%2Fwp%2Fv2%2Fcomments&post=860"}],"wp:featuredmedia":[{"embeddable":true,"href":"https:\/\/shop24.dietz-ih.de\/index.php?rest_route=\/wp\/v2\/media\/861"}],"wp:attachment":[{"href":"https:\/\/shop24.dietz-ih.de\/index.php?rest_route=%2Fwp%2Fv2%2Fmedia&parent=860"}],"wp:term":[{"taxonomy":"product_brand","embeddable":true,"href":"https:\/\/shop24.dietz-ih.de\/index.php?rest_route=%2Fwp%2Fv2%2Fproduct_brand&post=860"},{"taxonomy":"product_cat","embeddable":true,"href":"https:\/\/shop24.dietz-ih.de\/index.php?rest_route=%2Fwp%2Fv2%2Fproduct_cat&post=860"},{"taxonomy":"product_tag","embeddable":true,"href":"https:\/\/shop24.dietz-ih.de\/index.php?rest_route=%2Fwp%2Fv2%2Fproduct_tag&post=860"}],"curies":[{"name":"wp","href":"https:\/\/api.w.org\/{rel}","templated":true}]}}